{"id":849,"date":"2021-06-29T22:51:49","date_gmt":"2021-06-30T01:51:49","guid":{"rendered":"https:\/\/wp.ufpel.edu.br\/numat\/?page_id=849"},"modified":"2021-07-07T17:44:10","modified_gmt":"2021-07-07T20:44:10","slug":"aquisicoes-covid-19","status":"publish","type":"page","link":"https:\/\/wp.ufpel.edu.br\/numat\/aquisicoes-covid-19\/","title":{"rendered":"Aquisi\u00e7\u00f5es COVID-19"},"content":{"rendered":"<p>Para consultar as aquisi\u00e7\u00f5es realizadas para enfrentamento a COVID-19, basta acessar o link abaixo, e informar no campo \u2018Unidade Respons\u00e1vel (UASG)\u2019 o n\u00famero <strong>154047 (Universidade Federal de Pelotas)<\/strong> e clique em &#8216;SOMENTE&#8217;:<\/p>\n<p>Link para acesso: <a href=\"https:\/\/www.gov.br\/compras\/pt-br\/painel-covid\" target=\"_blank\" rel=\"noopener\">Portal de Compras do Governo Federal<\/a><\/p>\n","protected":false},"excerpt":{"rendered":"<p>Para consultar as aquisi\u00e7\u00f5es realizadas para enfrentamento a COVID-19, basta acessar o link abaixo, e informar no campo \u2018Unidade Respons\u00e1vel (UASG)\u2019 o n\u00famero 154047 (Universidade Federal de Pelotas) e clique em &#8216;SOMENTE&#8217;: Link para acesso: Portal de Compras do Governo Federal<\/p>\n","protected":false},"author":843,"featured_media":0,"parent":0,"menu_order":0,"comment_status":"closed","ping_status":"closed","template":"","meta":{"footnotes":""},"class_list":["post-849","page","type-page","status-publish","hentry"],"_links":{"self":[{"href":"https:\/\/wp.ufpel.edu.br\/numat\/wp-json\/wp\/v2\/pages\/849","targetHints":{"allow":["GET"]}}],"collection":[{"href":"https:\/\/wp.ufpel.edu.br\/numat\/wp-json\/wp\/v2\/pages"}],"about":[{"href":"https:\/\/wp.ufpel.edu.br\/numat\/wp-json\/wp\/v2\/types\/page"}],"author":[{"embeddable":true,"href":"https:\/\/wp.ufpel.edu.br\/numat\/wp-json\/wp\/v2\/users\/843"}],"replies":[{"embeddable":true,"href":"https:\/\/wp.ufpel.edu.br\/numat\/wp-json\/wp\/v2\/comments?post=849"}],"version-history":[{"count":3,"href":"https:\/\/wp.ufpel.edu.br\/numat\/wp-json\/wp\/v2\/pages\/849\/revisions"}],"predecessor-version":[{"id":897,"href":"https:\/\/wp.ufpel.edu.br\/numat\/wp-json\/wp\/v2\/pages\/849\/revisions\/897"}],"wp:attachment":[{"href":"https:\/\/wp.ufpel.edu.br\/numat\/wp-json\/wp\/v2\/media?parent=849"}],"curies":[{"name":"wp","href":"https:\/\/api.w.org\/{rel}","templated":true}]}}