{"id":7,"date":"2018-04-13T10:25:43","date_gmt":"2018-04-13T13:25:43","guid":{"rendered":"https:\/\/wp.ufpel.edu.br\/numat\/?page_id=7"},"modified":"2026-02-18T18:24:44","modified_gmt":"2026-02-18T21:24:44","slug":"agenda-de-compras","status":"publish","type":"page","link":"https:\/\/wp.ufpel.edu.br\/numat\/agenda-de-compras\/","title":{"rendered":"Agenda de Compras"},"content":{"rendered":"<p><strong><a href=\"https:\/\/wp.ufpel.edu.br\/numat\/files\/2026\/02\/Agenda_de_Compras_2026_GERAL.pdf\" target=\"_blank\" rel=\"noopener\">Agenda de Compras\u00a0 GERAL <\/a><a href=\"https:\/\/wp.ufpel.edu.br\/numat\/files\/2026\/02\/Agenda_de_Compras_2026_GERAL.pdf\" target=\"_blank\" rel=\"noopener\">2026<\/a><\/strong><\/p>\n<p><a href=\"https:\/\/wp.ufpel.edu.br\/numat\/files\/2026\/02\/Agenda_de_Compras_2026_PROPLAD.pdf\" target=\"_blank\" rel=\"noopener\"><strong>Agenda de Compras PROPLAD 2026<\/strong><\/a><\/p>\n<p><strong><a href=\"https:\/\/wp.ufpel.edu.br\/numat\/files\/2026\/02\/Agenda_de_Compras_2026_SRP.pdf\" target=\"_blank\" rel=\"noopener\">Agenda de Compras Preg\u00f5es SRP 2026<\/a><\/strong><\/p>\n<p>&nbsp;<\/p>\n<p>Informamos que o site do N\u00facleo de Material disponibiliza diversos <a href=\"https:\/\/wp.ufpel.edu.br\/numat\/tutoriais\/\" target=\"_blank\" rel=\"noopener\">tutoriais<\/a> contendo orienta\u00e7\u00f5es sobre os procedimentos de Compras e Contrata\u00e7\u00f5es no \u00e2mbito da UFPel. Esse conte\u00fado \u00e9 atualizado periodicamente, sempre que necess\u00e1rio, com o objetivo de manter as informa\u00e7\u00f5es alinhadas \u00e0s normas e pr\u00e1ticas vigentes.<\/p>\n<p>&nbsp;<\/p>\n","protected":false},"excerpt":{"rendered":"<p>Agenda de Compras\u00a0 GERAL 2026 Agenda de Compras PROPLAD 2026 Agenda de Compras Preg\u00f5es SRP 2026 &nbsp; Informamos que o site do N\u00facleo de Material disponibiliza diversos tutoriais contendo orienta\u00e7\u00f5es sobre os procedimentos de Compras e Contrata\u00e7\u00f5es no \u00e2mbito da UFPel. Esse conte\u00fado \u00e9 atualizado periodicamente, sempre que necess\u00e1rio, com o objetivo de manter as [&hellip;]<\/p>\n","protected":false},"author":667,"featured_media":0,"parent":0,"menu_order":0,"comment_status":"closed","ping_status":"closed","template":"","meta":{"footnotes":""},"class_list":["post-7","page","type-page","status-publish","hentry"],"_links":{"self":[{"href":"https:\/\/wp.ufpel.edu.br\/numat\/wp-json\/wp\/v2\/pages\/7","targetHints":{"allow":["GET"]}}],"collection":[{"href":"https:\/\/wp.ufpel.edu.br\/numat\/wp-json\/wp\/v2\/pages"}],"about":[{"href":"https:\/\/wp.ufpel.edu.br\/numat\/wp-json\/wp\/v2\/types\/page"}],"author":[{"embeddable":true,"href":"https:\/\/wp.ufpel.edu.br\/numat\/wp-json\/wp\/v2\/users\/667"}],"replies":[{"embeddable":true,"href":"https:\/\/wp.ufpel.edu.br\/numat\/wp-json\/wp\/v2\/comments?post=7"}],"version-history":[{"count":3,"href":"https:\/\/wp.ufpel.edu.br\/numat\/wp-json\/wp\/v2\/pages\/7\/revisions"}],"predecessor-version":[{"id":1657,"href":"https:\/\/wp.ufpel.edu.br\/numat\/wp-json\/wp\/v2\/pages\/7\/revisions\/1657"}],"wp:attachment":[{"href":"https:\/\/wp.ufpel.edu.br\/numat\/wp-json\/wp\/v2\/media?parent=7"}],"curies":[{"name":"wp","href":"https:\/\/api.w.org\/{rel}","templated":true}]}}