{"id":28,"date":"2018-04-13T10:28:32","date_gmt":"2018-04-13T13:28:32","guid":{"rendered":"https:\/\/wp.ufpel.edu.br\/numat\/?page_id=28"},"modified":"2021-07-07T17:49:37","modified_gmt":"2021-07-07T20:49:37","slug":"legislacao","status":"publish","type":"page","link":"https:\/\/wp.ufpel.edu.br\/numat\/legislacao\/","title":{"rendered":"Legisla\u00e7\u00e3o"},"content":{"rendered":"<p><a href=\"http:\/\/www.planalto.gov.br\/ccivil_03\/leis\/L8666compilado.htm\">Lei 8.666\/93 &#8211;\u00a0licita\u00e7\u00f5es e contratos da Administra\u00e7\u00e3o P\u00fablica e d\u00e1 outras provid\u00eancias<\/a><\/p>\n<p><a href=\"http:\/\/www.planalto.gov.br\/ccivil_03\/leis\/2002\/L10520.htm\">Lei 10.520\/02 &#8211;\u00a0Modalidade de licita\u00e7\u00e3o denominada preg\u00e3o, para aquisi\u00e7\u00e3o de bens e servi\u00e7os comuns<\/a><\/p>\n<p><a href=\"https:\/\/www.in.gov.br\/materia\/-\/asset_publisher\/Kujrw0TZC2Mb\/content\/id\/59109742\/do1e-2019-01-11-instrucao-normativa-n-1-de-10-de-janeiro-de-2019-59109733\">IN n\u00ba 1, de 10 de janeiro de 2019 &#8211; Disp\u00f5e sobre o Plano Anual de Contrata\u00e7\u00f5es<\/a><\/p>\n<p><a href=\"https:\/\/www.in.gov.br\/en\/web\/dou\/-\/instrucao-normativa-n-40-de-22-de-maio-de-2020-258465807\">IN n\u00ba 40, de 22 de maio de 2020 &#8211; Disp\u00f5e sobre a elabora\u00e7\u00e3o dos Estudos T\u00e9cnicos Preliminares<\/a><\/p>\n<p><a href=\"https:\/\/www.in.gov.br\/en\/web\/dou\/-\/instrucao-normativa-n-73-de-5-de-agosto-de-2020-270711836\" target=\"_blank\" rel=\"noopener\">IN n\u00ba073, de 05 de agosto de 2020 &#8211; Disp\u00f5es sobre o procedimento administrativo para realiza\u00e7\u00e3o de pesquisa de pre\u00e7o<\/a><\/p>\n<p>&nbsp;<\/p>\n","protected":false},"excerpt":{"rendered":"<p>Lei 8.666\/93 &#8211;\u00a0licita\u00e7\u00f5es e contratos da Administra\u00e7\u00e3o P\u00fablica e d\u00e1 outras provid\u00eancias Lei 10.520\/02 &#8211;\u00a0Modalidade de licita\u00e7\u00e3o denominada preg\u00e3o, para aquisi\u00e7\u00e3o de bens e servi\u00e7os comuns IN n\u00ba 1, de 10 de janeiro de 2019 &#8211; Disp\u00f5e sobre o Plano Anual de Contrata\u00e7\u00f5es IN n\u00ba 40, de 22 de maio de 2020 &#8211; Disp\u00f5e sobre [&hellip;]<\/p>\n","protected":false},"author":667,"featured_media":0,"parent":0,"menu_order":0,"comment_status":"closed","ping_status":"closed","template":"","meta":{"footnotes":""},"class_list":["post-28","page","type-page","status-publish","hentry"],"_links":{"self":[{"href":"https:\/\/wp.ufpel.edu.br\/numat\/wp-json\/wp\/v2\/pages\/28","targetHints":{"allow":["GET"]}}],"collection":[{"href":"https:\/\/wp.ufpel.edu.br\/numat\/wp-json\/wp\/v2\/pages"}],"about":[{"href":"https:\/\/wp.ufpel.edu.br\/numat\/wp-json\/wp\/v2\/types\/page"}],"author":[{"embeddable":true,"href":"https:\/\/wp.ufpel.edu.br\/numat\/wp-json\/wp\/v2\/users\/667"}],"replies":[{"embeddable":true,"href":"https:\/\/wp.ufpel.edu.br\/numat\/wp-json\/wp\/v2\/comments?post=28"}],"version-history":[{"count":8,"href":"https:\/\/wp.ufpel.edu.br\/numat\/wp-json\/wp\/v2\/pages\/28\/revisions"}],"predecessor-version":[{"id":913,"href":"https:\/\/wp.ufpel.edu.br\/numat\/wp-json\/wp\/v2\/pages\/28\/revisions\/913"}],"wp:attachment":[{"href":"https:\/\/wp.ufpel.edu.br\/numat\/wp-json\/wp\/v2\/media?parent=28"}],"curies":[{"name":"wp","href":"https:\/\/api.w.org\/{rel}","templated":true}]}}