{"id":22,"date":"2018-04-13T10:27:57","date_gmt":"2018-04-13T13:27:57","guid":{"rendered":"https:\/\/wp.ufpel.edu.br\/numat\/?page_id=22"},"modified":"2021-08-13T17:19:22","modified_gmt":"2021-08-13T20:19:22","slug":"formularios-para-pedidos","status":"publish","type":"page","link":"https:\/\/wp.ufpel.edu.br\/numat\/formularios\/formularios-para-pedidos\/","title":{"rendered":"Formul\u00e1rios para Pedidos"},"content":{"rendered":"<p><span style=\"color: #000000\">Com a implementa\u00e7\u00e3o do SEI ocorreram algumas altera\u00e7\u00f5es nas rotinas de envio dos pedidos \u00e0 CMP que j\u00e1 foram atualizadas nos <\/span><span style=\"color: #0000ff\"><a style=\"color: #0000ff\" href=\"https:\/\/wp.ufpel.edu.br\/numat\/tutoriais\/\">tutoriais<\/a><\/span>.<\/p>\n<p><strong><span style=\"color: #000000\">Preg\u00f5es Novos:<\/span><br \/>\n<\/strong><span style=\"color: #0000ff\"><a style=\"color: #0000ff\" href=\"https:\/\/cobalto.ufpel.edu.br\/\"><span style=\"color: #0000ff\">Solicita\u00e7\u00e3o Novas Aquisi\u00e7\u00f5es (Cobalto)<\/span><\/a><\/span><\/p>\n<p><strong><span style=\"color: #000000\">Preg\u00f5es Vigentes:<\/span><br \/>\n<\/strong><a href=\"https:\/\/cobalto.ufpel.edu.br\/\"><span style=\"color: #0000ff\">Solicita\u00e7\u00e3o PE SRP Vigente (Cobalto)<\/span><\/a><strong><br \/>\n<\/strong><\/p>\n<p>&nbsp;<\/p>\n<p>&nbsp;<\/p>\n<p>&nbsp;<\/p>\n<p>&nbsp;<\/p>\n<p>&nbsp;<\/p>\n<p>&nbsp;<\/p>\n<p>&nbsp;<\/p>\n<p>&nbsp;<\/p>\n","protected":false},"excerpt":{"rendered":"<p>Com a implementa\u00e7\u00e3o do SEI ocorreram algumas altera\u00e7\u00f5es nas rotinas de envio dos pedidos \u00e0 CMP que j\u00e1 foram atualizadas nos tutoriais. Preg\u00f5es Novos: Solicita\u00e7\u00e3o Novas Aquisi\u00e7\u00f5es (Cobalto) Preg\u00f5es Vigentes: Solicita\u00e7\u00e3o PE SRP Vigente (Cobalto) &nbsp; &nbsp; &nbsp; &nbsp; &nbsp; &nbsp; &nbsp; &nbsp;<\/p>\n","protected":false},"author":667,"featured_media":0,"parent":65,"menu_order":0,"comment_status":"closed","ping_status":"closed","template":"","meta":{"footnotes":""},"class_list":["post-22","page","type-page","status-publish","hentry"],"_links":{"self":[{"href":"https:\/\/wp.ufpel.edu.br\/numat\/wp-json\/wp\/v2\/pages\/22","targetHints":{"allow":["GET"]}}],"collection":[{"href":"https:\/\/wp.ufpel.edu.br\/numat\/wp-json\/wp\/v2\/pages"}],"about":[{"href":"https:\/\/wp.ufpel.edu.br\/numat\/wp-json\/wp\/v2\/types\/page"}],"author":[{"embeddable":true,"href":"https:\/\/wp.ufpel.edu.br\/numat\/wp-json\/wp\/v2\/users\/667"}],"replies":[{"embeddable":true,"href":"https:\/\/wp.ufpel.edu.br\/numat\/wp-json\/wp\/v2\/comments?post=22"}],"version-history":[{"count":11,"href":"https:\/\/wp.ufpel.edu.br\/numat\/wp-json\/wp\/v2\/pages\/22\/revisions"}],"predecessor-version":[{"id":955,"href":"https:\/\/wp.ufpel.edu.br\/numat\/wp-json\/wp\/v2\/pages\/22\/revisions\/955"}],"up":[{"embeddable":true,"href":"https:\/\/wp.ufpel.edu.br\/numat\/wp-json\/wp\/v2\/pages\/65"}],"wp:attachment":[{"href":"https:\/\/wp.ufpel.edu.br\/numat\/wp-json\/wp\/v2\/media?parent=22"}],"curies":[{"name":"wp","href":"https:\/\/api.w.org\/{rel}","templated":true}]}}