{"id":1334,"date":"2023-07-13T17:23:02","date_gmt":"2023-07-13T20:23:02","guid":{"rendered":"https:\/\/wp.ufpel.edu.br\/numat\/?page_id=1334"},"modified":"2025-09-25T08:48:03","modified_gmt":"2025-09-25T11:48:03","slug":"dispensa-eletronica","status":"publish","type":"page","link":"https:\/\/wp.ufpel.edu.br\/numat\/dispensa-eletronica\/","title":{"rendered":"Dispensa Eletr\u00f4nica"},"content":{"rendered":"<p><span style=\"font-size: 14pt;\"><strong>Aviso de Dispensa Eletr\u00f4nica 2023<\/strong><\/span><\/p>\n<p><strong><strong class=\"collapseomatic \" id=\"id69d3d05e590e9\"  tabindex=\"0\" title=\" Maio\"    > Maio<\/strong><div id=\"target-id69d3d05e590e9\" class=\"collapseomatic_content \"><\/span><\/strong><\/p>\n<p><strong>Contrata\u00e7\u00e3o de servi\u00e7os de manuten\u00e7\u00e3o (m\u00e3o-de-obra) em local de dif\u00edcil acesso (grande altura) no telhado do antigo Gin\u00e1sio da AABB:<\/strong><\/p>\n<p><a href=\"https:\/\/wp.ufpel.edu.br\/numat\/files\/2023\/07\/Aviso-de-Dispensa-19-2023.pdf\" target=\"_blank\" rel=\"noopener\">Aviso de Dispensa 19-2023<\/a><\/p>\n<p><a href=\"https:\/\/wp.ufpel.edu.br\/numat\/files\/2023\/07\/Termo-de-Referencia-19-2023.pdf\" target=\"_blank\" rel=\"noopener\">Termo de Refer\u00eancia\u00a0<\/a><\/p>\n<p>&nbsp;<\/p>\n<p><strong>Aquisi\u00e7\u00e3o de Carimbos<\/strong><\/p>\n<p><a href=\"https:\/\/wp.ufpel.edu.br\/numat\/files\/2023\/07\/Aviso-de-Dispensa-20-2023.pdf\" target=\"_blank\" rel=\"noopener\">Aviso de Dispensa 20-2023<\/a><\/p>\n<p><a href=\"https:\/\/wp.ufpel.edu.br\/numat\/files\/2023\/07\/Termo-de-Referencia-20-2023.pdf\" target=\"_blank\" rel=\"noopener\">Termo de Refer\u00eancia<\/a><\/p>\n<p><span style=\"font-size: 10pt;\"><\/div><\/span><\/p>\n<p><strong><strong class=\"collapseomatic \" id=\"id69d3d05e5919b\"  tabindex=\"0\" title=\" Junho\"    > Junho<\/strong><div id=\"target-id69d3d05e5919b\" class=\"collapseomatic_content \"><\/span><\/strong><\/p>\n<p>&nbsp;<\/p>\n<p><span style=\"font-size: 10pt;\"><\/div><\/span><\/p>\n<p><strong><strong class=\"collapseomatic \" id=\"id69d3d05e591cd\"  tabindex=\"0\" title=\" Julho\"    > Julho<\/strong><div id=\"target-id69d3d05e591cd\" class=\"collapseomatic_content \"><\/span><\/strong><\/p>\n<p><strong>Contrata\u00e7\u00e3o de servi\u00e7os de Calibra\u00e7\u00e3o de V\u00e1lvulas de Seguran\u00e7a, Inspe\u00e7\u00e3o de Autoclaves e Compressores para a Faculdade de Odontologia<\/strong><\/p>\n<p><a href=\"https:\/\/wp.ufpel.edu.br\/numat\/files\/2023\/07\/Aviso-DL-32-2023.pdf\">Aviso de Dispensa 32-2023<\/a><\/p>\n<p><a href=\"https:\/\/wp.ufpel.edu.br\/numat\/files\/2023\/07\/Termo-de-referencia.pdf\">Termo de refer\u00eancia<\/a><\/p>\n<p><span style=\"font-size: 10pt;\"><\/div><\/span><\/p>\n<p><strong><strong class=\"collapseomatic \" id=\"id69d3d05e591f5\"  tabindex=\"0\" title=\" Agosto\"    > Agosto<\/strong><div id=\"target-id69d3d05e591f5\" class=\"collapseomatic_content \"><\/span><\/strong><\/p>\n<p><a href=\"https:\/\/wp.ufpel.edu.br\/numat\/files\/2023\/08\/SEI_UFPel-2289776-PRA-Aviso-de-Dispensa-Eletronica-Lei-14.133_2021.pdf\">Aviso de Dispensa &#8211; 40\/2023<\/a><\/p>\n<p><a href=\"https:\/\/wp.ufpel.edu.br\/numat\/files\/2023\/08\/Dispensa-40.2023-1.rar\">Termo de Refer\u00eancia<\/a><\/p>\n<p>&nbsp;<\/p>\n<p><a href=\"https:\/\/wp.ufpel.edu.br\/numat\/files\/2023\/08\/Edital-2.pdf\">Aviso de Dispensa &#8211; 41\/2023<\/a><\/p>\n<p><a href=\"https:\/\/wp.ufpel.edu.br\/numat\/files\/2023\/08\/Termo-de-Referencia-1.pdf\">Termo de Refer\u00eancia<\/a><\/p>\n<p>&nbsp;<\/p>\n<p><a href=\"https:\/\/wp.ufpel.edu.br\/numat\/files\/2023\/08\/Edital-1.pdf\">Aviso de Dispensa &#8211; 43\/2023<\/a><\/p>\n<p><a href=\"https:\/\/wp.ufpel.edu.br\/numat\/files\/2023\/08\/Termo-de-Referencia.pdf\">Termo de Refer\u00eancia<\/a><\/p>\n<p>&nbsp;<\/p>\n<p><a href=\"https:\/\/wp.ufpel.edu.br\/numat\/files\/2023\/08\/Edital-3.pdf\">Aviso de Dispensa &#8211; 58\/2023<\/a><\/p>\n<p><a href=\"https:\/\/wp.ufpel.edu.br\/numat\/files\/2023\/08\/Termo-de-Referencia-2.pdf\">Termo de Refer\u00eancia<\/a><\/p>\n<p>&nbsp;<\/p>\n<p><span style=\"font-size: 10pt;\"><\/div><\/span><\/p>\n<p><strong><strong class=\"collapseomatic \" id=\"id69d3d05e5921b\"  tabindex=\"0\" title=\" Setembro\"    > Setembro<\/strong><div id=\"target-id69d3d05e5921b\" class=\"collapseomatic_content \"><\/span><\/strong><\/p>\n<p><a href=\"https:\/\/wp.ufpel.edu.br\/numat\/files\/2023\/09\/SEI_UFPel-2331710-PRA-Aviso-de-Dispensa-Eletronica-Lei-14.133_2021.pdf\">Aviso de Dispensa &#8211; 49\/2023<\/a><\/p>\n<p><a href=\"https:\/\/wp.ufpel.edu.br\/numat\/files\/2023\/09\/SEI_UFPel-2284597-PRA-Termo-de-Referencia-Servico-Dispensa-s_cont.pdf\">Termo de Refer\u00eancia<\/a><\/p>\n<p>&nbsp;<\/p>\n<p><a href=\"https:\/\/wp.ufpel.edu.br\/numat\/files\/2023\/09\/SEI_UFPel-2324643-PRA-Aviso-de-Dispensa-Eletronica-Lei-14.133_2021.pdf\">Aviso de Dispensa &#8211; 59\/2023<\/a><\/p>\n<p><a href=\"https:\/\/wp.ufpel.edu.br\/numat\/files\/2023\/09\/SEI_UFPel-2293107-PRA-Termo-de-Referencia-Nova-Aquisicao-s_contrato.pdf\">Termo de Refer\u00eancia<\/a><\/p>\n<p>&nbsp;<\/p>\n<p><a href=\"https:\/\/wp.ufpel.edu.br\/numat\/files\/2023\/09\/SEI_UFPel-2324717-PRA-Aviso-de-Dispensa-Eletronica-Lei-14.133_2021-2.pdf\">Aviso de Dispensa &#8211; 63\/2023<\/a><\/p>\n<p><a href=\"https:\/\/wp.ufpel.edu.br\/numat\/files\/2023\/09\/SEI_UFPel-2318970-PRA-Termo-de-Referencia-Aquisicao-Dispensa-s_cont.pdf\">Termo de Refer\u00eancia<\/a><\/p>\n<p>&nbsp;<\/p>\n<p><a href=\"https:\/\/wp.ufpel.edu.br\/numat\/files\/2023\/09\/SEI_UFPel-2335486-PRA-Aviso-de-Dispensa-Eletronica-Lei-14.133_2021.pdf\">Aviso de Dispensa &#8211; 67\/2023<\/a><\/p>\n<p><a href=\"https:\/\/wp.ufpel.edu.br\/numat\/files\/2023\/09\/SEI_UFPel-2329372-PRA-Termo-de-Referencia-Aquisicao-Dispensa-s_cont.pdf\">Termo de Refer\u00eancia <\/a><\/p>\n<p><span style=\"font-size: 10pt;\"><\/div><\/span><\/p>\n<p><strong><strong class=\"collapseomatic \" id=\"id69d3d05e5923e\"  tabindex=\"0\" title=\" Outubro\"    > Outubro<\/strong><div id=\"target-id69d3d05e5923e\" class=\"collapseomatic_content \"><\/span><\/strong><\/p>\n<p><a href=\"https:\/\/wp.ufpel.edu.br\/numat\/files\/2024\/05\/Aviso.pdf\">Aviso de Dispensa &#8211; 71\/2023<\/a><\/p>\n<p><a href=\"https:\/\/wp.ufpel.edu.br\/numat\/files\/2024\/05\/TR.pdf\">Termo de Refer\u00eancia<\/a><\/p>\n<p>&nbsp;<\/p>\n<p><a href=\"https:\/\/wp.ufpel.edu.br\/numat\/files\/2024\/05\/aviso.pdf\">Aviso de Dispensa &#8211; 77\/2023<\/a><\/p>\n<p><a href=\"https:\/\/wp.ufpel.edu.br\/numat\/files\/2024\/05\/tr.pdf\">Termo de Refer\u00eancia<\/a><\/p>\n<p>&nbsp;<\/p>\n<p><a href=\"https:\/\/wp.ufpel.edu.br\/numat\/files\/2024\/05\/aviso-1.pdf\">Aviso de Dispensa &#8211; 86\/2023<\/a><\/p>\n<p><a href=\"https:\/\/wp.ufpel.edu.br\/numat\/files\/2024\/05\/tr-1.pdf\">Termo de Refer\u00eancia<\/a><\/p>\n<p>&nbsp;<\/p>\n<p><a href=\"https:\/\/wp.ufpel.edu.br\/numat\/files\/2024\/05\/aviso-2.pdf\">Aviso de Dispensa &#8211; 87\/2023<\/a><\/p>\n<p><a href=\"https:\/\/wp.ufpel.edu.br\/numat\/files\/2024\/05\/tr-2.pdf\">Termo de Refer\u00eancia<\/a><\/p>\n<p>&nbsp;<\/p>\n<p><a href=\"https:\/\/wp.ufpel.edu.br\/numat\/files\/2024\/05\/aviso-3.pdf\">Aviso de Dispensa &#8211; 88\/2023<\/a><\/p>\n<p><a href=\"https:\/\/wp.ufpel.edu.br\/numat\/files\/2024\/05\/tr-4.pdf\">Termo de Refer\u00eancia<\/a><\/p>\n<p>&nbsp;<\/p>\n<p><a href=\"https:\/\/wp.ufpel.edu.br\/numat\/files\/2024\/10\/SEI_UFPel-2786375-PRA-Aviso-de-Dispensa-Eletronica-Lei-14.133_2021.pdf\">Aviso de Dispensa 90053\/2024<\/a><\/p>\n<p><a href=\"https:\/\/wp.ufpel.edu.br\/numat\/files\/2024\/10\/SEI_UFPel-2774655-PRA-Termo-de-Referencia-Servico-Dispensa-s_cont.pdf\">Termo de Refer\u00eancia<\/a><\/p>\n<p><span style=\"font-size: 10pt;\"><\/div><\/span><\/p>\n<p><strong><strong class=\"collapseomatic \" id=\"id69d3d05e59269\"  tabindex=\"0\" title=\" Novembro\"    > Novembro<\/strong><div id=\"target-id69d3d05e59269\" class=\"collapseomatic_content \"><\/span><\/strong><\/p>\n<p><a href=\"https:\/\/wp.ufpel.edu.br\/numat\/files\/2024\/05\/aviso-4.pdf\">Aviso de Dispensa &#8211; 91\/2023<\/a><\/p>\n<p><a href=\"https:\/\/wp.ufpel.edu.br\/numat\/files\/2024\/05\/tr-5.pdf\">Termo de Refer\u00eancia<\/a><\/p>\n<p>&nbsp;<\/p>\n<p><a href=\"https:\/\/wp.ufpel.edu.br\/numat\/files\/2024\/11\/SEI-23110.032938_2024-22.pdf\">Aviso de Dispensa 90066\/2024 &#8211; Aquisi\u00e7\u00e3o de Ar-condicionado<\/a><\/p>\n<p><a href=\"https:\/\/wp.ufpel.edu.br\/numat\/files\/2024\/11\/SEI-23110.032938_2024-22tr.pdf\">Termo de Refer\u00eancia<\/a><\/p>\n<p>&nbsp;<\/p>\n<p><a href=\"https:\/\/wp.ufpel.edu.br\/numat\/files\/2024\/11\/SEI_2860780_PRA_Aviso_de_Dispensa_Eletronica_Lei_14.133_2021_90063_2024-1.pdf\">Aviso de Dispensa 90063\/2024- Aquisi\u00e7\u00e3o de Itens de Acessibilidade<\/a><\/p>\n<p><a href=\"https:\/\/wp.ufpel.edu.br\/numat\/files\/2024\/11\/SEI_2801620_PRA_Termo_de_Referencia_Aquisicao_Dispensa_s_cont.pdf\">Termo de Refer\u00eancia<\/a><\/p>\n<p><span style=\"font-size: 10pt;\"><\/div><\/span><\/p>\n<p><strong><strong class=\"collapseomatic \" id=\"id69d3d05e5929d\"  tabindex=\"0\" title=\" Dezembro\"    > Dezembro<\/strong><div id=\"target-id69d3d05e5929d\" class=\"collapseomatic_content \"><\/span><\/strong><\/p>\n<p>&nbsp;<\/p>\n<p><span style=\"font-size: 10pt;\"><\/div><\/span><\/p>\n<p>&nbsp;<\/p>\n<p><span style=\"font-size: 14pt;\"><strong>Aviso de Dispensa Eletr\u00f4nica 2024<\/strong><\/span><\/p>\n<p><strong><strong class=\"collapseomatic \" id=\"id69d3d05e592c5\"  tabindex=\"0\" title=\" Janeiro\"    > Janeiro<\/strong><div id=\"target-id69d3d05e592c5\" class=\"collapseomatic_content \"><\/span><\/strong><\/p>\n<p><span style=\"font-size: 10pt;\"><\/div><\/span><\/p>\n<p><strong><strong class=\"collapseomatic \" id=\"id69d3d05e592e5\"  tabindex=\"0\" title=\" Feveiro\"    > Feveiro<\/strong><div id=\"target-id69d3d05e592e5\" class=\"collapseomatic_content \"><\/span><\/strong><\/p>\n<p><span style=\"font-size: 10pt;\"><\/div><\/span><\/p>\n<p><strong><strong class=\"collapseomatic \" id=\"id69d3d05e59305\"  tabindex=\"0\" title=\" Mar\u00e7o\"    > Mar\u00e7o<\/strong><div id=\"target-id69d3d05e59305\" class=\"collapseomatic_content \"><\/span><\/strong><\/p>\n<p><span style=\"font-size: 10pt;\"><\/div><\/span><\/p>\n<p><strong><strong class=\"collapseomatic \" id=\"id69d3d05e59327\"  tabindex=\"0\" title=\" Abril\"    > Abril<\/strong><div id=\"target-id69d3d05e59327\" class=\"collapseomatic_content \"><\/span><\/strong><\/p>\n<p><span style=\"font-size: 10pt;\"><\/div><\/span><\/p>\n<p><strong><strong class=\"collapseomatic \" id=\"id69d3d05e59354\"  tabindex=\"0\" title=\" Maio\"    > Maio<\/strong><div id=\"target-id69d3d05e59354\" class=\"collapseomatic_content \"><\/span><\/strong><\/p>\n<p><span style=\"font-size: 10pt;\"><\/div><\/span><\/p>\n<p><strong><strong class=\"collapseomatic \" id=\"id69d3d05e5937d\"  tabindex=\"0\" title=\" Junho\"    > Junho<\/strong><div id=\"target-id69d3d05e5937d\" class=\"collapseomatic_content \"><\/span><\/strong><\/p>\n<p><span style=\"font-size: 10pt;\"><\/div><\/span><\/p>\n<p><strong><strong class=\"collapseomatic \" id=\"id69d3d05e593a1\"  tabindex=\"0\" title=\" Julho\"    > Julho<\/strong><div id=\"target-id69d3d05e593a1\" class=\"collapseomatic_content \"><\/span><\/strong><\/p>\n<p><a href=\"https:\/\/wp.ufpel.edu.br\/numat\/files\/2024\/07\/SEI_UFPel-2666292-PRA-Aviso-de-Dispensa-Eletronica-Lei-14.133_2021.pdf\">Aviso de Dispensa 90019\/2024 &#8211; Aviso<\/a><\/p>\n<p><a href=\"https:\/\/wp.ufpel.edu.br\/numat\/files\/2024\/07\/SEI_UFPel-2588912-PRA-Termo-de-Referencia-Aquisicao-Dispensa-s_cont.pdf\">Termo de Refer\u00eancia <\/a><\/p>\n<p><span style=\"font-size: 10pt;\"><\/div><\/span><\/p>\n<p><strong><strong class=\"collapseomatic \" id=\"id69d3d05e593c1\"  tabindex=\"0\" title=\" Agosto\"    > Agosto<\/strong><div id=\"target-id69d3d05e593c1\" class=\"collapseomatic_content \"><\/span><\/strong><\/p>\n<p><a href=\"https:\/\/wp.ufpel.edu.br\/numat\/files\/2024\/08\/Edital.pdf\">Aviso de Dispensa 90023\/2024<\/a><\/p>\n<p><a href=\"https:\/\/wp.ufpel.edu.br\/numat\/files\/2024\/08\/Termo-de-Referencia.pdf\">Termo de Refer\u00eancia<\/a><\/p>\n<p>&nbsp;<\/p>\n<p><a href=\"https:\/\/wp.ufpel.edu.br\/numat\/files\/2024\/08\/Edital-1.pdf\">Aviso de Dispensa 90021\/2024<\/a><\/p>\n<p><a href=\"https:\/\/wp.ufpel.edu.br\/numat\/files\/2024\/08\/Termo-de-Referencia-1.pdf\">Termo de Refer\u00eancia<\/a><\/p>\n<p>&nbsp;<\/p>\n<p><a href=\"https:\/\/wp.ufpel.edu.br\/numat\/files\/2024\/09\/90029.pdf\">Aviso de Dispensa 90029\/2024<\/a><\/p>\n<p><a href=\"https:\/\/wp.ufpel.edu.br\/numat\/files\/2024\/09\/tr.pdf\">Termo de Refer\u00eancia<\/a><\/p>\n<p>&nbsp;<\/p>\n<p><a href=\"https:\/\/wp.ufpel.edu.br\/numat\/files\/2024\/09\/90032.pdf\">Aviso de Dispensa 90032\/2024<\/a><\/p>\n<p><a href=\"https:\/\/wp.ufpel.edu.br\/numat\/files\/2024\/09\/tr-1.pdf\">Termo de Refer\u00eancia<\/a><\/p>\n<p>&nbsp;<\/p>\n<p><a href=\"https:\/\/wp.ufpel.edu.br\/numat\/files\/2024\/09\/90033.pdf\">Aviso de Dispensa 90033\/2024<\/a><\/p>\n<p><a href=\"https:\/\/wp.ufpel.edu.br\/numat\/files\/2024\/09\/tr-2.pdf\">Termo de Refer\u00eancia<\/a><\/p>\n<p><span style=\"font-size: 10pt;\"><\/div><\/span><\/p>\n<p><strong><strong class=\"collapseomatic \" id=\"id69d3d05e593e1\"  tabindex=\"0\" title=\" Setembro\"    > Setembro<\/strong><div id=\"target-id69d3d05e593e1\" class=\"collapseomatic_content \"><\/span><\/strong><\/p>\n<p><a href=\"https:\/\/wp.ufpel.edu.br\/numat\/files\/2024\/09\/90037.pdf\">Aviso de Dispensa 90037\/2024<\/a><\/p>\n<p><a href=\"https:\/\/wp.ufpel.edu.br\/numat\/files\/2024\/09\/tr-3.pdf\">Termo de Refer\u00eancia<\/a><\/p>\n<p><span style=\"font-size: 10pt;\"><\/div><\/span><\/p>\n<p><strong><strong class=\"collapseomatic \" id=\"id69d3d05e59400\"  tabindex=\"0\" title=\" Outubro\"    > Outubro<\/strong><div id=\"target-id69d3d05e59400\" class=\"collapseomatic_content \"><\/span><\/strong><\/p>\n<p><a href=\"https:\/\/wp.ufpel.edu.br\/numat\/files\/2024\/10\/SEI_UFPel-2776876-PRA-Aviso-de-Dispensa-Eletronica-Lei-14.133_2021.pdf\">Aviso de Dispensa 90050\/2024<\/a><\/p>\n<p><a href=\"https:\/\/wp.ufpel.edu.br\/numat\/files\/2024\/10\/SEI_UFPel-2762548-PRA-Termo-de-Referencia-Servico-Dispensa-s_cont.pdf\">Termo de Refer\u00eancia<\/a><\/p>\n<p><span style=\"font-size: 10pt;\"><\/div><\/span><\/p>\n<p><strong><strong class=\"collapseomatic \" id=\"id69d3d05e5941f\"  tabindex=\"0\" title=\" Novembro\"    > Novembro<\/strong><div id=\"target-id69d3d05e5941f\" class=\"collapseomatic_content \"><\/span><\/strong><\/p>\n<p><span style=\"font-size: 10pt;\"><\/div><\/span><\/p>\n<p><strong><strong class=\"collapseomatic \" id=\"id69d3d05e5943d\"  tabindex=\"0\" title=\" Dezembro\"    > Dezembro<\/strong><div id=\"target-id69d3d05e5943d\" class=\"collapseomatic_content \"><\/span><\/strong><\/p>\n<p><span style=\"font-size: 10pt;\"><\/div><\/span><\/p>\n<p><span style=\"font-size: 14pt;\"><strong>Aviso de Dispensa Eletr\u00f4nica 2025<\/strong><\/span><\/p>\n<p><strong><strong class=\"collapseomatic \" id=\"id69d3d05e5945c\"  tabindex=\"0\" title=\" Janeiro\"    > Janeiro<\/strong><div id=\"target-id69d3d05e5945c\" class=\"collapseomatic_content \"><\/span><\/strong><\/p>\n<p><a href=\"https:\/\/wp.ufpel.edu.br\/numat\/files\/2025\/02\/SEI_2956991_PRA_Aviso_de_Dispensa_Eletronica_Lei_14.133_2021_90002_2025-4.pdf\">Aviso de Dispensa 90002\/2025<\/a><\/p>\n<p><a href=\"https:\/\/wp.ufpel.edu.br\/numat\/files\/2025\/02\/SEI_2949015_PRA_Termo_de_Referencia_Aquisicao_Dispensa_s_cont-2.pdf\">Termo de Refer\u00eancia<\/a><\/p>\n<p><span style=\"font-size: 10pt;\"><\/div><\/span><\/p>\n<p><strong><strong class=\"collapseomatic \" id=\"id69d3d05e5947a\"  tabindex=\"0\" title=\" Feveiro\"    > Feveiro<\/strong><div id=\"target-id69d3d05e5947a\" class=\"collapseomatic_content \"><\/span><\/strong><\/p>\n<p><span style=\"font-size: 10pt;\"><\/div><\/span><\/p>\n<p><strong><strong class=\"collapseomatic \" id=\"id69d3d05e59499\"  tabindex=\"0\" title=\" Mar\u00e7o\"    > Mar\u00e7o<\/strong><div id=\"target-id69d3d05e59499\" class=\"collapseomatic_content \"><\/span><\/strong><\/p>\n<p><a href=\"https:\/\/wp.ufpel.edu.br\/numat\/files\/2025\/03\/Termo-de-Referencia-1.pdf\">Termo de Refer\u00eancia<\/a><\/p>\n<p><a href=\"https:\/\/wp.ufpel.edu.br\/numat\/files\/2025\/03\/Aviso-de-Dispensa-90006-1.pdf\">Aviso de Dispensa 90006\/2025<\/a><\/p>\n<p><span style=\"font-size: 10pt;\"><\/div><\/span><\/p>\n<p><strong><strong class=\"collapseomatic \" id=\"id69d3d05e594ba\"  tabindex=\"0\" title=\" Abril\"    > Abril<\/strong><div id=\"target-id69d3d05e594ba\" class=\"collapseomatic_content \"><\/span><\/strong><\/p>\n<p><span style=\"font-size: 10pt;\"><\/div><\/span><\/p>\n<p><strong><strong class=\"collapseomatic \" id=\"id69d3d05e594d8\"  tabindex=\"0\" title=\" Maio\"    > Maio<\/strong><div id=\"target-id69d3d05e594d8\" class=\"collapseomatic_content \"><\/span><\/strong><\/p>\n<p><a href=\"https:\/\/wp.ufpel.edu.br\/numat\/files\/2025\/04\/SEI_3024719_SGA_Termo_de_Referencia_Servico_Dispensa_s_Cont.pdf\">Termo de Refer\u00eancia<\/a><\/p>\n<p><a href=\"https:\/\/wp.ufpel.edu.br\/numat\/files\/2025\/04\/SEI_3043147_SGA_Aviso_de_Dispensa_Eletronica_Lei_14.133_2021_90016_2025__.pdf\">Aviso de Dispensa 90016\/2025<\/a><\/p>\n<p><span style=\"font-size: 10pt;\"><\/div><\/span><\/p>\n<p><strong><strong class=\"collapseomatic \" id=\"id69d3d05e594f7\"  tabindex=\"0\" title=\" Junho\"    > Junho<\/strong><div id=\"target-id69d3d05e594f7\" class=\"collapseomatic_content \"><\/span><\/strong><\/p>\n<p><span style=\"font-size: 10pt;\"><\/div><\/span><\/p>\n<p><strong><strong class=\"collapseomatic \" id=\"id69d3d05e5951e\"  tabindex=\"0\" title=\" Julho\"    > Julho<\/strong><div id=\"target-id69d3d05e5951e\" class=\"collapseomatic_content \"><\/span><\/strong><\/p>\n<p><a href=\"https:\/\/wp.ufpel.edu.br\/numat\/files\/2025\/09\/SEI_3141090_SGA_Termo_de_Referencia_Aquisicao_Dispensa_s_cont.pdf\">Termo de Refer\u00eancia<\/a><\/p>\n<p><a href=\"https:\/\/wp.ufpel.edu.br\/numat\/files\/2025\/09\/SEI_3155751_SGA_Aviso_de_Dispensa_Eletronica_Lei_14.133_2021_90032_2025__Retificado_.pdf\">Aviso de Dispensa 90032\/2025<\/a><\/p>\n<p><span style=\"font-size: 10pt;\"><\/div><\/span><\/p>\n<p><strong><strong class=\"collapseomatic \" id=\"id69d3d05e5953f\"  tabindex=\"0\" title=\" Agosto\"    > Agosto<\/strong><div id=\"target-id69d3d05e5953f\" class=\"collapseomatic_content \"><\/span><\/strong><\/p>\n<p><a href=\"https:\/\/wp.ufpel.edu.br\/numat\/files\/2025\/09\/SEI_3160203_SGA_Termo_de_Referencia_Aquisicao_Dispensa_s_cont.pdf\">Termo de Refer\u00eancia<\/a><\/p>\n<p><a href=\"https:\/\/wp.ufpel.edu.br\/numat\/files\/2025\/09\/SEI_3209929_SGA_Aviso_de_Dispensa_Eletronica_Lei_14.133_2021_90041_2025.pdf\">Aviso de Dispensa 90041\/2025<\/a><\/p>\n<p>&nbsp;<\/p>\n<p><a href=\"https:\/\/wp.ufpel.edu.br\/numat\/files\/2025\/09\/SEI_3160540_SGA_Termo_de_Referencia_Servico_Dispensa_s_Cont.pdf\">Termo de Refer\u00eancia<\/a><\/p>\n<p><a href=\"https:\/\/wp.ufpel.edu.br\/numat\/files\/2025\/09\/SEI_3210221_SGA_Aviso_de_Dispensa_Eletronica_Lei_14.133_2021_90043.pdf\">Aviso de Dispensa 90043\/2025<\/a><\/p>\n<p><span style=\"font-size: 10pt;\"><\/div><\/span><\/p>\n<p><strong><strong class=\"collapseomatic \" id=\"id69d3d05e5955e\"  tabindex=\"0\" title=\" Setembro\"    > Setembro<\/strong><div id=\"target-id69d3d05e5955e\" class=\"collapseomatic_content \"><\/span><\/strong><\/p>\n<p><a href=\"https:\/\/wp.ufpel.edu.br\/numat\/files\/2025\/09\/SEI_3164469_SGA_Termo_de_Referencia_Aquisicao_Dispensa_s_cont.pdf\">Termo de Refer\u00eancia<\/a><\/p>\n<p><a href=\"https:\/\/wp.ufpel.edu.br\/numat\/files\/2025\/09\/SEI_3257861_SGA_Aviso_de_Dispensa_Eletronica_Lei_14.133_2021_90042__RETIFICADO_.pdf\">Aviso de Dispensa 90042\/2025<\/a><\/p>\n<p>&nbsp;<\/p>\n<p><a href=\"https:\/\/wp.ufpel.edu.br\/numat\/files\/2025\/09\/SEI_3216027_SGA_Termo_de_Referencia_Aquisicao_Dispensa_s_cont.pdf\">Termo de Refer\u00eancia<\/a><\/p>\n<p><a href=\"https:\/\/wp.ufpel.edu.br\/numat\/files\/2025\/09\/SEI_3257729_SGA_Aviso_de_Dispensa_Eletronica_Lei_14.133_2021_90055__RETIFICADO_.pdf\">Aviso de Dispensa 90055\/2025<\/a><\/p>\n<p>&nbsp;<\/p>\n<p><a href=\"https:\/\/wp.ufpel.edu.br\/numat\/files\/2025\/09\/SEI_3283821_SGA_Termo_de_Referencia_Aquisicao_Dispensa_s_cont-1.pdf\">Termo de Refer\u00eancia<\/a><\/p>\n<p><a href=\"https:\/\/wp.ufpel.edu.br\/numat\/files\/2025\/09\/SEI_3312485_SGA_Aviso_de_Dispensa_Eletronica_Lei_14.133_2021_90068.pdf\">Aviso de Dispensa 90068\/2025<\/a><\/p>\n<p><span style=\"font-size: 10pt;\"><\/div><\/span><\/p>\n<p>&nbsp;<\/p>\n<p>&nbsp;<\/p>\n<p>&nbsp;<\/p>\n<p>&nbsp;<\/p>\n<p>&nbsp;<\/p>\n<p>&nbsp;<\/p>\n","protected":false},"excerpt":{"rendered":"<p>Aviso de Dispensa Eletr\u00f4nica 2023 &nbsp; Aviso de Dispensa Eletr\u00f4nica 2024 Aviso de Dispensa Eletr\u00f4nica 2025 &nbsp; &nbsp; &nbsp; &nbsp; &nbsp; &nbsp;<\/p>\n","protected":false},"author":843,"featured_media":0,"parent":0,"menu_order":0,"comment_status":"closed","ping_status":"closed","template":"","meta":{"footnotes":""},"class_list":["post-1334","page","type-page","status-publish","hentry"],"_links":{"self":[{"href":"https:\/\/wp.ufpel.edu.br\/numat\/wp-json\/wp\/v2\/pages\/1334","targetHints":{"allow":["GET"]}}],"collection":[{"href":"https:\/\/wp.ufpel.edu.br\/numat\/wp-json\/wp\/v2\/pages"}],"about":[{"href":"https:\/\/wp.ufpel.edu.br\/numat\/wp-json\/wp\/v2\/types\/page"}],"author":[{"embeddable":true,"href":"https:\/\/wp.ufpel.edu.br\/numat\/wp-json\/wp\/v2\/users\/843"}],"replies":[{"embeddable":true,"href":"https:\/\/wp.ufpel.edu.br\/numat\/wp-json\/wp\/v2\/comments?post=1334"}],"version-history":[{"count":3,"href":"https:\/\/wp.ufpel.edu.br\/numat\/wp-json\/wp\/v2\/pages\/1334\/revisions"}],"predecessor-version":[{"id":1637,"href":"https:\/\/wp.ufpel.edu.br\/numat\/wp-json\/wp\/v2\/pages\/1334\/revisions\/1637"}],"wp:attachment":[{"href":"https:\/\/wp.ufpel.edu.br\/numat\/wp-json\/wp\/v2\/media?parent=1334"}],"curies":[{"name":"wp","href":"https:\/\/api.w.org\/{rel}","templated":true}]}}