{"id":17,"date":"2018-05-14T09:15:30","date_gmt":"2018-05-14T12:15:30","guid":{"rendered":"https:\/\/wp.ufpel.edu.br\/nulic\/?page_id=17"},"modified":"2025-11-19T15:16:21","modified_gmt":"2025-11-19T18:16:21","slug":"contato","status":"publish","type":"page","link":"https:\/\/wp.ufpel.edu.br\/nulic\/contato\/","title":{"rendered":"Contato"},"content":{"rendered":"<p><strong>N\u00facleo de Licita\u00e7\u00f5es (NULIC) | Sala: 312<br \/>\n<\/strong>Priscila Gon\u00e7alves Marchand (Chefe do N\u00facleo)<br \/>\nClaudia da Silva Campelo<br \/>\ne-mail: licitacoes@ufpel.edu.br<br \/>\nTelefone: +55 (53) 3284-3924 (WhatsApp)<\/p>\n<p style=\"padding-left: 40px;\"><span style=\"text-decoration: underline;\">Se\u00e7\u00e3o de Obras e Servi\u00e7os de Engenharia (SOSE)<\/span><br \/>\nAna Simeonidis\u00a0(Chefe da Se\u00e7\u00e3o)<\/p>\n<p style=\"padding-left: 40px;\"><span style=\"text-decoration: underline;\">Se\u00e7\u00e3o de Contrata\u00e7\u00e3o de Servi\u00e7os (SCSER)<\/span><br \/>\nPaulo Afonso Hartmann Almeida (Chefe da Se\u00e7\u00e3o)<\/p>\n","protected":false},"excerpt":{"rendered":"<p>N\u00facleo de Licita\u00e7\u00f5es (NULIC) | Sala: 312 Priscila Gon\u00e7alves Marchand (Chefe do N\u00facleo) Claudia da Silva Campelo e-mail: licitacoes@ufpel.edu.br Telefone: +55 (53) 3284-3924 (WhatsApp) Se\u00e7\u00e3o de Obras e Servi\u00e7os de Engenharia (SOSE) Ana Simeonidis\u00a0(Chefe da Se\u00e7\u00e3o) Se\u00e7\u00e3o de Contrata\u00e7\u00e3o de Servi\u00e7os (SCSER) Paulo Afonso Hartmann Almeida (Chefe da Se\u00e7\u00e3o)<\/p>\n","protected":false},"author":846,"featured_media":0,"parent":0,"menu_order":0,"comment_status":"closed","ping_status":"closed","template":"","meta":{"footnotes":""},"class_list":["post-17","page","type-page","status-publish","hentry"],"_links":{"self":[{"href":"https:\/\/wp.ufpel.edu.br\/nulic\/wp-json\/wp\/v2\/pages\/17","targetHints":{"allow":["GET"]}}],"collection":[{"href":"https:\/\/wp.ufpel.edu.br\/nulic\/wp-json\/wp\/v2\/pages"}],"about":[{"href":"https:\/\/wp.ufpel.edu.br\/nulic\/wp-json\/wp\/v2\/types\/page"}],"author":[{"embeddable":true,"href":"https:\/\/wp.ufpel.edu.br\/nulic\/wp-json\/wp\/v2\/users\/846"}],"replies":[{"embeddable":true,"href":"https:\/\/wp.ufpel.edu.br\/nulic\/wp-json\/wp\/v2\/comments?post=17"}],"version-history":[{"count":3,"href":"https:\/\/wp.ufpel.edu.br\/nulic\/wp-json\/wp\/v2\/pages\/17\/revisions"}],"predecessor-version":[{"id":262,"href":"https:\/\/wp.ufpel.edu.br\/nulic\/wp-json\/wp\/v2\/pages\/17\/revisions\/262"}],"wp:attachment":[{"href":"https:\/\/wp.ufpel.edu.br\/nulic\/wp-json\/wp\/v2\/media?parent=17"}],"curies":[{"name":"wp","href":"https:\/\/api.w.org\/{rel}","templated":true}]}}