{"id":106,"date":"2019-09-26T16:35:42","date_gmt":"2019-09-26T19:35:42","guid":{"rendered":"https:\/\/wp.ufpel.edu.br\/nulic\/?page_id=106"},"modified":"2021-06-25T15:52:18","modified_gmt":"2021-06-25T18:52:18","slug":"chamadas-publicas","status":"publish","type":"page","link":"https:\/\/wp.ufpel.edu.br\/nulic\/chamadas-publicas\/","title":{"rendered":"Chamadas P\u00fablicas"},"content":{"rendered":"<p><strong>AVISOS:<\/strong><\/p>\n<p><strong>2021<\/strong><\/p>\n<p>RESULTADO:<\/p>\n<p>A Universidade Federal de Pelotas torna p\u00fablico que na Chamada P\u00fablica 02\/2021, para manifesta\u00e7\u00e3o de interesse em doa\u00e7\u00e3o de Bens IRRECUPER\u00c1VEIS, manifestarem-se 05 (cinco) entidades. Ap\u00f3s an\u00e1lise da documenta\u00e7\u00e3o pela Comiss\u00e3o Permanente de Avalia\u00e7\u00e3o da UFPel, foram consideradas habilitadas as seguintes entidades:<\/p>\n<ul>\n<li>N\u00daCLEO DE ATEN\u00c7\u00c3O \u00c0 CRIAN\u00c7A E AO ADOLESCENTE \u2013 NACA, <em>contemplada com o lote 1;<\/em><\/li>\n<li>MITRA ARQUIDIOCESANA DE PELOTAS, <em>contemplada com o lote 2;<\/em><\/li>\n<li>INSTITUTO DE MENORES DOM ANT\u00d4NIO ZATTERA, <em>contemplada com o lote 7;<\/em><\/li>\n<li>HOSPITAL ESP\u00cdRITA DE PELOTAS, <em>contemplada com os lotes 3,4,5,6,8,9,10 e 11;<\/em><\/li>\n<\/ul>\n<p>A prioridade nos lotes foi realizada pela data de recebimento de todos os documentos solicitados no Edital 02\/2021.<\/p>\n<p>O procedimento de doa\u00e7\u00e3o,\u00a0\u00e0 entidades previstas no decreto 9373 de 2018, permite a destina\u00e7\u00e3o dos bens permanentes inserv\u00edveis irrecuper\u00e1veis que foram utilizados nas atividades acad\u00eamicas e administrativas da UFPel, possibilitando assim um reaproveitamento e uma destina\u00e7\u00e3o correta dos bens.<\/p>\n<p>&nbsp;<\/p>\n<p><strong>2020<\/strong><\/p>\n<p><strong>Chamada P\u00fablica n\u00ba 01\/2020<\/strong><\/p>\n<p>RESULTADO:<\/p>\n<p style=\"text-align: justify\">A Universidade Federal de Pelotas torna p\u00fablico que na Chamada P\u00fablica 1\/2020 recebeu duas propostas de im\u00f3veis para loca\u00e7\u00e3o e, de acordo com analise t\u00e9cnica, concluiu-se que a proposta mais adequada aos interesses da UFPel \u00e9 a que foi apresentada pelo Sr. Jos\u00e9 Alfonso Gomez Bustamante, que ofertou o pr\u00e9dio localizado na rua Giuseppe Garibaldi, n\u00ba 346 no valor de R$ 10.000,00 (dez mil reais) mensais. O procedimento de loca\u00e7\u00e3o, caso se concretize, ocorrer\u00e1 em outro processo.<\/p>\n<p>&nbsp;<\/p>\n<p><strong>2019<\/strong><\/p>\n<p><strong>Chamada P\u00fablica n\u00b0 01\/2019<\/strong> &#8211; Ata Resultado de Julgamento &#8211;<a href=\"https:\/\/wp.ufpel.edu.br\/nulic\/files\/2019\/10\/Ata-resultado-de-julgamento-01.2019.pdf\">Ata resultado de julgamento 01.2019<\/a><\/p>\n<p><strong>Chamada P\u00fablica n\u00b0 02\/2019 &#8211; <\/strong>Ata Julgamento e habilita\u00e7\u00e3o<strong> &#8211; <a href=\"https:\/\/wp.ufpel.edu.br\/nulic\/files\/2019\/10\/Ata-julgamento-e-habilita\u00e7\u00e3o-02.2019.pdf\">Ata julgamento e habilita\u00e7\u00e3o 02.2019<\/a><\/strong><\/p>\n<p><strong>Chamada P\u00fablica n\u00b0 03\/2019 &#8211; <\/strong>Ata de Reuni\u00e3o &#8211; <a href=\"https:\/\/wp.ufpel.edu.br\/nulic\/files\/2019\/10\/Ata-de-reuni\u00e3o-03-2019.pdf\">Ata de reuni\u00e3o 03-2019<\/a><\/p>\n<p>&nbsp;<\/p>\n<p><strong>Chamada P\u00fablica 01\/2019<\/strong> &#8211; Cadastramento de Leiloeiros &#8211; Ata de Abertura e Julgamento &#8211; <a href=\"https:\/\/wp.ufpel.edu.br\/nulic\/files\/2019\/09\/Digitalizar_2019_09_26_17_07_42_305.pdf\">Ata Abertura e Julgamento CP 01.2019<\/a><\/p>\n<p><strong>Chamada P\u00fablica 02\/2019<\/strong> &#8211; Credenciamento de Representantes Comerciais e de Empresas Fornecedoras de Implantes Dent\u00e1rios, Componentes Prot\u00e9ticos e Biomateriais para fins Odontol\u00f3gicos e de Laborat\u00f3rios de Pr\u00f3tese Dent\u00e1ria junto \u00e0 Faculdade de Odontologia &#8211; Ata de Abertura &#8211; <a href=\"https:\/\/wp.ufpel.edu.br\/nulic\/files\/2019\/09\/Ata-chamada-p\u00fablica-02-2019.pdf\">Ata de Abertura &#8211; CP 02-2019<\/a><\/p>\n<p><strong>Chamada P\u00fablica n\u00b0 03\/2019 &#8211; <\/strong>Credenciamento de Representantes Comerciais e de Empresas Fornecedoras de Erva Mate &#8211; Edital &#8211; <a href=\"https:\/\/wp.ufpel.edu.br\/nulic\/files\/2019\/10\/CP3.2019.-Credenciamento-Rep.-Comercias-erva-mate.docx\">CP3.2019. Credenciamento Rep. Comercias erva mate<\/a><\/p>\n<p>&nbsp;<\/p>\n<p><strong>2018<\/strong><\/p>\n<p><strong>Chamada P\u00fablica 01\/2018<\/strong> &#8211; 13 de Dezembro de 2018<\/p>\n<p>RESULTADO:<\/p>\n<p>A Universidade Federal de Pelotas torna p\u00fablico que far\u00e1 a loca\u00e7\u00e3o do im\u00f3vel localizado na pra\u00e7a Coronel Pedro Os\u00f3rio, Casar\u00e3o 01, do propriet\u00e1rio Mauro Sergio Lima Umpierre, pelo valor mensal de R$ 9.743,04 (Nove mil, setecentos e quarenta e tr\u00eas reais e quatro centavos), conforme documenta\u00e7\u00e3o apresentada e avaliada pela comiss\u00e3o composta por membro da Administra\u00e7\u00e3o,\u00a0\u00a0representantes do Museu Carlos Ritter e da Pr\u00f3 &#8211; Reitoria de Extens\u00e3o e Cultura.<\/p>\n<p>&nbsp;<\/p>\n","protected":false},"excerpt":{"rendered":"<p>AVISOS: 2021 RESULTADO: A Universidade Federal de Pelotas torna p\u00fablico que na Chamada P\u00fablica 02\/2021, para manifesta\u00e7\u00e3o de interesse em doa\u00e7\u00e3o de Bens IRRECUPER\u00c1VEIS, manifestarem-se 05 (cinco) entidades. Ap\u00f3s an\u00e1lise da documenta\u00e7\u00e3o pela Comiss\u00e3o Permanente de Avalia\u00e7\u00e3o da UFPel, foram consideradas habilitadas as seguintes entidades: N\u00daCLEO DE ATEN\u00c7\u00c3O \u00c0 CRIAN\u00c7A E AO ADOLESCENTE \u2013 NACA, [&hellip;]<\/p>\n","protected":false},"author":846,"featured_media":0,"parent":0,"menu_order":0,"comment_status":"closed","ping_status":"closed","template":"","meta":{"footnotes":""},"class_list":["post-106","page","type-page","status-publish","hentry"],"_links":{"self":[{"href":"https:\/\/wp.ufpel.edu.br\/nulic\/wp-json\/wp\/v2\/pages\/106","targetHints":{"allow":["GET"]}}],"collection":[{"href":"https:\/\/wp.ufpel.edu.br\/nulic\/wp-json\/wp\/v2\/pages"}],"about":[{"href":"https:\/\/wp.ufpel.edu.br\/nulic\/wp-json\/wp\/v2\/types\/page"}],"author":[{"embeddable":true,"href":"https:\/\/wp.ufpel.edu.br\/nulic\/wp-json\/wp\/v2\/users\/846"}],"replies":[{"embeddable":true,"href":"https:\/\/wp.ufpel.edu.br\/nulic\/wp-json\/wp\/v2\/comments?post=106"}],"version-history":[{"count":13,"href":"https:\/\/wp.ufpel.edu.br\/nulic\/wp-json\/wp\/v2\/pages\/106\/revisions"}],"predecessor-version":[{"id":198,"href":"https:\/\/wp.ufpel.edu.br\/nulic\/wp-json\/wp\/v2\/pages\/106\/revisions\/198"}],"wp:attachment":[{"href":"https:\/\/wp.ufpel.edu.br\/nulic\/wp-json\/wp\/v2\/media?parent=106"}],"curies":[{"name":"wp","href":"https:\/\/api.w.org\/{rel}","templated":true}]}}