{"id":63,"date":"2016-03-24T09:48:57","date_gmt":"2016-03-24T12:48:57","guid":{"rendered":"https:\/\/wp.ufpel.edu.br\/nulab\/?page_id=63"},"modified":"2016-06-06T11:48:03","modified_gmt":"2016-06-06T14:48:03","slug":"esef","status":"publish","type":"page","link":"https:\/\/wp.ufpel.edu.br\/nulab\/esef\/","title":{"rendered":"Escola Superior de Educa\u00e7\u00e3o F\u00edsica (ESEF)"},"content":{"rendered":"<p><a href=\"https:\/\/wp.ufpel.edu.br\/nulab\/esef\/educacao-fisica-bacharelado\/\">Educa\u00e7\u00e3o F\u00edsica (Bacharelado)<\/a><\/p>\n<p><a href=\"https:\/\/wp.ufpel.edu.br\/nulab\/esef\/educacao-fisica-licenciatura\/\">Educa\u00e7\u00e3o F\u00edsica (Licenciatura)<\/a><\/p>\n","protected":false},"excerpt":{"rendered":"<p>Educa\u00e7\u00e3o F\u00edsica (Bacharelado) Educa\u00e7\u00e3o F\u00edsica (Licenciatura)<\/p>\n","protected":false},"author":634,"featured_media":0,"parent":0,"menu_order":0,"comment_status":"closed","ping_status":"closed","template":"","meta":{"footnotes":""},"class_list":["post-63","page","type-page","status-publish","hentry"],"_links":{"self":[{"href":"https:\/\/wp.ufpel.edu.br\/nulab\/wp-json\/wp\/v2\/pages\/63","targetHints":{"allow":["GET"]}}],"collection":[{"href":"https:\/\/wp.ufpel.edu.br\/nulab\/wp-json\/wp\/v2\/pages"}],"about":[{"href":"https:\/\/wp.ufpel.edu.br\/nulab\/wp-json\/wp\/v2\/types\/page"}],"author":[{"embeddable":true,"href":"https:\/\/wp.ufpel.edu.br\/nulab\/wp-json\/wp\/v2\/users\/634"}],"replies":[{"embeddable":true,"href":"https:\/\/wp.ufpel.edu.br\/nulab\/wp-json\/wp\/v2\/comments?post=63"}],"version-history":[{"count":8,"href":"https:\/\/wp.ufpel.edu.br\/nulab\/wp-json\/wp\/v2\/pages\/63\/revisions"}],"predecessor-version":[{"id":1952,"href":"https:\/\/wp.ufpel.edu.br\/nulab\/wp-json\/wp\/v2\/pages\/63\/revisions\/1952"}],"wp:attachment":[{"href":"https:\/\/wp.ufpel.edu.br\/nulab\/wp-json\/wp\/v2\/media?parent=63"}],"curies":[{"name":"wp","href":"https:\/\/api.w.org\/{rel}","templated":true}]}}