{"id":3866,"date":"2020-09-16T22:38:27","date_gmt":"2020-09-17T01:38:27","guid":{"rendered":"https:\/\/wp.ufpel.edu.br\/nulab\/?page_id=3866"},"modified":"2020-09-22T14:11:42","modified_gmt":"2020-09-22T17:11:42","slug":"laboratorio-de-cultura-de-tecidos-de-plantas","status":"publish","type":"page","link":"https:\/\/wp.ufpel.edu.br\/nulab\/laboratorio-de-cultura-de-tecidos-de-plantas\/","title":{"rendered":"Laborat\u00f3rio de Cultura de Tecidos de Plantas"},"content":{"rendered":"<p><a href=\"https:\/\/wp.ufpel.edu.br\/nulab\/files\/2020\/09\/IMG_8121-scaled.jpg\" target=\"_blank\" rel=\"noopener noreferrer\"><img class=\"alignleft wp-image-3870\" src=\"https:\/\/wp.ufpel.edu.br\/nulab\/files\/2020\/09\/IMG_8121-400x300.jpg\" alt=\"\" width=\"132\" height=\"99\" srcset=\"https:\/\/wp.ufpel.edu.br\/nulab\/files\/2020\/09\/IMG_8121-400x300.jpg 400w, https:\/\/wp.ufpel.edu.br\/nulab\/files\/2020\/09\/IMG_8121-1024x768.jpg 1024w, https:\/\/wp.ufpel.edu.br\/nulab\/files\/2020\/09\/IMG_8121-768x576.jpg 768w, https:\/\/wp.ufpel.edu.br\/nulab\/files\/2020\/09\/IMG_8121-1536x1152.jpg 1536w, https:\/\/wp.ufpel.edu.br\/nulab\/files\/2020\/09\/IMG_8121-2048x1536.jpg 2048w\" sizes=\"(max-width: 132px) 100vw, 132px\" \/><\/a><a href=\"https:\/\/wp.ufpel.edu.br\/nulab\/files\/2020\/09\/IMG_8124-scaled.jpg\" target=\"_blank\" rel=\"noopener noreferrer\"><img class=\"alignnone wp-image-3871\" src=\"https:\/\/wp.ufpel.edu.br\/nulab\/files\/2020\/09\/IMG_8124-400x300.jpg\" alt=\"\" width=\"144\" height=\"108\" srcset=\"https:\/\/wp.ufpel.edu.br\/nulab\/files\/2020\/09\/IMG_8124-400x300.jpg 400w, https:\/\/wp.ufpel.edu.br\/nulab\/files\/2020\/09\/IMG_8124-1024x768.jpg 1024w, https:\/\/wp.ufpel.edu.br\/nulab\/files\/2020\/09\/IMG_8124-768x576.jpg 768w, https:\/\/wp.ufpel.edu.br\/nulab\/files\/2020\/09\/IMG_8124-1536x1152.jpg 1536w, https:\/\/wp.ufpel.edu.br\/nulab\/files\/2020\/09\/IMG_8124-2048x1536.jpg 2048w\" sizes=\"(max-width: 144px) 100vw, 144px\" \/><\/a> <a href=\"https:\/\/wp.ufpel.edu.br\/nulab\/files\/2020\/09\/IMG_8119-scaled.jpg\" target=\"_blank\" rel=\"noopener noreferrer\"><img class=\"alignnone wp-image-3872\" src=\"https:\/\/wp.ufpel.edu.br\/nulab\/files\/2020\/09\/IMG_8119-400x300.jpg\" alt=\"\" width=\"134\" height=\"100\" srcset=\"https:\/\/wp.ufpel.edu.br\/nulab\/files\/2020\/09\/IMG_8119-400x300.jpg 400w, https:\/\/wp.ufpel.edu.br\/nulab\/files\/2020\/09\/IMG_8119-1024x768.jpg 1024w, https:\/\/wp.ufpel.edu.br\/nulab\/files\/2020\/09\/IMG_8119-768x576.jpg 768w, https:\/\/wp.ufpel.edu.br\/nulab\/files\/2020\/09\/IMG_8119-1536x1152.jpg 1536w, https:\/\/wp.ufpel.edu.br\/nulab\/files\/2020\/09\/IMG_8119-2048x1536.jpg 2048w\" sizes=\"(max-width: 134px) 100vw, 134px\" \/><\/a>\u00a0<a href=\"https:\/\/wp.ufpel.edu.br\/nulab\/files\/2020\/09\/IMG_8129-scaled.jpg\" target=\"_blank\" rel=\"noopener noreferrer\"><img class=\"alignnone wp-image-3873\" src=\"https:\/\/wp.ufpel.edu.br\/nulab\/files\/2020\/09\/IMG_8129-400x300.jpg\" alt=\"\" width=\"132\" height=\"99\" srcset=\"https:\/\/wp.ufpel.edu.br\/nulab\/files\/2020\/09\/IMG_8129-400x300.jpg 400w, https:\/\/wp.ufpel.edu.br\/nulab\/files\/2020\/09\/IMG_8129-1024x768.jpg 1024w, https:\/\/wp.ufpel.edu.br\/nulab\/files\/2020\/09\/IMG_8129-768x576.jpg 768w, https:\/\/wp.ufpel.edu.br\/nulab\/files\/2020\/09\/IMG_8129-1536x1152.jpg 1536w, https:\/\/wp.ufpel.edu.br\/nulab\/files\/2020\/09\/IMG_8129-2048x1536.jpg 2048w\" sizes=\"(max-width: 132px) 100vw, 132px\" \/><\/a><\/p>\n<p><strong><u>Nome do Laborat\u00f3rio<\/u><\/strong><strong>: <\/strong>Laborat\u00f3rio de Cultura de Tecidos de Plantas Dr. Jos\u00e9 Antonio Peters<\/p>\n<p><strong><u>Unidade<\/u><\/strong><strong>:<\/strong> Instituto de Biologia<\/p>\n<p><strong><u>Curso<\/u><\/strong>: Ci\u00eancias Biol\u00f3gicas \u2013 Licenciatura e Bacharelado, Agronomia<\/p>\n<p><strong><u>Website<\/u><\/strong>:<\/p>\n<p><strong><u>C\u00f3digo NULAB<\/u><\/strong><strong>:<\/strong><\/p>\n<p>&nbsp;<\/p>\n<p><strong><u>Descri\u00e7\u00e3o do laborat\u00f3rio<\/u><\/strong><strong>:<\/strong><\/p>\n<p>O Laborat\u00f3rio de Cultura de Tecidos de Plantas (LCTP) \u00e9 um Laborat\u00f3rio Multiusu\u00e1rio, localizado no pr\u00e9dio 14 do Departamento de Bot\u00e2nica, Instituto de Biologia, Campus Cap\u00e3o do Le\u00e3o.A responsabilidade pelo LCTP \u00e9 dos professores, Eugenia Jacira Bolacel Braga e Valmor Jo\u00e3o Bianchi.<\/p>\n<p>Este Laborat\u00f3rio tem como finalidade principal contribuir para as atividades relacionadas ao ensino, pesquisa e extens\u00e3o na \u00e1rea de Fisiologia Vegetal, atendendo aos cursos de gradua\u00e7\u00e3o (Ci\u00eancias Biol\u00f3gicas e Agronomia) e aos Programas de p\u00f3s-gradua\u00e7\u00e3o da Universidade Federal de Pelotas, e institui\u00e7\u00f5es conveniadas na forma da lei.<\/p>\n<p style=\"text-align: justify\">Dentre as atividades realizadas rotineiramente nos espa\u00e7os pertencentes ao LCTP est\u00e3o as seguintes: Preparo de meios de cultivo de plantas e bact\u00e9rias, preparo de solu\u00e7\u00f5es nutritivas diversas, realiza\u00e7\u00e3o de todas as etapas da micropropaga\u00e7\u00e3o e morfog\u00eanese in vitro, an\u00e1lises de biomol\u00e9culas, atividades enzim\u00e1ticas, an\u00e1lises bioqu\u00edmica, extra\u00e7\u00e3o de DNA e RNA, preparo de g\u00e9is de agarose e poliacrilamida, preparo de rea\u00e7\u00f5es de PCR para DNA e Real Time, atividades de imunoensaio, espectrom\u00e9tricos e cromatogr\u00e1ficos, centrifuga\u00e7\u00e3o de amostras, armazenamento de amostras, manuseio e preparo de reagentes, an\u00e1lise instrumental de processos metab\u00f3licos, manuseio de amostras congeladas em ultrafrezers e nitrog\u00eanio l\u00edquido.<\/p>\n<p>&nbsp;<\/p>\n<p><strong><u>Localiza\u00e7\u00e3o<\/u><\/strong><\/p>\n<p>&#8211; Campus:Cap\u00e3o do Le\u00e3o<\/p>\n<p>&#8211; Pr\u00e9dio\/Bloco: Pr\u00e9dio 14<\/p>\n<p>&#8211; Sala: LCTP<\/p>\n<p>&nbsp;<\/p>\n<p><strong><u>Contato<\/u><\/strong><\/p>\n<p>Nome do respons\u00e1vel: Eugenia Jacira Bolacel Braga<\/p>\n<p>Email: jacirabraga@hotmail.com<\/p>\n<p>&nbsp;<\/p>\n<p><strong><u>Equipamentos<\/u><\/strong><\/p>\n<p>&nbsp;<\/p>\n<table width=\"511\">\n<tbody>\n<tr>\n<td width=\"511\">C\u00e2mara BOD ELETROLAB EL202<\/td>\n<\/tr>\n<tr>\n<td width=\"511\">incubadora de cultura de tecidos vegetais duas portas (80x210x148cm)<\/td>\n<\/tr>\n<tr>\n<td width=\"511\">estufa DE LEO (68x72x106cm)<\/td>\n<\/tr>\n<tr>\n<td width=\"511\">bomba \u00e0 vacuo SCHULZ mod JET master<\/td>\n<\/tr>\n<tr>\n<td width=\"511\">lupa optom bilocular<\/td>\n<\/tr>\n<tr>\n<td width=\"511\">lupa beijinTecmod XTL2 bilocular 20x<\/td>\n<\/tr>\n<tr>\n<td width=\"511\">lupa PZO- LABMEX com transformador<\/td>\n<\/tr>\n<tr>\n<td width=\"511\">microsc\u00f3pio binoular PZO STUDAR<\/td>\n<\/tr>\n<tr>\n<td width=\"511\">Capela Fluxo laminar vertical<\/td>\n<\/tr>\n<tr>\n<td width=\"511\">Capela Fluxo laminar horizontal 2 lugares PureFier Series<\/td>\n<\/tr>\n<tr>\n<td width=\"511\">Capela Fluxo laminar horizontal 1 lugar VECO<\/td>\n<\/tr>\n<tr>\n<td width=\"511\">Capela Fluxo laminar vertical<\/td>\n<\/tr>\n<tr>\n<td width=\"511\">balan\u00e7a Marte semianal\u00edtica<\/td>\n<\/tr>\n<tr>\n<td width=\"511\">balan\u00e7a marte anal\u00edtica com capela<\/td>\n<\/tr>\n<tr>\n<td width=\"511\">balan\u00e7a bioprecisa com capela JA3003M<\/td>\n<\/tr>\n<tr>\n<td width=\"511\">agitador magn\u00e9tico com aquecimento Quimis<\/td>\n<\/tr>\n<tr>\n<td width=\"511\">agitador magn\u00e9tico com aquecimento Fisaton<\/td>\n<\/tr>\n<tr>\n<td width=\"511\">Phmetro digital mod 04400RS QUIMIS<\/td>\n<\/tr>\n<tr>\n<td width=\"511\">forno de microondas LG modMS3052A 30L<\/td>\n<\/tr>\n<tr>\n<td width=\"511\">BOD QUIMIS<\/td>\n<\/tr>\n<tr>\n<td width=\"511\">Estufa microprocessada com circula\u00e7\u00e3o de ar for\u00e7ada QUIMIS<\/td>\n<\/tr>\n<tr>\n<td width=\"511\">estufa de secagem QUIMIS<\/td>\n<\/tr>\n<tr>\n<td width=\"511\">Purificador de \u00e1gua Milli-Q Mega Purity<\/td>\n<\/tr>\n<tr>\n<td width=\"511\">destilador MARTE 5L\/h<\/td>\n<\/tr>\n<tr>\n<td width=\"511\">autoclave PHENIX<\/td>\n<\/tr>\n<tr>\n<td width=\"511\">estufa de secagem DE LEO<\/td>\n<\/tr>\n<tr>\n<td width=\"511\">estufa de secagem ROBOATTI mod 219<\/td>\n<\/tr>\n<tr>\n<td width=\"511\">destilador de \u00e1gua tipo Pilsen SL71\/20<\/td>\n<\/tr>\n<tr>\n<td width=\"511\">centr\u00edfuga refrigerada NOVA TECNICA<\/td>\n<\/tr>\n<tr>\n<td width=\"511\">centr\u00edfuga refrigerada TGL16M<\/td>\n<\/tr>\n<tr>\n<td width=\"511\">banho-maria DE LEO microprocessada<\/td>\n<\/tr>\n<tr>\n<td width=\"511\">agitador de solu\u00e7\u00f5es AP 59 Phenix<\/td>\n<\/tr>\n<tr>\n<td width=\"511\">capela de exaust\u00e3o PERMUTION<\/td>\n<\/tr>\n<tr>\n<td width=\"511\">centr\u00edfuga FAMEM tubo falconmod 2016-R<\/td>\n<\/tr>\n<tr>\n<td width=\"511\">balan\u00e7a semi-anal\u00edtica MARTE<\/td>\n<\/tr>\n<tr>\n<td width=\"511\">Real time Sistem BIO_RAD CFX96<\/td>\n<\/tr>\n<tr>\n<td width=\"511\">Computador com teclado e monitor<\/td>\n<\/tr>\n<tr>\n<td width=\"511\">PCR Sprint ThermoElectron Corporation<\/td>\n<\/tr>\n<tr>\n<td width=\"511\">centr\u00edfuga para placas miniP25<\/td>\n<\/tr>\n<tr>\n<td width=\"511\">termocicladorbiocycler<\/td>\n<\/tr>\n<tr>\n<td width=\"511\">espectrofot\u00f4metro GE ultoespect 7000<\/td>\n<\/tr>\n<tr>\n<td width=\"511\">fodocumentador LOUR acompanha CPU powersuplay e monitor<\/td>\n<\/tr>\n<tr>\n<td width=\"511\">picador de gelo RIVAL ICE CRUSHER<\/td>\n<\/tr>\n<tr>\n<td width=\"511\">cuba de sequenciamento SCI-Plas mod. TVS 1400<\/td>\n<\/tr>\n<tr>\n<td width=\"511\">POWER Suplay CONSORT E832<\/td>\n<\/tr>\n<tr>\n<td width=\"511\">powerSuplay POWER PAC HC BIO_RAD<\/td>\n<\/tr>\n<tr>\n<td width=\"511\">cuba de eletroforese horizontal BIO-RAD<\/td>\n<\/tr>\n<tr>\n<td width=\"511\">ultrafreezer ILSHN deepfreezes com 4 gavetas<\/td>\n<\/tr>\n<tr>\n<td width=\"511\">cilindro de Nitrog\u00eanio<\/td>\n<\/tr>\n<\/tbody>\n<\/table>\n<p><strong> <a href=\"https:\/\/wp.ufpel.edu.br\/nulab\/files\/2020\/09\/REGIMENTO-DO-LCTP-_Jose-Antonio-Peters.pdf\">REGIMENTO DO LCTP _Jos\u00e9 Antonio Peters<\/a><\/strong><\/p>\n<p><strong> <a href=\"https:\/\/wp.ufpel.edu.br\/nulab\/files\/2020\/09\/Plano-de-gerenciamento-de-residuos-LCPT.pdf\">Plano de gerenciamento de res\u00edduos LCPT<\/a><\/strong><\/p>\n<p><strong>\u00a0<\/strong><\/p>\n","protected":false},"excerpt":{"rendered":"<p>\u00a0 Nome do Laborat\u00f3rio: Laborat\u00f3rio de Cultura de Tecidos de Plantas Dr. Jos\u00e9 Antonio Peters Unidade: Instituto de Biologia Curso: Ci\u00eancias Biol\u00f3gicas \u2013 Licenciatura e Bacharelado, Agronomia Website: C\u00f3digo NULAB: &nbsp; Descri\u00e7\u00e3o do laborat\u00f3rio: O Laborat\u00f3rio de Cultura de Tecidos de Plantas (LCTP) \u00e9 um Laborat\u00f3rio Multiusu\u00e1rio, localizado no pr\u00e9dio 14 do Departamento de Bot\u00e2nica, [&hellip;]<\/p>\n","protected":false},"author":288,"featured_media":0,"parent":0,"menu_order":0,"comment_status":"closed","ping_status":"closed","template":"","meta":{"footnotes":""},"class_list":["post-3866","page","type-page","status-publish","hentry"],"_links":{"self":[{"href":"https:\/\/wp.ufpel.edu.br\/nulab\/wp-json\/wp\/v2\/pages\/3866","targetHints":{"allow":["GET"]}}],"collection":[{"href":"https:\/\/wp.ufpel.edu.br\/nulab\/wp-json\/wp\/v2\/pages"}],"about":[{"href":"https:\/\/wp.ufpel.edu.br\/nulab\/wp-json\/wp\/v2\/types\/page"}],"author":[{"embeddable":true,"href":"https:\/\/wp.ufpel.edu.br\/nulab\/wp-json\/wp\/v2\/users\/288"}],"replies":[{"embeddable":true,"href":"https:\/\/wp.ufpel.edu.br\/nulab\/wp-json\/wp\/v2\/comments?post=3866"}],"version-history":[{"count":7,"href":"https:\/\/wp.ufpel.edu.br\/nulab\/wp-json\/wp\/v2\/pages\/3866\/revisions"}],"predecessor-version":[{"id":4094,"href":"https:\/\/wp.ufpel.edu.br\/nulab\/wp-json\/wp\/v2\/pages\/3866\/revisions\/4094"}],"wp:attachment":[{"href":"https:\/\/wp.ufpel.edu.br\/nulab\/wp-json\/wp\/v2\/media?parent=3866"}],"curies":[{"name":"wp","href":"https:\/\/api.w.org\/{rel}","templated":true}]}}

Laboratório de Cultura de Tecidos de Plantas

<p><a href="https://wp.ufpel.edu.br/nulab/files/2020/09/IMG_8121-scaled.jpg" target="_blank" rel="noopener noreferrer"><img class="alignleft wp-image-3870" src="https://wp.ufpel.edu.br/nulab/files/2020/09/IMG_8121-400x300.jpg" alt="" width="132" height="99" srcset="https://wp.ufpel.edu.br/nulab/files/2020/09/IMG_8121-400x300.jpg 400w, https://wp.ufpel.edu.br/nulab/files/2020/09/IMG_8121-1024x768.jpg 1024w, https://wp.ufpel.edu.br/nulab/files/2020/09/IMG_8121-768x576.jpg 768w, https://wp.ufpel.edu.br/nulab/files/2020/09/IMG_8121-1536x1152.jpg 1536w, https://wp.ufpel.edu.br/nulab/files/2020/09/IMG_8121-2048x1536.jpg 2048w" sizes="(max-width: 132px) 100vw, 132px" /></a><a href="https://wp.ufpel.edu.br/nulab/files/2020/09/IMG_8124-scaled.jpg" target="_blank" rel="noopener noreferrer"><img class="alignnone wp-image-3871" src="https://wp.ufpel.edu.br/nulab/files/2020/09/IMG_8124-400x300.jpg" alt="" width="144" height="108" srcset="https://wp.ufpel.edu.br/nulab/files/2020/09/IMG_8124-400x300.jpg 400w, https://wp.ufpel.edu.br/nulab/files/2020/09/IMG_8124-1024x768.jpg 1024w, https://wp.ufpel.edu.br/nulab/files/2020/09/IMG_8124-768x576.jpg 768w, https://wp.ufpel.edu.br/nulab/files/2020/09/IMG_8124-1536x1152.jpg 1536w, https://wp.ufpel.edu.br/nulab/files/2020/09/IMG_8124-2048x1536.jpg 2048w" sizes="(max-width: 144px) 100vw, 144px" /></a> <a href="https://wp.ufpel.edu.br/nulab/files/2020/09/IMG_8119-scaled.jpg" target="_blank" rel="noopener noreferrer"><img class="alignnone wp-image-3872" src="https://wp.ufpel.edu.br/nulab/files/2020/09/IMG_8119-400x300.jpg" alt="" width="134" height="100" srcset="https://wp.ufpel.edu.br/nulab/files/2020/09/IMG_8119-400x300.jpg 400w, https://wp.ufpel.edu.br/nulab/files/2020/09/IMG_8119-1024x768.jpg 1024w, https://wp.ufpel.edu.br/nulab/files/2020/09/IMG_8119-768x576.jpg 768w, https://wp.ufpel.edu.br/nulab/files/2020/09/IMG_8119-1536x1152.jpg 1536w, https://wp.ufpel.edu.br/nulab/files/2020/09/IMG_8119-2048x1536.jpg 2048w" sizes="(max-width: 134px) 100vw, 134px" /></a> <a href="https://wp.ufpel.edu.br/nulab/files/2020/09/IMG_8129-scaled.jpg" target="_blank" rel="noopener noreferrer"><img class="alignnone wp-image-3873" src="https://wp.ufpel.edu.br/nulab/files/2020/09/IMG_8129-400x300.jpg" alt="" width="132" height="99" srcset="https://wp.ufpel.edu.br/nulab/files/2020/09/IMG_8129-400x300.jpg 400w, https://wp.ufpel.edu.br/nulab/files/2020/09/IMG_8129-1024x768.jpg 1024w, https://wp.ufpel.edu.br/nulab/files/2020/09/IMG_8129-768x576.jpg 768w, https://wp.ufpel.edu.br/nulab/files/2020/09/IMG_8129-1536x1152.jpg 1536w, https://wp.ufpel.edu.br/nulab/files/2020/09/IMG_8129-2048x1536.jpg 2048w" sizes="(max-width: 132px) 100vw, 132px" /></a></p>
<p><strong><u>Nome do Laboratório</u></strong><strong>: </strong>Laboratório de Cultura de Tecidos de Plantas Dr. José Antonio Peters</p>
<p><strong><u>Unidade</u></strong><strong>:</strong> Instituto de Biologia</p>
<p><strong><u>Curso</u></strong>: Ciências Biológicas – Licenciatura e Bacharelado, Agronomia</p>
<p><strong><u>Website</u></strong>:</p>
<p><strong><u>Código NULAB</u></strong><strong>:</strong></p>
<p>&nbsp;</p>
<p><strong><u>Descrição do laboratório</u></strong><strong>:</strong></p>
<p>O Laboratório de Cultura de Tecidos de Plantas (LCTP) é um Laboratório Multiusuário, localizado no prédio 14 do Departamento de Botânica, Instituto de Biologia, Campus Capão do Leão.A responsabilidade pelo LCTP é dos professores, Eugenia Jacira Bolacel Braga e Valmor João Bianchi.</p>
<p>Este Laboratório tem como finalidade principal contribuir para as atividades relacionadas ao ensino, pesquisa e extensão na área de Fisiologia Vegetal, atendendo aos cursos de graduação (Ciências Biológicas e Agronomia) e aos Programas de pós-graduação da Universidade Federal de Pelotas, e instituições conveniadas na forma da lei.</p>
<p style="text-align: justify">Dentre as atividades realizadas rotineiramente nos espaços pertencentes ao LCTP estão as seguintes: Preparo de meios de cultivo de plantas e bactérias, preparo de soluções nutritivas diversas, realização de todas as etapas da micropropagação e morfogênese in vitro, análises de biomoléculas, atividades enzimáticas, análises bioquímica, extração de DNA e RNA, preparo de géis de agarose e poliacrilamida, preparo de reações de PCR para DNA e Real Time, atividades de imunoensaio, espectrométricos e cromatográficos, centrifugação de amostras, armazenamento de amostras, manuseio e preparo de reagentes, análise instrumental de processos metabólicos, manuseio de amostras congeladas em ultrafrezers e nitrogênio líquido.</p>
<p>&nbsp;</p>
<p><strong><u>Localização</u></strong></p>
<p>&#8211; Campus:Capão do Leão</p>
<p>&#8211; Prédio/Bloco: Prédio 14</p>
<p>&#8211; Sala: LCTP</p>
<p>&nbsp;</p>
<p><strong><u>Contato</u></strong></p>
<p>Nome do responsável: Eugenia Jacira Bolacel Braga</p>
<p>Email: jacirabraga@hotmail.com</p>
<p>&nbsp;</p>
<p><strong><u>Equipamentos</u></strong></p>
<p>&nbsp;</p>
<table width="511">
<tbody>
<tr>
<td width="511">Câmara BOD ELETROLAB EL202</td>
</tr>
<tr>
<td width="511">incubadora de cultura de tecidos vegetais duas portas (80x210x148cm)</td>
</tr>
<tr>
<td width="511">estufa DE LEO (68x72x106cm)</td>
</tr>
<tr>
<td width="511">bomba à vacuo SCHULZ mod JET master</td>
</tr>
<tr>
<td width="511">lupa optom bilocular</td>
</tr>
<tr>
<td width="511">lupa beijinTecmod XTL2 bilocular 20x</td>
</tr>
<tr>
<td width="511">lupa PZO- LABMEX com transformador</td>
</tr>
<tr>
<td width="511">microscópio binoular PZO STUDAR</td>
</tr>
<tr>
<td width="511">Capela Fluxo laminar vertical</td>
</tr>
<tr>
<td width="511">Capela Fluxo laminar horizontal 2 lugares PureFier Series</td>
</tr>
<tr>
<td width="511">Capela Fluxo laminar horizontal 1 lugar VECO</td>
</tr>
<tr>
<td width="511">Capela Fluxo laminar vertical</td>
</tr>
<tr>
<td width="511">balança Marte semianalítica</td>
</tr>
<tr>
<td width="511">balança marte analítica com capela</td>
</tr>
<tr>
<td width="511">balança bioprecisa com capela JA3003M</td>
</tr>
<tr>
<td width="511">agitador magnético com aquecimento Quimis</td>
</tr>
<tr>
<td width="511">agitador magnético com aquecimento Fisaton</td>
</tr>
<tr>
<td width="511">Phmetro digital mod 04400RS QUIMIS</td>
</tr>
<tr>
<td width="511">forno de microondas LG modMS3052A 30L</td>
</tr>
<tr>
<td width="511">BOD QUIMIS</td>
</tr>
<tr>
<td width="511">Estufa microprocessada com circulação de ar forçada QUIMIS</td>
</tr>
<tr>
<td width="511">estufa de secagem QUIMIS</td>
</tr>
<tr>
<td width="511">Purificador de água Milli-Q Mega Purity</td>
</tr>
<tr>
<td width="511">destilador MARTE 5L/h</td>
</tr>
<tr>
<td width="511">autoclave PHENIX</td>
</tr>
<tr>
<td width="511">estufa de secagem DE LEO</td>
</tr>
<tr>
<td width="511">estufa de secagem ROBOATTI mod 219</td>
</tr>
<tr>
<td width="511">destilador de água tipo Pilsen SL71/20</td>
</tr>
<tr>
<td width="511">centrífuga refrigerada NOVA TECNICA</td>
</tr>
<tr>
<td width="511">centrífuga refrigerada TGL16M</td>
</tr>
<tr>
<td width="511">banho-maria DE LEO microprocessada</td>
</tr>
<tr>
<td width="511">agitador de soluções AP 59 Phenix</td>
</tr>
<tr>
<td width="511">capela de exaustão PERMUTION</td>
</tr>
<tr>
<td width="511">centrífuga FAMEM tubo falconmod 2016-R</td>
</tr>
<tr>
<td width="511">balança semi-analítica MARTE</td>
</tr>
<tr>
<td width="511">Real time Sistem BIO_RAD CFX96</td>
</tr>
<tr>
<td width="511">Computador com teclado e monitor</td>
</tr>
<tr>
<td width="511">PCR Sprint ThermoElectron Corporation</td>
</tr>
<tr>
<td width="511">centrífuga para placas miniP25</td>
</tr>
<tr>
<td width="511">termocicladorbiocycler</td>
</tr>
<tr>
<td width="511">espectrofotômetro GE ultoespect 7000</td>
</tr>
<tr>
<td width="511">fodocumentador LOUR acompanha CPU powersuplay e monitor</td>
</tr>
<tr>
<td width="511">picador de gelo RIVAL ICE CRUSHER</td>
</tr>
<tr>
<td width="511">cuba de sequenciamento SCI-Plas mod. TVS 1400</td>
</tr>
<tr>
<td width="511">POWER Suplay CONSORT E832</td>
</tr>
<tr>
<td width="511">powerSuplay POWER PAC HC BIO_RAD</td>
</tr>
<tr>
<td width="511">cuba de eletroforese horizontal BIO-RAD</td>
</tr>
<tr>
<td width="511">ultrafreezer ILSHN deepfreezes com 4 gavetas</td>
</tr>
<tr>
<td width="511">cilindro de Nitrogênio</td>
</tr>
</tbody>
</table>
<p><strong> <a href="https://wp.ufpel.edu.br/nulab/files/2020/09/REGIMENTO-DO-LCTP-_Jose-Antonio-Peters.pdf">REGIMENTO DO LCTP _José Antonio Peters</a></strong></p>
<p><strong> <a href="https://wp.ufpel.edu.br/nulab/files/2020/09/Plano-de-gerenciamento-de-residuos-LCPT.pdf">Plano de gerenciamento de resíduos LCPT</a></strong></p>
<p><strong> </strong></p>

<p>  Nome do Laboratório: Laboratório de Cultura de Tecidos de Plantas Dr. José Antonio Peters Unidade: Instituto de Biologia Curso: Ciências Biológicas – Licenciatura e Bacharelado, Agronomia Website: Código NULAB: &nbsp; Descrição do laboratório: O Laboratório de Cultura de Tecidos de Plantas (LCTP) é um Laboratório Multiusuário, localizado no prédio 14 do Departamento de Botânica, [&hellip;]</p>
