{"id":3675,"date":"2016-12-16T08:54:39","date_gmt":"2016-12-16T10:54:39","guid":{"rendered":"https:\/\/wp.ufpel.edu.br\/nulab\/?page_id=3675"},"modified":"2016-12-20T10:18:42","modified_gmt":"2016-12-20T12:18:42","slug":"biotecnologia","status":"publish","type":"page","link":"https:\/\/wp.ufpel.edu.br\/nulab\/cdtec\/biotecnologia\/","title":{"rendered":"Biotecnologia"},"content":{"rendered":"<p><a href=\"https:\/\/wp.ufpel.edu.br\/nulab\/laboratorio-de-bioinformatica\/\">Laborat\u00f3rio de Bioinform\u00e1tica<\/a><\/p>\n<p><a href=\"https:\/\/wp.ufpel.edu.br\/nulab\/bioprolab\/\">Laborat\u00f3rio de Bioinform\u00e1tica e Prote\u00f4mica Aplicada (BIOPROLAB)<\/a><\/p>\n<p><a href=\"https:\/\/wp.ufpel.edu.br\/nulab\/laboratorio-de-biopolimeros\/\">Laborat\u00f3rio de Biopol\u00edmeros<\/a><\/p>\n<p><a href=\"https:\/\/wp.ufpel.edu.br\/nulab\/biotecnologia-do-cancer\/\">Laborat\u00f3rio de Biotecnologia do C\u00e2ncer<\/a><\/p>\n<p><a href=\"https:\/\/wp.ufpel.edu.br\/nulab\/laboratorio-de-doencas-infecciosas\/\">Laborat\u00f3rio de Doen\u00e7as Infecciosas<\/a><\/p>\n<p><a href=\"https:\/\/wp.ufpel.edu.br\/nulab\/laboratorio-de-genomica-estrutural\/\">Laborat\u00f3rio de Gen\u00f4mica Estrutural<\/a><\/p>\n<p><a href=\"https:\/\/wp.ufpel.edu.br\/nulab\/laboratorio-de-imunologia-aplicada\/\">Laborat\u00f3rio de Imunologia Aplicada<\/a><\/p>\n<p><a href=\"https:\/\/wp.ufpel.edu.br\/nulab\/laboratorio-de-microbiologia-2\/\">Laborat\u00f3rio de Microbiologia<\/a><\/p>\n<p><a href=\"https:\/\/wp.ufpel.edu.br\/nulab\/laboratorio-de-multiusuarios\/\">Laborat\u00f3rio de Multiusu\u00e1rios<\/a><\/p>\n<p><a href=\"https:\/\/wp.ufpel.edu.br\/nulab\/laboratorio-de-vacinologia\/\">Laborat\u00f3rio de Vacinologia<\/a><\/p>\n<p><a href=\"https:\/\/wp.ufpel.edu.br\/nulab\/laboratorio-neurobiotecnologia\/\">Laborat\u00f3rio de Neurobiotecnologia<\/a><\/p>\n<p><a href=\"https:\/\/wp.ufpel.edu.br\/nulab\/sala-watson-e-crick\/\">Sala Watson e Crick<\/a><\/p>\n","protected":false},"excerpt":{"rendered":"<p>Laborat\u00f3rio de Bioinform\u00e1tica Laborat\u00f3rio de Bioinform\u00e1tica e Prote\u00f4mica Aplicada (BIOPROLAB) Laborat\u00f3rio de Biopol\u00edmeros Laborat\u00f3rio de Biotecnologia do C\u00e2ncer Laborat\u00f3rio de Doen\u00e7as Infecciosas Laborat\u00f3rio de Gen\u00f4mica Estrutural Laborat\u00f3rio de Imunologia Aplicada Laborat\u00f3rio de Microbiologia Laborat\u00f3rio de Multiusu\u00e1rios Laborat\u00f3rio de Vacinologia Laborat\u00f3rio de Neurobiotecnologia Sala Watson e Crick<\/p>\n","protected":false},"author":634,"featured_media":0,"parent":83,"menu_order":0,"comment_status":"closed","ping_status":"closed","template":"","meta":{"footnotes":""},"class_list":["post-3675","page","type-page","status-publish","hentry"],"_links":{"self":[{"href":"https:\/\/wp.ufpel.edu.br\/nulab\/wp-json\/wp\/v2\/pages\/3675","targetHints":{"allow":["GET"]}}],"collection":[{"href":"https:\/\/wp.ufpel.edu.br\/nulab\/wp-json\/wp\/v2\/pages"}],"about":[{"href":"https:\/\/wp.ufpel.edu.br\/nulab\/wp-json\/wp\/v2\/types\/page"}],"author":[{"embeddable":true,"href":"https:\/\/wp.ufpel.edu.br\/nulab\/wp-json\/wp\/v2\/users\/634"}],"replies":[{"embeddable":true,"href":"https:\/\/wp.ufpel.edu.br\/nulab\/wp-json\/wp\/v2\/comments?post=3675"}],"version-history":[{"count":16,"href":"https:\/\/wp.ufpel.edu.br\/nulab\/wp-json\/wp\/v2\/pages\/3675\/revisions"}],"predecessor-version":[{"id":3686,"href":"https:\/\/wp.ufpel.edu.br\/nulab\/wp-json\/wp\/v2\/pages\/3675\/revisions\/3686"}],"up":[{"embeddable":true,"href":"https:\/\/wp.ufpel.edu.br\/nulab\/wp-json\/wp\/v2\/pages\/83"}],"wp:attachment":[{"href":"https:\/\/wp.ufpel.edu.br\/nulab\/wp-json\/wp\/v2\/media?parent=3675"}],"curies":[{"name":"wp","href":"https:\/\/api.w.org\/{rel}","templated":true}]}}