{"id":2097,"date":"2016-06-07T11:57:01","date_gmt":"2016-06-07T14:57:01","guid":{"rendered":"https:\/\/wp.ufpel.edu.br\/nulab\/?page_id=2097"},"modified":"2016-11-30T08:52:05","modified_gmt":"2016-11-30T10:52:05","slug":"engenharia-agricola","status":"publish","type":"page","link":"https:\/\/wp.ufpel.edu.br\/nulab\/ceng\/engenharia-agricola\/","title":{"rendered":"Engenharia Agr\u00edcola"},"content":{"rendered":"<p><a href=\"https:\/\/wp.ufpel.edu.br\/nulab\/lqg\/\">Laborat\u00f3rio de Qualidade de Gr\u00e3os (LQC)<\/a><\/p>\n<p><a href=\"https:\/\/wp.ufpel.edu.br\/nulab\/lepc\/\">Laborat\u00f3rio de Engenharia de P\u00f3s-Colheita (LEPC)<\/a><\/p>\n<p><a href=\"https:\/\/wp.ufpel.edu.br\/nulab\/lai\/\">Laborat\u00f3rio de Automa\u00e7\u00e3o Industrial (LAI)<\/a><\/p>\n<p><a href=\"https:\/\/wp.ufpel.edu.br\/nulab\/lapramec\/\">Laborat\u00f3rio de Pr\u00e1ticas Mec\u00e2nicas (LAPRAMEC)<\/a><\/p>\n<p><a href=\"https:\/\/wp.ufpel.edu.br\/nulab\/laboratorio-de-materiais-e-tecnicas-construtivas\/\">Laborat\u00f3rio de Materiais e T\u00e9cnicas Construtivas<\/a><\/p>\n<p><a href=\"https:\/\/wp.ufpel.edu.br\/nulab\/laboratorio-de-projetos\/\">Laborat\u00f3rio de Projetos<\/a><\/p>\n<p><a href=\"https:\/\/wp.ufpel.edu.br\/nulab\/laboratorio-de-geoprocessamento-aplicado-a-estudos-ambientais\/\">Laborat\u00f3rio de Geoprocessamento Aplicado a Estudos Ambientais<\/a><\/p>\n<p><a href=\"https:\/\/wp.ufpel.edu.br\/nulab\/laboratorio-de-analise-de-aguas-e-efluentes\/\">Laborat\u00f3rio de An\u00e1lise de \u00c1guas e Efluentes<\/a><\/p>\n<p><a href=\"https:\/\/wp.ufpel.edu.br\/nulab\/nemc\/\">N\u00facleo de Estudos de Materiais Comp\u00f3sitos (NEMC)<\/a><\/p>\n<p><a href=\"https:\/\/wp.ufpel.edu.br\/nulab\/laca\/\">Laborat\u00f3rio de Conforto Ambiental (LACA)<\/a><\/p>\n<p><a href=\"https:\/\/wp.ufpel.edu.br\/nulab\/laboratorio-de-mecanica-dos-solos\/\">Laborat\u00f3rio de Mec\u00e2nica dos Solos<\/a><\/p>\n<p><a href=\"https:\/\/wp.ufpel.edu.br\/nulab\/laboratorio-de-informatica-da-graduacao-ceng1\/\">Laborat\u00f3rio de Inform\u00e1tica da Gradua\u00e7\u00e3o (LIG)<\/a><\/p>\n<p><a href=\"https:\/\/wp.ufpel.edu.br\/nulab\/laboratorio-de-eletrotecnica\/\">Laborat\u00f3rio de Eletrot\u00e9cnica<\/a><\/p>\n","protected":false},"excerpt":{"rendered":"<p>Laborat\u00f3rio de Qualidade de Gr\u00e3os (LQC) Laborat\u00f3rio de Engenharia de P\u00f3s-Colheita (LEPC) Laborat\u00f3rio de Automa\u00e7\u00e3o Industrial (LAI) Laborat\u00f3rio de Pr\u00e1ticas Mec\u00e2nicas (LAPRAMEC) Laborat\u00f3rio de Materiais e T\u00e9cnicas Construtivas Laborat\u00f3rio de Projetos Laborat\u00f3rio de Geoprocessamento Aplicado a Estudos Ambientais Laborat\u00f3rio de An\u00e1lise de \u00c1guas e Efluentes N\u00facleo de Estudos de Materiais Comp\u00f3sitos (NEMC) Laborat\u00f3rio de Conforto [&hellip;]<\/p>\n","protected":false},"author":634,"featured_media":0,"parent":86,"menu_order":0,"comment_status":"closed","ping_status":"closed","template":"","meta":{"footnotes":""},"class_list":["post-2097","page","type-page","status-publish","hentry"],"_links":{"self":[{"href":"https:\/\/wp.ufpel.edu.br\/nulab\/wp-json\/wp\/v2\/pages\/2097","targetHints":{"allow":["GET"]}}],"collection":[{"href":"https:\/\/wp.ufpel.edu.br\/nulab\/wp-json\/wp\/v2\/pages"}],"about":[{"href":"https:\/\/wp.ufpel.edu.br\/nulab\/wp-json\/wp\/v2\/types\/page"}],"author":[{"embeddable":true,"href":"https:\/\/wp.ufpel.edu.br\/nulab\/wp-json\/wp\/v2\/users\/634"}],"replies":[{"embeddable":true,"href":"https:\/\/wp.ufpel.edu.br\/nulab\/wp-json\/wp\/v2\/comments?post=2097"}],"version-history":[{"count":15,"href":"https:\/\/wp.ufpel.edu.br\/nulab\/wp-json\/wp\/v2\/pages\/2097\/revisions"}],"predecessor-version":[{"id":3360,"href":"https:\/\/wp.ufpel.edu.br\/nulab\/wp-json\/wp\/v2\/pages\/2097\/revisions\/3360"}],"up":[{"embeddable":true,"href":"https:\/\/wp.ufpel.edu.br\/nulab\/wp-json\/wp\/v2\/pages\/86"}],"wp:attachment":[{"href":"https:\/\/wp.ufpel.edu.br\/nulab\/wp-json\/wp\/v2\/media?parent=2097"}],"curies":[{"name":"wp","href":"https:\/\/api.w.org\/{rel}","templated":true}]}}