{"id":2070,"date":"2016-06-07T11:38:07","date_gmt":"2016-06-07T14:38:07","guid":{"rendered":"https:\/\/wp.ufpel.edu.br\/nulab\/?page_id=2070"},"modified":"2016-06-07T11:49:40","modified_gmt":"2016-06-07T14:49:40","slug":"enfermagem","status":"publish","type":"page","link":"https:\/\/wp.ufpel.edu.br\/nulab\/feo\/enfermagem\/","title":{"rendered":"Enfermagem"},"content":{"rendered":"<p><a href=\"https:\/\/wp.ufpel.edu.br\/nulab\/laboratorio-de-informatica-fn\/\">Laborat\u00f3rio de Inform\u00e1tica (LIG)<\/a><\/p>\n<p><a href=\"https:\/\/wp.ufpel.edu.br\/nulab\/laboratorio-anatomo-funcional\/\">Laborat\u00f3rio Anatomo Funcional<\/a><\/p>\n<p><a href=\"https:\/\/wp.ufpel.edu.br\/nulab\/laboratorio-materno-infantil\/\">Laborat\u00f3rio Materno Infantil<\/a><\/p>\n<p><a href=\"https:\/\/wp.ufpel.edu.br\/nulab\/laboratorio-de-exame-fisico\/\">Laborat\u00f3rio de Exame F\u00edsico<\/a><\/p>\n<p><a href=\"https:\/\/wp.ufpel.edu.br\/nulab\/laboratorio-de-praticas-de-enfermagem-01\/\">Laborat\u00f3rio de Pr\u00e1ticas de Enfermagem 01<\/a><\/p>\n<p><a href=\"https:\/\/wp.ufpel.edu.br\/nulab\/laboratorio-de-praticas-de-enfermagem-02\/\">Laborat\u00f3rio de Pr\u00e1ticas de Enfermagem 02<\/a><\/p>\n<p><a href=\"https:\/\/wp.ufpel.edu.br\/nulab\/laboratorio-de-cuidado-em-saude-e-plantas-bioativas\/\">Laborat\u00f3rio de Cuidado em Sa\u00fade e Plantas Bioativas<\/a><\/p>\n","protected":false},"excerpt":{"rendered":"<p>Laborat\u00f3rio de Inform\u00e1tica (LIG) Laborat\u00f3rio Anatomo Funcional Laborat\u00f3rio Materno Infantil Laborat\u00f3rio de Exame F\u00edsico Laborat\u00f3rio de Pr\u00e1ticas de Enfermagem 01 Laborat\u00f3rio de Pr\u00e1ticas de Enfermagem 02 Laborat\u00f3rio de Cuidado em Sa\u00fade e Plantas Bioativas<\/p>\n","protected":false},"author":634,"featured_media":0,"parent":56,"menu_order":0,"comment_status":"closed","ping_status":"closed","template":"","meta":{"footnotes":""},"class_list":["post-2070","page","type-page","status-publish","hentry"],"_links":{"self":[{"href":"https:\/\/wp.ufpel.edu.br\/nulab\/wp-json\/wp\/v2\/pages\/2070","targetHints":{"allow":["GET"]}}],"collection":[{"href":"https:\/\/wp.ufpel.edu.br\/nulab\/wp-json\/wp\/v2\/pages"}],"about":[{"href":"https:\/\/wp.ufpel.edu.br\/nulab\/wp-json\/wp\/v2\/types\/page"}],"author":[{"embeddable":true,"href":"https:\/\/wp.ufpel.edu.br\/nulab\/wp-json\/wp\/v2\/users\/634"}],"replies":[{"embeddable":true,"href":"https:\/\/wp.ufpel.edu.br\/nulab\/wp-json\/wp\/v2\/comments?post=2070"}],"version-history":[{"count":2,"href":"https:\/\/wp.ufpel.edu.br\/nulab\/wp-json\/wp\/v2\/pages\/2070\/revisions"}],"predecessor-version":[{"id":2078,"href":"https:\/\/wp.ufpel.edu.br\/nulab\/wp-json\/wp\/v2\/pages\/2070\/revisions\/2078"}],"up":[{"embeddable":true,"href":"https:\/\/wp.ufpel.edu.br\/nulab\/wp-json\/wp\/v2\/pages\/56"}],"wp:attachment":[{"href":"https:\/\/wp.ufpel.edu.br\/nulab\/wp-json\/wp\/v2\/media?parent=2070"}],"curies":[{"name":"wp","href":"https:\/\/api.w.org\/{rel}","templated":true}]}}