{"id":2057,"date":"2016-06-07T11:33:19","date_gmt":"2016-06-07T14:33:19","guid":{"rendered":"https:\/\/wp.ufpel.edu.br\/nulab\/?page_id=2057"},"modified":"2016-09-02T09:54:43","modified_gmt":"2016-09-02T12:54:43","slug":"hotelaria-tecnologico","status":"publish","type":"page","link":"https:\/\/wp.ufpel.edu.br\/nulab\/cim\/hotelaria-tecnologico\/","title":{"rendered":"Hotelaria (Tecnol\u00f3gico)"},"content":{"rendered":"<p><a href=\"https:\/\/wp.ufpel.edu.br\/nulab\/laboratorio-de-alimentacao-coletiva\/\">Laborat\u00f3rio de Alimenta\u00e7\u00e3o Coletiva<\/a><\/p>\n<p><a href=\"https:\/\/wp.ufpel.edu.br\/nulab\/lig-grande-hotel\/\">Laborat\u00f3rio de Inform\u00e1tica (Grande Hotel)<\/a><\/p>\n<p><a href=\"https:\/\/wp.ufpel.edu.br\/nulab\/laboratorio-de-tecnica-dieteticas\/\">Laborat\u00f3rio de T\u00e9cnica Diet\u00e9tica<\/a><\/p>\n","protected":false},"excerpt":{"rendered":"<p>Laborat\u00f3rio de Alimenta\u00e7\u00e3o Coletiva Laborat\u00f3rio de Inform\u00e1tica (Grande Hotel) Laborat\u00f3rio de T\u00e9cnica Diet\u00e9tica<\/p>\n","protected":false},"author":634,"featured_media":0,"parent":6,"menu_order":0,"comment_status":"closed","ping_status":"closed","template":"","meta":{"footnotes":""},"class_list":["post-2057","page","type-page","status-publish","hentry"],"_links":{"self":[{"href":"https:\/\/wp.ufpel.edu.br\/nulab\/wp-json\/wp\/v2\/pages\/2057","targetHints":{"allow":["GET"]}}],"collection":[{"href":"https:\/\/wp.ufpel.edu.br\/nulab\/wp-json\/wp\/v2\/pages"}],"about":[{"href":"https:\/\/wp.ufpel.edu.br\/nulab\/wp-json\/wp\/v2\/types\/page"}],"author":[{"embeddable":true,"href":"https:\/\/wp.ufpel.edu.br\/nulab\/wp-json\/wp\/v2\/users\/634"}],"replies":[{"embeddable":true,"href":"https:\/\/wp.ufpel.edu.br\/nulab\/wp-json\/wp\/v2\/comments?post=2057"}],"version-history":[{"count":4,"href":"https:\/\/wp.ufpel.edu.br\/nulab\/wp-json\/wp\/v2\/pages\/2057\/revisions"}],"predecessor-version":[{"id":2823,"href":"https:\/\/wp.ufpel.edu.br\/nulab\/wp-json\/wp\/v2\/pages\/2057\/revisions\/2823"}],"up":[{"embeddable":true,"href":"https:\/\/wp.ufpel.edu.br\/nulab\/wp-json\/wp\/v2\/pages\/6"}],"wp:attachment":[{"href":"https:\/\/wp.ufpel.edu.br\/nulab\/wp-json\/wp\/v2\/media?parent=2057"}],"curies":[{"name":"wp","href":"https:\/\/api.w.org\/{rel}","templated":true}]}}