{"id":1981,"date":"2016-06-06T12:27:10","date_gmt":"2016-06-06T15:27:10","guid":{"rendered":"https:\/\/wp.ufpel.edu.br\/nulab\/?page_id=1981"},"modified":"2016-06-09T11:43:43","modified_gmt":"2016-06-09T14:43:43","slug":"letras-licenciaturas","status":"publish","type":"page","link":"https:\/\/wp.ufpel.edu.br\/nulab\/clc\/letras-licenciaturas\/","title":{"rendered":"Letras (Licenciaturas)"},"content":{"rendered":"<p><a href=\"https:\/\/wp.ufpel.edu.br\/nulab\/clc\/letras-licenciaturas\/portugues\/\">Portugu\u00eas<\/a><\/p>\n<p><a href=\"https:\/\/wp.ufpel.edu.br\/nulab\/clc\/letras-licenciaturas\/portugues-e-alemao\/\">Portugu\u00eas e Alem\u00e3o<\/a><\/p>\n<p><a href=\"https:\/\/wp.ufpel.edu.br\/nulab\/clc\/letras-licenciaturas\/portugues-e-espanhol\/\">Portugu\u00eas e Espanhol<\/a><\/p>\n<p><a href=\"https:\/\/wp.ufpel.edu.br\/nulab\/clc\/letras-licenciaturas\/portugues-e-espanhol-ensino-a-distancia\/\">Portugu\u00eas e Espanhol (Ensino a Dist\u00e2ncia)<\/a><\/p>\n<p><a href=\"https:\/\/wp.ufpel.edu.br\/nulab\/clc\/letras-licenciaturas\/portugues-e-frances\/\">Portugu\u00eas e Franc\u00eas<\/a><\/p>\n<p><a href=\"https:\/\/wp.ufpel.edu.br\/nulab\/clc\/letras-licenciaturas\/portugues-e-ingles\/\">Portugu\u00eas e Ingl\u00eas<\/a><\/p>\n","protected":false},"excerpt":{"rendered":"<p>Portugu\u00eas Portugu\u00eas e Alem\u00e3o Portugu\u00eas e Espanhol Portugu\u00eas e Espanhol (Ensino a Dist\u00e2ncia) Portugu\u00eas e Franc\u00eas Portugu\u00eas e Ingl\u00eas<\/p>\n","protected":false},"author":634,"featured_media":0,"parent":95,"menu_order":0,"comment_status":"closed","ping_status":"closed","template":"","meta":{"footnotes":""},"class_list":["post-1981","page","type-page","status-publish","hentry"],"_links":{"self":[{"href":"https:\/\/wp.ufpel.edu.br\/nulab\/wp-json\/wp\/v2\/pages\/1981","targetHints":{"allow":["GET"]}}],"collection":[{"href":"https:\/\/wp.ufpel.edu.br\/nulab\/wp-json\/wp\/v2\/pages"}],"about":[{"href":"https:\/\/wp.ufpel.edu.br\/nulab\/wp-json\/wp\/v2\/types\/page"}],"author":[{"embeddable":true,"href":"https:\/\/wp.ufpel.edu.br\/nulab\/wp-json\/wp\/v2\/users\/634"}],"replies":[{"embeddable":true,"href":"https:\/\/wp.ufpel.edu.br\/nulab\/wp-json\/wp\/v2\/comments?post=1981"}],"version-history":[{"count":4,"href":"https:\/\/wp.ufpel.edu.br\/nulab\/wp-json\/wp\/v2\/pages\/1981\/revisions"}],"predecessor-version":[{"id":2147,"href":"https:\/\/wp.ufpel.edu.br\/nulab\/wp-json\/wp\/v2\/pages\/1981\/revisions\/2147"}],"up":[{"embeddable":true,"href":"https:\/\/wp.ufpel.edu.br\/nulab\/wp-json\/wp\/v2\/pages\/95"}],"wp:attachment":[{"href":"https:\/\/wp.ufpel.edu.br\/nulab\/wp-json\/wp\/v2\/media?parent=1981"}],"curies":[{"name":"wp","href":"https:\/\/api.w.org\/{rel}","templated":true}]}}