{"id":1970,"date":"2016-06-06T12:03:45","date_gmt":"2016-06-06T15:03:45","guid":{"rendered":"https:\/\/wp.ufpel.edu.br\/nulab\/?page_id=1970"},"modified":"2016-06-06T12:03:45","modified_gmt":"2016-06-06T15:03:45","slug":"arquitetura-e-urbanismo","status":"publish","type":"page","link":"https:\/\/wp.ufpel.edu.br\/nulab\/faurb\/arquitetura-e-urbanismo\/","title":{"rendered":"Arquitetura e Urbanismo"},"content":{"rendered":"<p><a href=\"https:\/\/wp.ufpel.edu.br\/nulab\/grupo-de-estudos-em-grafica-digital-gegradi\/\">Grupo de Estudos em Gr\u00e1fica Digital (GEGRADI)<\/a><\/p>\n<p><a href=\"https:\/\/wp.ufpel.edu.br\/nulab\/laboratorio-de-conforto-e-eficiencia-energetica-labcee\/\">Laborat\u00f3rio de Conforto e Efici\u00eancia Energ\u00e9tica (LABCEE)<\/a><\/p>\n<p><a href=\"https:\/\/wp.ufpel.edu.br\/nulab\/laboratorio-de-informatica-de-arquitetura-e-urbanismo-lablau\/\">Laborat\u00f3rio de Inform\u00e1tica de Arquitetura e Urbanismo (LABLAU)<\/a><\/p>\n<p>Laborat\u00f3rio de Inspe\u00e7\u00e3o de Efici\u00eancia Energ\u00e9tica em Edifica\u00e7\u00f5es (LINSE)<\/p>\n<p><a href=\"https:\/\/wp.ufpel.edu.br\/nulab\/laboratorio-de-urbanismo-laburb\/\">Laborat\u00f3rio de Urbanismo (LABURB)<\/a><\/p>\n<p><a href=\"https:\/\/wp.ufpel.edu.br\/nulab\/maquetaria\/\">Maquetaria<\/a><\/p>\n<p><a href=\"https:\/\/wp.ufpel.edu.br\/nulab\/nucleo-de-estudos-de-arquitetura-e-urbanismo-neab\/\">N\u00facleo de Estudos de Arquitetura e Urbanismo (NEAB)<\/a><\/p>\n<p><a href=\"https:\/\/wp.ufpel.edu.br\/nulab\/nucleo-de-pesquisa-e-extensao-em-arquitetura-e-urbanismo-naurb\/\">N\u00facleo de Pesquisa e Extens\u00e3o em Arquitetura e Urbanismo (NAURB)<\/a><\/p>\n","protected":false},"excerpt":{"rendered":"<p>Grupo de Estudos em Gr\u00e1fica Digital (GEGRADI) Laborat\u00f3rio de Conforto e Efici\u00eancia Energ\u00e9tica (LABCEE) Laborat\u00f3rio de Inform\u00e1tica de Arquitetura e Urbanismo (LABLAU) Laborat\u00f3rio de Inspe\u00e7\u00e3o de Efici\u00eancia Energ\u00e9tica em Edifica\u00e7\u00f5es (LINSE) Laborat\u00f3rio de Urbanismo (LABURB) Maquetaria N\u00facleo de Estudos de Arquitetura e Urbanismo (NEAB) N\u00facleo de Pesquisa e Extens\u00e3o em Arquitetura e Urbanismo (NAURB)<\/p>\n","protected":false},"author":634,"featured_media":0,"parent":45,"menu_order":0,"comment_status":"closed","ping_status":"closed","template":"","meta":{"footnotes":""},"class_list":["post-1970","page","type-page","status-publish","hentry"],"_links":{"self":[{"href":"https:\/\/wp.ufpel.edu.br\/nulab\/wp-json\/wp\/v2\/pages\/1970","targetHints":{"allow":["GET"]}}],"collection":[{"href":"https:\/\/wp.ufpel.edu.br\/nulab\/wp-json\/wp\/v2\/pages"}],"about":[{"href":"https:\/\/wp.ufpel.edu.br\/nulab\/wp-json\/wp\/v2\/types\/page"}],"author":[{"embeddable":true,"href":"https:\/\/wp.ufpel.edu.br\/nulab\/wp-json\/wp\/v2\/users\/634"}],"replies":[{"embeddable":true,"href":"https:\/\/wp.ufpel.edu.br\/nulab\/wp-json\/wp\/v2\/comments?post=1970"}],"version-history":[{"count":1,"href":"https:\/\/wp.ufpel.edu.br\/nulab\/wp-json\/wp\/v2\/pages\/1970\/revisions"}],"predecessor-version":[{"id":1972,"href":"https:\/\/wp.ufpel.edu.br\/nulab\/wp-json\/wp\/v2\/pages\/1970\/revisions\/1972"}],"up":[{"embeddable":true,"href":"https:\/\/wp.ufpel.edu.br\/nulab\/wp-json\/wp\/v2\/pages\/45"}],"wp:attachment":[{"href":"https:\/\/wp.ufpel.edu.br\/nulab\/wp-json\/wp\/v2\/media?parent=1970"}],"curies":[{"name":"wp","href":"https:\/\/api.w.org\/{rel}","templated":true}]}}