{"id":1903,"date":"2016-06-06T11:16:09","date_gmt":"2016-06-06T14:16:09","guid":{"rendered":"https:\/\/wp.ufpel.edu.br\/nulab\/?page_id=1903"},"modified":"2016-07-13T08:37:32","modified_gmt":"2016-07-13T11:37:32","slug":"farmacia","status":"publish","type":"page","link":"https:\/\/wp.ufpel.edu.br\/nulab\/ccqfa\/farmacia\/","title":{"rendered":"Farm\u00e1cia"},"content":{"rendered":"<p><a href=\"https:\/\/wp.ufpel.edu.br\/nulab\/laboratorio-de-analises-clinicas\/\">Laborat\u00f3rio de An\u00e1lises Cl\u00ednicas<\/a><\/p>\n<p><a href=\"https:\/\/wp.ufpel.edu.br\/nulab\/laboratorio-de-metodologias-ativas\/\">Laborat\u00f3rio de Metodologias Ativas<\/a><\/p>\n<p><a href=\"https:\/\/wp.ufpel.edu.br\/nulab\/laboratorio-de-farmacotecnica-e-cosmetologia\/\">Laborat\u00f3rio de Farmacot\u00e9cnica e Cosmetologia<\/a><\/p>\n<p><a href=\"https:\/\/wp.ufpel.edu.br\/nulab\/laboratorio-de-farmacognosia-e-quimica-farmaceutica\/\">Laborat\u00f3rio de Farmacognosia e Qu\u00edmica Farmac\u00eautica<\/a><\/p>\n<p>&nbsp;<\/p>\n","protected":false},"excerpt":{"rendered":"<p>Laborat\u00f3rio de An\u00e1lises Cl\u00ednicas Laborat\u00f3rio de Metodologias Ativas Laborat\u00f3rio de Farmacot\u00e9cnica e Cosmetologia Laborat\u00f3rio de Farmacognosia e Qu\u00edmica Farmac\u00eautica &nbsp;<\/p>\n","protected":false},"author":634,"featured_media":0,"parent":89,"menu_order":0,"comment_status":"closed","ping_status":"closed","template":"","meta":{"footnotes":""},"class_list":["post-1903","page","type-page","status-publish","hentry"],"_links":{"self":[{"href":"https:\/\/wp.ufpel.edu.br\/nulab\/wp-json\/wp\/v2\/pages\/1903","targetHints":{"allow":["GET"]}}],"collection":[{"href":"https:\/\/wp.ufpel.edu.br\/nulab\/wp-json\/wp\/v2\/pages"}],"about":[{"href":"https:\/\/wp.ufpel.edu.br\/nulab\/wp-json\/wp\/v2\/types\/page"}],"author":[{"embeddable":true,"href":"https:\/\/wp.ufpel.edu.br\/nulab\/wp-json\/wp\/v2\/users\/634"}],"replies":[{"embeddable":true,"href":"https:\/\/wp.ufpel.edu.br\/nulab\/wp-json\/wp\/v2\/comments?post=1903"}],"version-history":[{"count":2,"href":"https:\/\/wp.ufpel.edu.br\/nulab\/wp-json\/wp\/v2\/pages\/1903\/revisions"}],"predecessor-version":[{"id":2658,"href":"https:\/\/wp.ufpel.edu.br\/nulab\/wp-json\/wp\/v2\/pages\/1903\/revisions\/2658"}],"up":[{"embeddable":true,"href":"https:\/\/wp.ufpel.edu.br\/nulab\/wp-json\/wp\/v2\/pages\/89"}],"wp:attachment":[{"href":"https:\/\/wp.ufpel.edu.br\/nulab\/wp-json\/wp\/v2\/media?parent=1903"}],"curies":[{"name":"wp","href":"https:\/\/api.w.org\/{rel}","templated":true}]}}