{"id":1769,"date":"2016-06-06T09:21:49","date_gmt":"2016-06-06T12:21:49","guid":{"rendered":"https:\/\/wp.ufpel.edu.br\/nulab\/?page_id=1769"},"modified":"2016-09-30T08:32:42","modified_gmt":"2016-09-30T11:32:42","slug":"musica-bacharelados","status":"publish","type":"page","link":"https:\/\/wp.ufpel.edu.br\/nulab\/ca\/musica-bacharelados\/","title":{"rendered":"M\u00fasica (Bacharelados)"},"content":{"rendered":"<p><a href=\"https:\/\/wp.ufpel.edu.br\/nulab\/laboratorio-de-teclados\/\">Laborat\u00f3rio de Teclados<\/a><\/p>\n<p><a href=\"https:\/\/wp.ufpel.edu.br\/nulab\/lamp\/\">Laborat\u00f3rio de M\u00fasica Popular (LAMP)<\/a><\/p>\n<p><a href=\"https:\/\/wp.ufpel.edu.br\/nulab\/laboratorio-de-etnomusicologiadiscoteca\/\">Laborat\u00f3rio de Etnomusicologia\/Discoteca<\/a><\/p>\n<p><a href=\"https:\/\/wp.ufpel.edu.br\/nulab\/laboratorio-de-composicao-musical-labcomp\/\">Laborat\u00f3rio de Composi\u00e7\u00e3o Musical (LABCOMP)<\/a><\/p>\n<p><a href=\"https:\/\/wp.ufpel.edu.br\/nulab\/laboratorio-de-ensino-pesquisa-e-producao-em-antropologia-da-imagem-e-do-somleppais\/\">Laborat\u00f3rio de Ensino, Pesquisa e Produ\u00e7\u00e3o em Antropologia da Imagem e do Som (LEPPAIS)<\/a><\/p>\n<p><a href=\"https:\/\/wp.ufpel.edu.br\/nulab\/lcm\/\">Laborat\u00f3rio de Ci\u00eancias Musicais &#8211; Centro de Documenta\u00e7\u00e3o Musical da UFPEL (LCM)<\/a><\/p>\n","protected":false},"excerpt":{"rendered":"<p>Laborat\u00f3rio de Teclados Laborat\u00f3rio de M\u00fasica Popular (LAMP) Laborat\u00f3rio de Etnomusicologia\/Discoteca Laborat\u00f3rio de Composi\u00e7\u00e3o Musical (LABCOMP) Laborat\u00f3rio de Ensino, Pesquisa e Produ\u00e7\u00e3o em Antropologia da Imagem e do Som (LEPPAIS) Laborat\u00f3rio de Ci\u00eancias Musicais &#8211; Centro de Documenta\u00e7\u00e3o Musical da UFPEL (LCM)<\/p>\n","protected":false},"author":634,"featured_media":0,"parent":92,"menu_order":0,"comment_status":"closed","ping_status":"closed","template":"","meta":{"footnotes":""},"class_list":["post-1769","page","type-page","status-publish","hentry"],"_links":{"self":[{"href":"https:\/\/wp.ufpel.edu.br\/nulab\/wp-json\/wp\/v2\/pages\/1769","targetHints":{"allow":["GET"]}}],"collection":[{"href":"https:\/\/wp.ufpel.edu.br\/nulab\/wp-json\/wp\/v2\/pages"}],"about":[{"href":"https:\/\/wp.ufpel.edu.br\/nulab\/wp-json\/wp\/v2\/types\/page"}],"author":[{"embeddable":true,"href":"https:\/\/wp.ufpel.edu.br\/nulab\/wp-json\/wp\/v2\/users\/634"}],"replies":[{"embeddable":true,"href":"https:\/\/wp.ufpel.edu.br\/nulab\/wp-json\/wp\/v2\/comments?post=1769"}],"version-history":[{"count":8,"href":"https:\/\/wp.ufpel.edu.br\/nulab\/wp-json\/wp\/v2\/pages\/1769\/revisions"}],"predecessor-version":[{"id":2918,"href":"https:\/\/wp.ufpel.edu.br\/nulab\/wp-json\/wp\/v2\/pages\/1769\/revisions\/2918"}],"up":[{"embeddable":true,"href":"https:\/\/wp.ufpel.edu.br\/nulab\/wp-json\/wp\/v2\/pages\/92"}],"wp:attachment":[{"href":"https:\/\/wp.ufpel.edu.br\/nulab\/wp-json\/wp\/v2\/media?parent=1769"}],"curies":[{"name":"wp","href":"https:\/\/api.w.org\/{rel}","templated":true}]}}

Música (Bacharelados)

<p><a href="https://wp.ufpel.edu.br/nulab/laboratorio-de-teclados/">Laboratório de Teclados</a></p>
<p><a href="https://wp.ufpel.edu.br/nulab/lamp/">Laboratório de Música Popular (LAMP)</a></p>
<p><a href="https://wp.ufpel.edu.br/nulab/laboratorio-de-etnomusicologiadiscoteca/">Laboratório de Etnomusicologia/Discoteca</a></p>
<p><a href="https://wp.ufpel.edu.br/nulab/laboratorio-de-composicao-musical-labcomp/">Laboratório de Composição Musical (LABCOMP)</a></p>
<p><a href="https://wp.ufpel.edu.br/nulab/laboratorio-de-ensino-pesquisa-e-producao-em-antropologia-da-imagem-e-do-somleppais/">Laboratório de Ensino, Pesquisa e Produção em Antropologia da Imagem e do Som (LEPPAIS)</a></p>
<p><a href="https://wp.ufpel.edu.br/nulab/lcm/">Laboratório de Ciências Musicais &#8211; Centro de Documentação Musical da UFPEL (LCM)</a></p>

<p>Laboratório de Teclados Laboratório de Música Popular (LAMP) Laboratório de Etnomusicologia/Discoteca Laboratório de Composição Musical (LABCOMP) Laboratório de Ensino, Pesquisa e Produção em Antropologia da Imagem e do Som (LEPPAIS) Laboratório de Ciências Musicais &#8211; Centro de Documentação Musical da UFPEL (LCM)</p>
