{"id":878,"date":"2023-03-28T16:10:22","date_gmt":"2023-03-28T19:10:22","guid":{"rendered":"https:\/\/wp.ufpel.edu.br\/nugen\/?page_id=878"},"modified":"2026-03-24T10:38:50","modified_gmt":"2026-03-24T13:38:50","slug":"documentos","status":"publish","type":"page","link":"https:\/\/wp.ufpel.edu.br\/nugen\/documentos\/","title":{"rendered":"Documentos: autodeclara\u00e7\u00e3o e resolu\u00e7\u00f5es"},"content":{"rendered":"<p>Documento de <strong>autodeclara\u00e7\u00e3o de identidade de g\u00eanero<\/strong> atualizada <strong>2026<\/strong>: <a href=\"https:\/\/wp.ufpel.edu.br\/nugen\/files\/2026\/03\/AUTODECLARACAO_DE_IDENTIDADE_DE_GENERO-2.pdf\">AUTODECLARACAO_DE_IDENTIDADE_DE_GENERO (2)<\/a><\/p>\n<p>Resolu\u00e7\u00e3o sobre <strong>cotas transexuais e travestis<\/strong> na UFPel: <a href=\"https:\/\/wp.ufpel.edu.br\/nugen\/files\/2026\/03\/RESOLUCAO_54_TRAVESTIS_E_TRANSEXUAIS-1.pdf\">RESOLUCAO_54_TRAVESTIS_E_TRANSEXUAIS (1)<\/a><\/p>\n<p>Pol\u00edtica Institucional <strong>\u201cBem-Viver UFPel: Preven\u00e7\u00e3o e Combate \u00e0s Viol\u00eancias\u201d<\/strong>: <a href=\"https:\/\/wp.ufpel.edu.br\/nugen\/files\/2026\/03\/SEI_3672422_Resolucao_141_2026.pdf\">SEI_3672422_Resolucao_141_2026<\/a><\/p>\n<p>Institui\u00e7\u00e3o do <strong>Protocolo \u201cN\u00e3o \u00e9 N\u00e3o\u201d no \u00e2mbito da UFPel<\/strong> e estabelece medidas de preven\u00e7\u00e3o e enfrentamento ao constrangimento e \u00e0 viol\u00eancia contra a mulher com fundamento na Lei n\u00ba 14.786 e como a\u00e7\u00e3o da Pol\u00edtica Bem Viver UFPel: Preven\u00e7\u00e3o e Combate \u00e0s Viol\u00eancias: <a href=\"https:\/\/wp.ufpel.edu.br\/nugen\/files\/2026\/03\/SEI_3687422_Portaria_255.pdf\">SEI_3687422_Portaria_255<\/a><\/p>\n","protected":false},"excerpt":{"rendered":"<p>Documento de autodeclara\u00e7\u00e3o de identidade de g\u00eanero atualizada 2026: AUTODECLARACAO_DE_IDENTIDADE_DE_GENERO (2) Resolu\u00e7\u00e3o sobre cotas transexuais e travestis na UFPel: RESOLUCAO_54_TRAVESTIS_E_TRANSEXUAIS (1) Pol\u00edtica Institucional \u201cBem-Viver UFPel: Preven\u00e7\u00e3o e Combate \u00e0s Viol\u00eancias\u201d: SEI_3672422_Resolucao_141_2026 Institui\u00e7\u00e3o do Protocolo \u201cN\u00e3o \u00e9 N\u00e3o\u201d no \u00e2mbito da&#8230; <a class=\"more-link\" href=\"https:\/\/wp.ufpel.edu.br\/nugen\/documentos\/\">Continue lendo &rarr;<\/a><\/p>\n","protected":false},"author":801,"featured_media":0,"parent":0,"menu_order":0,"comment_status":"closed","ping_status":"closed","template":"template-archives.php","meta":{"footnotes":""},"class_list":["post-878","page","type-page","status-publish","hentry"],"_links":{"self":[{"href":"https:\/\/wp.ufpel.edu.br\/nugen\/wp-json\/wp\/v2\/pages\/878","targetHints":{"allow":["GET"]}}],"collection":[{"href":"https:\/\/wp.ufpel.edu.br\/nugen\/wp-json\/wp\/v2\/pages"}],"about":[{"href":"https:\/\/wp.ufpel.edu.br\/nugen\/wp-json\/wp\/v2\/types\/page"}],"author":[{"embeddable":true,"href":"https:\/\/wp.ufpel.edu.br\/nugen\/wp-json\/wp\/v2\/users\/801"}],"replies":[{"embeddable":true,"href":"https:\/\/wp.ufpel.edu.br\/nugen\/wp-json\/wp\/v2\/comments?post=878"}],"version-history":[{"count":3,"href":"https:\/\/wp.ufpel.edu.br\/nugen\/wp-json\/wp\/v2\/pages\/878\/revisions"}],"predecessor-version":[{"id":1157,"href":"https:\/\/wp.ufpel.edu.br\/nugen\/wp-json\/wp\/v2\/pages\/878\/revisions\/1157"}],"wp:attachment":[{"href":"https:\/\/wp.ufpel.edu.br\/nugen\/wp-json\/wp\/v2\/media?parent=878"}],"curies":[{"name":"wp","href":"https:\/\/api.w.org\/{rel}","templated":true}]}}