{"id":34,"date":"2019-05-29T13:20:47","date_gmt":"2019-05-29T16:20:47","guid":{"rendered":"https:\/\/wp.ufpel.edu.br\/nugen\/?page_id=34"},"modified":"2021-05-20T18:57:03","modified_gmt":"2021-05-20T21:57:03","slug":"metas-e-objetivos","status":"publish","type":"page","link":"https:\/\/wp.ufpel.edu.br\/nugen\/metas-e-objetivos\/","title":{"rendered":"Metas e Objetivos"},"content":{"rendered":"<p>Temos como metas e objetivos principais:<br \/>\n&#8211; Acolher e encaminhar as denuncias de preconceito e ass\u00e9dio da comunidade UFPel;<br \/>\n&#8211; Divulgar, promover e fomentar as a\u00e7\u00f5es desenvolvidas pela comunidade universit\u00e1ria;<br \/>\n&#8211; Participar, planejar e executar a\u00e7\u00f5es de forma\u00e7\u00e3o nas \u00e1reas de g\u00eanero e de diversidade sexual;<br \/>\n&#8211; Construir e promover espa\u00e7os de conviv\u00eancia, trocas e acolhimento;<br \/>\n&#8211; Apoiar e promover campanhas, eventos e debates sobre direitos da mulher, diversidade de g\u00eanero e diversidade sexual;<br \/>\n&#8211; Atuar em parceria com os coletivos, as organiza\u00e7\u00f5es da sociedade civil e com os movimentos sociais do territ\u00f3rio.<\/p>\n","protected":false},"excerpt":{"rendered":"<p>Temos como metas e objetivos principais: &#8211; Acolher e encaminhar as denuncias de preconceito e ass\u00e9dio da comunidade UFPel; &#8211; Divulgar, promover e fomentar as a\u00e7\u00f5es desenvolvidas pela comunidade universit\u00e1ria; &#8211; Participar, planejar e executar a\u00e7\u00f5es de forma\u00e7\u00e3o nas \u00e1reas&#8230; <a class=\"more-link\" href=\"https:\/\/wp.ufpel.edu.br\/nugen\/metas-e-objetivos\/\">Continue lendo &rarr;<\/a><\/p>\n","protected":false},"author":801,"featured_media":0,"parent":0,"menu_order":0,"comment_status":"closed","ping_status":"closed","template":"","meta":{"footnotes":""},"class_list":["post-34","page","type-page","status-publish","hentry"],"_links":{"self":[{"href":"https:\/\/wp.ufpel.edu.br\/nugen\/wp-json\/wp\/v2\/pages\/34","targetHints":{"allow":["GET"]}}],"collection":[{"href":"https:\/\/wp.ufpel.edu.br\/nugen\/wp-json\/wp\/v2\/pages"}],"about":[{"href":"https:\/\/wp.ufpel.edu.br\/nugen\/wp-json\/wp\/v2\/types\/page"}],"author":[{"embeddable":true,"href":"https:\/\/wp.ufpel.edu.br\/nugen\/wp-json\/wp\/v2\/users\/801"}],"replies":[{"embeddable":true,"href":"https:\/\/wp.ufpel.edu.br\/nugen\/wp-json\/wp\/v2\/comments?post=34"}],"version-history":[{"count":4,"href":"https:\/\/wp.ufpel.edu.br\/nugen\/wp-json\/wp\/v2\/pages\/34\/revisions"}],"predecessor-version":[{"id":478,"href":"https:\/\/wp.ufpel.edu.br\/nugen\/wp-json\/wp\/v2\/pages\/34\/revisions\/478"}],"wp:attachment":[{"href":"https:\/\/wp.ufpel.edu.br\/nugen\/wp-json\/wp\/v2\/media?parent=34"}],"curies":[{"name":"wp","href":"https:\/\/api.w.org\/{rel}","templated":true}]}}