{"id":2,"date":"2017-09-22T08:49:50","date_gmt":"2017-09-22T11:49:50","guid":{"rendered":"https:\/\/wp.ufpel.edu.br\/nugen\/?page_id=2"},"modified":"2026-03-24T10:49:52","modified_gmt":"2026-03-24T13:49:52","slug":"pagina-exemplo","status":"publish","type":"page","link":"https:\/\/wp.ufpel.edu.br\/nugen\/pagina-exemplo\/","title":{"rendered":"O que \u00e9 a Codigen?"},"content":{"rendered":"<p style=\"text-align: justify;\">A Codigen &#8211; Coordena\u00e7\u00e3o de Diversidade e G\u00eanero &#8211; faz parte da Pr\u00f3-Reitoria de A\u00e7\u00f5es Afirmativas e Equidade da UFPel.<\/p>\n<p style=\"text-align: justify;\">Tem como metas: acolhimento e rede de escuta de estudantes, articular ativamente nos \u00e2mbitos da comunica\u00e7\u00e3o, da infraestrutura, da forma\u00e7\u00e3o e das pol\u00edticas afirmativas e institucionais nos campos de g\u00eanero e de diversidade sexual.<\/p>\n<p style=\"text-align: justify;\">Nesse sentido a Codigen prima pela sua vincula\u00e7\u00e3o com o ensino universit\u00e1rio p\u00fablico, bem como com a rede de servi\u00e7os p\u00fablicos que atendem a sociedade, al\u00e9m da sua parceria com as organiza\u00e7\u00f5es da sociedade civil e, principalmente, com os movimentos sociais. Os seus objetivos est\u00e3o relacionados \u00e0 igualdade de direitos e a n\u00e3o discrimina\u00e7\u00e3o por orienta\u00e7\u00e3o sexual e identidade de g\u00eanero, sendo uma coordena\u00e7\u00e3o criada para o enfrentamento ao machismo, ao sexismo, \u00e0 misoginia e \u00e0 homofobia, lesbofobia e transfobia na Universidade.<\/p>\n<p style=\"text-align: justify;\">A Codigen nasce a partir das diferen\u00e7as.<\/p>\n","protected":false},"excerpt":{"rendered":"<p>A Codigen &#8211; Coordena\u00e7\u00e3o de Diversidade e G\u00eanero &#8211; faz parte da Pr\u00f3-Reitoria de A\u00e7\u00f5es Afirmativas e Equidade da UFPel. Tem como metas: acolhimento e rede de escuta de estudantes, articular ativamente nos \u00e2mbitos da comunica\u00e7\u00e3o, da infraestrutura, da forma\u00e7\u00e3o&#8230; <a class=\"more-link\" href=\"https:\/\/wp.ufpel.edu.br\/nugen\/pagina-exemplo\/\">Continue lendo &rarr;<\/a><\/p>\n","protected":false},"author":801,"featured_media":0,"parent":0,"menu_order":0,"comment_status":"closed","ping_status":"closed","template":"","meta":{"footnotes":""},"class_list":["post-2","page","type-page","status-publish","hentry"],"_links":{"self":[{"href":"https:\/\/wp.ufpel.edu.br\/nugen\/wp-json\/wp\/v2\/pages\/2","targetHints":{"allow":["GET"]}}],"collection":[{"href":"https:\/\/wp.ufpel.edu.br\/nugen\/wp-json\/wp\/v2\/pages"}],"about":[{"href":"https:\/\/wp.ufpel.edu.br\/nugen\/wp-json\/wp\/v2\/types\/page"}],"author":[{"embeddable":true,"href":"https:\/\/wp.ufpel.edu.br\/nugen\/wp-json\/wp\/v2\/users\/801"}],"replies":[{"embeddable":true,"href":"https:\/\/wp.ufpel.edu.br\/nugen\/wp-json\/wp\/v2\/comments?post=2"}],"version-history":[{"count":3,"href":"https:\/\/wp.ufpel.edu.br\/nugen\/wp-json\/wp\/v2\/pages\/2\/revisions"}],"predecessor-version":[{"id":1164,"href":"https:\/\/wp.ufpel.edu.br\/nugen\/wp-json\/wp\/v2\/pages\/2\/revisions\/1164"}],"wp:attachment":[{"href":"https:\/\/wp.ufpel.edu.br\/nugen\/wp-json\/wp\/v2\/media?parent=2"}],"curies":[{"name":"wp","href":"https:\/\/api.w.org\/{rel}","templated":true}]}}