{"id":1053,"date":"2024-07-11T16:40:13","date_gmt":"2024-07-11T19:40:13","guid":{"rendered":"https:\/\/wp.ufpel.edu.br\/nugen\/?page_id=1053"},"modified":"2026-04-15T08:02:51","modified_gmt":"2026-04-15T11:02:51","slug":"nuaad","status":"publish","type":"page","link":"https:\/\/wp.ufpel.edu.br\/nugen\/nuaad\/","title":{"rendered":"COERER"},"content":{"rendered":"<p>&nbsp;<\/p>\n<p>A COERER &#8211; Coordena\u00e7\u00e3o de Rela\u00e7\u00f5es \u00c9tnico Raciais &#8211;\u00a0 desenvolve atividades relacionadas ao gerenciamento das vagas ocupadas por cotistas ou direcionadas a estes; atividades educativas e informativas nas escolas p\u00fablicas de\u00a0 Educa\u00e7\u00e3o B\u00e1sica, bem como a promo\u00e7\u00e3o de eventos que permitam a aproxima\u00e7\u00e3o da Universidade e a inclus\u00e3o de\u00a0 ind\u00edgenas e quilombolas e negros, suas fam\u00edlias, al\u00e9m dos representantes comunit\u00e1rios de onde prov\u00eam esses estudantes, mediante a\u00e7\u00f5es conjuntas constru\u00eddas pelos envolvidos.<\/p>\n<p>Segundo o Plano de Gest\u00e3o 2017-2019: \u201cRevolu\u00e7\u00e3o acad\u00eamica \u00e9 disponibilizar um espa\u00e7o permanente para expor a produ\u00e7\u00e3o cient\u00edfica, cultural e art\u00edstica da comunidade acad\u00eamica\u201d e este espa\u00e7o ser\u00e1 buscado, definido e implementado pela PROAFE em conjunto com outros \u00f3rg\u00e3os administrativos da UFPel.<\/p>\n","protected":false},"excerpt":{"rendered":"<p>&nbsp; A COERER &#8211; Coordena\u00e7\u00e3o de Rela\u00e7\u00f5es \u00c9tnico Raciais &#8211;\u00a0 desenvolve atividades relacionadas ao gerenciamento das vagas ocupadas por cotistas ou direcionadas a estes; atividades educativas e informativas nas escolas p\u00fablicas de\u00a0 Educa\u00e7\u00e3o B\u00e1sica, bem como a promo\u00e7\u00e3o de eventos&#8230; <a class=\"more-link\" href=\"https:\/\/wp.ufpel.edu.br\/nugen\/nuaad\/\">Continue lendo &rarr;<\/a><\/p>\n","protected":false},"author":801,"featured_media":0,"parent":0,"menu_order":0,"comment_status":"closed","ping_status":"closed","template":"","meta":{"footnotes":""},"class_list":["post-1053","page","type-page","status-publish","hentry"],"_links":{"self":[{"href":"https:\/\/wp.ufpel.edu.br\/nugen\/wp-json\/wp\/v2\/pages\/1053","targetHints":{"allow":["GET"]}}],"collection":[{"href":"https:\/\/wp.ufpel.edu.br\/nugen\/wp-json\/wp\/v2\/pages"}],"about":[{"href":"https:\/\/wp.ufpel.edu.br\/nugen\/wp-json\/wp\/v2\/types\/page"}],"author":[{"embeddable":true,"href":"https:\/\/wp.ufpel.edu.br\/nugen\/wp-json\/wp\/v2\/users\/801"}],"replies":[{"embeddable":true,"href":"https:\/\/wp.ufpel.edu.br\/nugen\/wp-json\/wp\/v2\/comments?post=1053"}],"version-history":[{"count":2,"href":"https:\/\/wp.ufpel.edu.br\/nugen\/wp-json\/wp\/v2\/pages\/1053\/revisions"}],"predecessor-version":[{"id":1186,"href":"https:\/\/wp.ufpel.edu.br\/nugen\/wp-json\/wp\/v2\/pages\/1053\/revisions\/1186"}],"wp:attachment":[{"href":"https:\/\/wp.ufpel.edu.br\/nugen\/wp-json\/wp\/v2\/media?parent=1053"}],"curies":[{"name":"wp","href":"https:\/\/api.w.org\/{rel}","templated":true}]}}

<p>&nbsp;</p>
<p>A COERER &#8211; Coordenação de Relações Étnico Raciais &#8211;  desenvolve atividades relacionadas ao gerenciamento das vagas ocupadas por cotistas ou direcionadas a estes; atividades educativas e informativas nas escolas públicas de  Educação Básica, bem como a promoção de eventos que permitam a aproximação da Universidade e a inclusão de  indígenas e quilombolas e negros, suas famílias, além dos representantes comunitários de onde provêm esses estudantes, mediante ações conjuntas construídas pelos envolvidos.</p>
<p>Segundo o Plano de Gestão 2017-2019: “Revolução acadêmica é disponibilizar um espaço permanente para expor a produção científica, cultural e artística da comunidade acadêmica” e este espaço será buscado, definido e implementado pela PROAFE em conjunto com outros órgãos administrativos da UFPel.</p>

<p>&nbsp; A COERER &#8211; Coordenação de Relações Étnico Raciais &#8211;  desenvolve atividades relacionadas ao gerenciamento das vagas ocupadas por cotistas ou direcionadas a estes; atividades educativas e informativas nas escolas públicas de  Educação Básica, bem como a promoção de eventos&#8230; <a class="more-link" href="https://wp.ufpel.edu.br/nugen/nuaad/">Continue lendo &rarr;</a></p>
