{"id":1049,"date":"2024-07-11T16:38:08","date_gmt":"2024-07-11T19:38:08","guid":{"rendered":"https:\/\/wp.ufpel.edu.br\/nugen\/?page_id=1049"},"modified":"2026-03-24T10:55:54","modified_gmt":"2026-03-24T13:55:54","slug":"nai","status":"publish","type":"page","link":"https:\/\/wp.ufpel.edu.br\/nugen\/nai\/","title":{"rendered":"COACE"},"content":{"rendered":"<p><b>COACE &#8211; Coordena\u00e7\u00e3o de Acessibilidade<\/b>, inaugurada em 15 de agosto de 2008, com o antigo nome NAI, a partir do projeto \u201cIncluir\u201d do Minist\u00e9rio da Educa\u00e7\u00e3o, atua promovendo pol\u00edticas e a\u00e7\u00f5es que efetivem a inclus\u00e3o no Ensino Superior, atrav\u00e9s da busca conceitual, pol\u00edtica e pr\u00e1tica pelo acesso, perman\u00eancia e qualidade em todos os n\u00edveis, espa\u00e7os e cotidianos da Universidade. A COACE apresenta como princ\u00edpios norteadores, a concretiza\u00e7\u00e3o o Plano de Acessibilidade e Inclus\u00e3o da UFPEL, aprovado pelo CONSUN em mar\u00e7o de 2016 e a efetiva\u00e7\u00e3o da Lei 13.409\/2016, que disp\u00f5e sobre as cotas para pessoas com defici\u00eancia no Ensino Superior, al\u00e9m das demais legisla\u00e7\u00f5es vigentes, por onde suas a\u00e7\u00f5es s\u00e3o encaminhadas, a fim de possibilitar a inclus\u00e3o qualificada de todos e todas na Universidade, n\u00e3o s\u00f3 como presen\u00e7a f\u00edsica, mas principalmente como potencializadoras de emancipa\u00e7\u00e3o, autonomia e pertencimento.<\/p>\n<p>Aliando conceitos e pr\u00e1ticas, o n\u00facleo promove a\u00e7\u00f5es de conscientiza\u00e7\u00e3o, discuss\u00e3o, forma\u00e7\u00e3o compartilhada de coordenadores, t\u00e9cnicos, professores, monitores, tutores e comunidade em geral, al\u00e9m da oferta dos servi\u00e7os especializados aos alunos dos diversos cursos de gradua\u00e7\u00e3o, \u00a0encaminhamento de int\u00e9rpretes para as aulas, eventos e atividades relacionadas e, ainda, da cria\u00e7\u00e3o, organiza\u00e7\u00e3o e acervo de recursos did\u00e1ticos adaptados que possibilitem avan\u00e7os nos processos de aprendizagem e inclus\u00e3o.<\/p>\n<p>A COACE \u00e9 composta por uma Coordenadora e duas T\u00e9cnica em Assuntos Educacionais, respons\u00e1veis pela gest\u00e3o e pelas se\u00e7\u00f5es: Se\u00e7\u00e3o de Int\u00e9rpretes (09 Tradutores Int\u00e9rpretes de Libras) e a Se\u00e7\u00e3o de Atendimento Educacional Especializado (com educadoras especiais, neuropsicopedagoga, entre outros). Conta, ainda, com Comiss\u00e3o de apoio, constitu\u00edda por 14 docentes vinculados \u00e0s tem\u00e1ticas da Inclus\u00e3o e dos movimentos que as comp\u00f5em, com o prop\u00f3sito de debater e assessorar a constru\u00e7\u00e3o das pol\u00edticas e pr\u00e1ticas pretendidas.<\/p>\n","protected":false},"excerpt":{"rendered":"<p>COACE &#8211; Coordena\u00e7\u00e3o de Acessibilidade, inaugurada em 15 de agosto de 2008, com o antigo nome NAI, a partir do projeto \u201cIncluir\u201d do Minist\u00e9rio da Educa\u00e7\u00e3o, atua promovendo pol\u00edticas e a\u00e7\u00f5es que efetivem a inclus\u00e3o no Ensino Superior, atrav\u00e9s da&#8230; <a class=\"more-link\" href=\"https:\/\/wp.ufpel.edu.br\/nugen\/nai\/\">Continue lendo &rarr;<\/a><\/p>\n","protected":false},"author":801,"featured_media":0,"parent":0,"menu_order":0,"comment_status":"closed","ping_status":"closed","template":"","meta":{"footnotes":""},"class_list":["post-1049","page","type-page","status-publish","hentry"],"_links":{"self":[{"href":"https:\/\/wp.ufpel.edu.br\/nugen\/wp-json\/wp\/v2\/pages\/1049","targetHints":{"allow":["GET"]}}],"collection":[{"href":"https:\/\/wp.ufpel.edu.br\/nugen\/wp-json\/wp\/v2\/pages"}],"about":[{"href":"https:\/\/wp.ufpel.edu.br\/nugen\/wp-json\/wp\/v2\/types\/page"}],"author":[{"embeddable":true,"href":"https:\/\/wp.ufpel.edu.br\/nugen\/wp-json\/wp\/v2\/users\/801"}],"replies":[{"embeddable":true,"href":"https:\/\/wp.ufpel.edu.br\/nugen\/wp-json\/wp\/v2\/comments?post=1049"}],"version-history":[{"count":2,"href":"https:\/\/wp.ufpel.edu.br\/nugen\/wp-json\/wp\/v2\/pages\/1049\/revisions"}],"predecessor-version":[{"id":1167,"href":"https:\/\/wp.ufpel.edu.br\/nugen\/wp-json\/wp\/v2\/pages\/1049\/revisions\/1167"}],"wp:attachment":[{"href":"https:\/\/wp.ufpel.edu.br\/nugen\/wp-json\/wp\/v2\/media?parent=1049"}],"curies":[{"name":"wp","href":"https:\/\/api.w.org\/{rel}","templated":true}]}}

<p><b>COACE &#8211; Coordenação de Acessibilidade</b>, inaugurada em 15 de agosto de 2008, com o antigo nome NAI, a partir do projeto “Incluir” do Ministério da Educação, atua promovendo políticas e ações que efetivem a inclusão no Ensino Superior, através da busca conceitual, política e prática pelo acesso, permanência e qualidade em todos os níveis, espaços e cotidianos da Universidade. A COACE apresenta como princípios norteadores, a concretização o Plano de Acessibilidade e Inclusão da UFPEL, aprovado pelo CONSUN em março de 2016 e a efetivação da Lei 13.409/2016, que dispõe sobre as cotas para pessoas com deficiência no Ensino Superior, além das demais legislações vigentes, por onde suas ações são encaminhadas, a fim de possibilitar a inclusão qualificada de todos e todas na Universidade, não só como presença física, mas principalmente como potencializadoras de emancipação, autonomia e pertencimento.</p>
<p>Aliando conceitos e práticas, o núcleo promove ações de conscientização, discussão, formação compartilhada de coordenadores, técnicos, professores, monitores, tutores e comunidade em geral, além da oferta dos serviços especializados aos alunos dos diversos cursos de graduação,  encaminhamento de intérpretes para as aulas, eventos e atividades relacionadas e, ainda, da criação, organização e acervo de recursos didáticos adaptados que possibilitem avanços nos processos de aprendizagem e inclusão.</p>
<p>A COACE é composta por uma Coordenadora e duas Técnica em Assuntos Educacionais, responsáveis pela gestão e pelas seções: Seção de Intérpretes (09 Tradutores Intérpretes de Libras) e a Seção de Atendimento Educacional Especializado (com educadoras especiais, neuropsicopedagoga, entre outros). Conta, ainda, com Comissão de apoio, constituída por 14 docentes vinculados às temáticas da Inclusão e dos movimentos que as compõem, com o propósito de debater e assessorar a construção das políticas e práticas pretendidas.</p>

<p>COACE &#8211; Coordenação de Acessibilidade, inaugurada em 15 de agosto de 2008, com o antigo nome NAI, a partir do projeto “Incluir” do Ministério da Educação, atua promovendo políticas e ações que efetivem a inclusão no Ensino Superior, através da&#8230; <a class="more-link" href="https://wp.ufpel.edu.br/nugen/nai/">Continue lendo &rarr;</a></p>
