{"id":200,"date":"2020-10-15T10:57:15","date_gmt":"2020-10-15T13:57:15","guid":{"rendered":"https:\/\/wp.ufpel.edu.br\/nucon\/?page_id=200"},"modified":"2026-01-16T14:31:10","modified_gmt":"2026-01-16T17:31:10","slug":"solicitacoes-de-servicos","status":"publish","type":"page","link":"https:\/\/wp.ufpel.edu.br\/nucon\/solicitacoes-de-servicos\/","title":{"rendered":"Solicita\u00e7\u00f5es de Servi\u00e7os ou Materiais"},"content":{"rendered":"<p style=\"text-align: justify;\">As solicita\u00e7\u00f5es de servi\u00e7os prestados por empresas contratadas devem ser emitidas pela unidade solicitante diretamente no Sistema Eletr\u00f4nico de Informa\u00e7\u00f5es &#8211; SEI conforme as orienta\u00e7\u00f5es constantes nas seguintes Bases de Conhecimento dispon\u00edveis no sistema:<\/p>\n<ul>\n<li>SOLICITA\u00c7\u00c3O DE EMPENHO E PAGAMENTO &#8211; TRANSPORTE DE PASSAGEIROS PARA AULAS PR\u00c1TICAS, VISITAS T\u00c9CNICAS E EVENTOS: Solicita\u00e7\u00e3o de servi\u00e7os de transporte de passageiros para atendimento de aulas pr\u00e1ticas, visitas t\u00e9cnicas ou eventos no territ\u00f3rio Nacional e\/ou pa\u00edses do Mercosul para os casos de indisponibilidade de atendimento da demanda por frota pr\u00f3pria da UFPel informados pelo N\u00facleo de Transportes. A anteced\u00eancia m\u00ednima necess\u00e1ria para agendamento \u00e9 de 30 dias, conforme item 6.16.1.2 do Estudo T\u00e9cnico Preliminar (3474169).<\/li>\n<\/ul>\n<p style=\"padding-left: 120px;\">&#8211; Van (15 lugares): Contrato 01\/2026 (3597454) firmado com a empresa Concei\u00e7\u00e3o Transporte e Turismo Ltda. CNPJ 33.087.284\/0001-54, E-mail transporteconceicao@hotmail.com<\/p>\n<p style=\"padding-left: 120px;\">&#8211; Micro-\u00f4nibus (24 lugares) e \u00d4nibus Rodovi\u00e1rio (40 lugares): Contrato 02\/2026 (3587874) firmado com a Empresa de Transportes Kopereck Ltda. CNPJ 05.824.788\/000174, E-mail daniel@kopereck.com.br<\/p>\n<ul>\n<li>SOLICITA\u00c7\u00c3O DE EMPENHO PARA DI\u00c1RIAS E PASSAGENS: Solicita\u00e7\u00e3o de servi\u00e7os de agenciamento de viagens para voos regulares internacionais e dom\u00e9sticos, assim como, para emiss\u00e3o de ap\u00f3lice de seguro viagem internacional, prestados por empresa contratada.<\/li>\n<li style=\"text-align: justify;\">COMODATO DE VASILHAMES: Comodato de vasilhames de \u00e1gua mineral ou de g\u00e1s liquefeito de petr\u00f3leo relativo aos servi\u00e7os de fornecimento prestados por empresas contratadas.<\/li>\n<\/ul>\n\n\n<p>As solicita\u00e7\u00f5es de entrega de materiais realizada por empresas contratadas devem ser realizadas pela unidade solicitante diretamente \u00e0 empresa contratada conforme contatos disponibilizados abaixo:<\/p>\n\n\n\n<ul class=\"wp-block-list\">\n<li>\u00c1GUA MINERAL, Contrato 38\/2023 (<a>2397672<\/a>), firmado com a empresa Fernanda Loper, CNPJ&nbsp;14.879.831\/0001-90, para fornecimento de \u00e1gua mineral do tipo garraf\u00e3o 20 litros, Portaria de fiscaliza\u00e7\u00e3o 4002\/2023 (<a>2400135<\/a>);\n<ul class=\"wp-block-list\">\n<li>Contato&nbsp;para entrega&nbsp;WhatsApp +55 53 32257002, informar a quantidade,&nbsp;<strong>endere\u00e7o completo,&nbsp;nome da unidade e pessoa que receber\u00e1 o produto<\/strong>;<\/li>\n\n\n\n<li>O vale a ser entregue no recebimento do produto deve conter:&nbsp;<strong>assinatura, nome completo do servidor, n\u00famero SIAPE e nome da unidade.<\/strong><\/li>\n<\/ul>\n<\/li>\n<\/ul>\n\n\n\n<div class=\"wp-block-group\"><div class=\"wp-block-group__inner-container is-layout-flow wp-block-group-is-layout-flow\"><\/div><\/div>\n\n\n\n<ul class=\"wp-block-list\">\n<li>G\u00c1S LIQUEFEITO DE PETR\u00d3LEO, Contrato 25\/2024 (<a>2702501<\/a>), firmado com a empresa Fernanda Loper, CNPJ&nbsp;14.879.831\/0001-90, para fornecimento de g\u00e1s liquefeito de petr\u00f3leo dos tipos 13 Kg e 45 Kg, Portaria de fiscaliza\u00e7\u00e3o 3021\/2024 (<a>2708721<\/a>);\n<ul class=\"wp-block-list\">\n<li>Contato&nbsp;para entrega&nbsp;WhatsApp +55 53 32257002, informar a quantidade,&nbsp;<strong>endere\u00e7o completo,&nbsp;nome da unidade e pessoa que receber\u00e1 o produto<\/strong>;<\/li>\n\n\n\n<li>O vale a ser entregue no recebimento do produto deve conter:&nbsp;<strong>assinatura, nome completo do servidor, n\u00famero SIAPE e nome da unidade.<\/strong><\/li>\n<\/ul>\n<\/li>\n<\/ul>\n","protected":false},"excerpt":{"rendered":"<p>As solicita\u00e7\u00f5es de servi\u00e7os prestados por empresas contratadas devem ser emitidas pela unidade solicitante diretamente no Sistema Eletr\u00f4nico de Informa\u00e7\u00f5es &#8211; SEI conforme as orienta\u00e7\u00f5es constantes nas seguintes Bases de Conhecimento dispon\u00edveis no sistema: SOLICITA\u00c7\u00c3O DE EMPENHO E PAGAMENTO &#8211; TRANSPORTE DE PASSAGEIROS PARA AULAS PR\u00c1TICAS, VISITAS T\u00c9CNICAS E EVENTOS: Solicita\u00e7\u00e3o de servi\u00e7os de transporte [&hellip;]<\/p>\n","protected":false},"author":847,"featured_media":0,"parent":0,"menu_order":0,"comment_status":"closed","ping_status":"closed","template":"","meta":{"footnotes":""},"class_list":["post-200","page","type-page","status-publish","hentry"],"_links":{"self":[{"href":"https:\/\/wp.ufpel.edu.br\/nucon\/wp-json\/wp\/v2\/pages\/200","targetHints":{"allow":["GET"]}}],"collection":[{"href":"https:\/\/wp.ufpel.edu.br\/nucon\/wp-json\/wp\/v2\/pages"}],"about":[{"href":"https:\/\/wp.ufpel.edu.br\/nucon\/wp-json\/wp\/v2\/types\/page"}],"author":[{"embeddable":true,"href":"https:\/\/wp.ufpel.edu.br\/nucon\/wp-json\/wp\/v2\/users\/847"}],"replies":[{"embeddable":true,"href":"https:\/\/wp.ufpel.edu.br\/nucon\/wp-json\/wp\/v2\/comments?post=200"}],"version-history":[{"count":3,"href":"https:\/\/wp.ufpel.edu.br\/nucon\/wp-json\/wp\/v2\/pages\/200\/revisions"}],"predecessor-version":[{"id":692,"href":"https:\/\/wp.ufpel.edu.br\/nucon\/wp-json\/wp\/v2\/pages\/200\/revisions\/692"}],"wp:attachment":[{"href":"https:\/\/wp.ufpel.edu.br\/nucon\/wp-json\/wp\/v2\/media?parent=200"}],"curies":[{"name":"wp","href":"https:\/\/api.w.org\/{rel}","templated":true}]}}