{"id":195,"date":"2020-10-15T10:28:04","date_gmt":"2020-10-15T13:28:04","guid":{"rendered":"https:\/\/wp.ufpel.edu.br\/nucon\/?page_id=195"},"modified":"2021-08-04T17:17:15","modified_gmt":"2021-08-04T20:17:15","slug":"legislacao","status":"publish","type":"page","link":"https:\/\/wp.ufpel.edu.br\/nucon\/legislacao\/","title":{"rendered":"Legisla\u00e7\u00e3o"},"content":{"rendered":"\n<div class=\"wp-block-columns is-layout-flex wp-container-core-columns-is-layout-9d6595d7 wp-block-columns-is-layout-flex\">\n<div class=\"wp-block-column is-layout-flow wp-block-column-is-layout-flow\" style=\"flex-basis:100%\">\n<p><a href=\"http:\/\/www.planalto.gov.br\/ccivil_03\/leis\/L8245compilado.htm\">Lei n\u00ba 8.245 de 18 de outubro de 1991<\/a>&#8211; Disp\u00f5e sobre as loca\u00e7\u00f5es dos im\u00f3veis urbanos e os procedimentos a elas pertinentes.<\/p>\n<p><a href=\"http:\/\/www.planalto.gov.br\/ccivil_03\/leis\/L8666compilado.htm\" target=\"_blank\" rel=\"noopener noreferrer\">Lei n\u00ba 8.666 de 21 de junho de 1993<\/a> &#8211; Regulamenta o art. 37, inciso XXI, da Constitui\u00e7\u00e3o Federal, institui normas para licita\u00e7\u00f5es e contratos da Administra\u00e7\u00e3o P\u00fablica e d\u00e1 outras provid\u00eancias.<\/p>\n<p><a href=\"http:\/\/www.planalto.gov.br\/ccivil_03\/leis\/L9636compilado.htm\" target=\"_blank\" rel=\"noopener noreferrer\">Lei n\u00ba 9.636 de 15 de maio de 1998<\/a>&#8211; Disp\u00f5e sobre a regulariza\u00e7\u00e3o, administra\u00e7\u00e3o, aforamento e aliena\u00e7\u00e3o de bens im\u00f3veis de dom\u00ednio da Uni\u00e3o, altera dispositivos dos Decretos-Leis n<sup><u>os<\/u><\/sup>\u00a09.760, de 5 de setembro de 1946, e 2.398, de 21 de dezembro de 1987, regulamenta o \u00a7 2<sup><u>o<\/u><\/sup>\u00a0do art. 49 do Ato das Disposi\u00e7\u00f5es Constitucionais Transit\u00f3rias, e d\u00e1 outras provid\u00eancias.<\/p>\n<p><a class=\"Hyperlink SCXW213149841 BCX0\" href=\"http:\/\/www.planalto.gov.br\/ccivil_03\/leis\/l9784.htm\" target=\"_blank\" rel=\"noreferrer noopener\"><span class=\"TextRun Underlined SCXW213149841 BCX0\" lang=\"PT-BR\" xml:lang=\"PT-BR\" data-contrast=\"none\"><span class=\"NormalTextRun SCXW213149841 BCX0\" data-ccp-charstyle=\"Hyperlink\">Lei n\u00ba 9.784, de 1999<\/span><\/span><\/a><span class=\"TextRun SCXW213149841 BCX0\" lang=\"PT-BR\" xml:lang=\"PT-BR\" data-contrast=\"none\"><span class=\"NormalTextRun SCXW213149841 BCX0\"> &#8211; Regula o Processo administrativo no \u00e2mbito da Administra\u00e7\u00e3o P\u00fablica Federal.<\/span><\/span><\/p>\n<p><a href=\"https:\/\/www.gov.br\/compras\/pt-br\/acesso-a-informacao\/legislacao\/instrucoes-normativas\/instrucao-normativa-no-5-de-26-de-maio-de-2017-atualizada\">Instru\u00e7\u00e3o Normativa n\u00ba 05 de 25 de maio de 2017<\/a> &#8211; Disp\u00f5e sobre as regras e diretrizes do procedimento de contrata\u00e7\u00e3o de servi\u00e7os sob o regime de execu\u00e7\u00e3o indireta no \u00e2mbito da Administra\u00e7\u00e3o P\u00fablica federal direta, aut\u00e1rquica e fundacional.<\/p>\n<p><a href=\"https:\/\/www.gov.br\/compras\/pt-br\/acesso-a-informacao\/legislacao\/instrucoes-normativas\/instrucao-normativa-no-3-de-26-de-abril-de-2018\">Instru\u00e7\u00e3o Normativa n\u00ba 03 de 26 de abril de 2018<\/a> &#8211; Estabelece regras de funcionamento do Sistema de Cadastramento Unificado de Fornecedores \u2013 SICAF, no \u00e2mbito do Poder Executivo Federal.<\/p>\n<p><a href=\"https:\/\/www.gov.br\/compras\/pt-br\/acesso-a-informacao\/legislacao\/instrucoes-normativas\/instrucao-normativa-no-6-de-6-de-julho-de-2018\">Instru\u00e7\u00e3o Normativa n\u00ba 06 de 06 de julho de 2018<\/a> &#8211; Disp\u00f5e sobre cl\u00e1usulas assecurat\u00f3rias de direitos trabalhistas quando da execu\u00e7\u00e3o indireta de obras p\u00fablicas, no \u00e2mbito da Administra\u00e7\u00e3o P\u00fablica federal direta, aut\u00e1rquica e fundacional.<\/p>\n<p><a href=\"https:\/\/www.gov.br\/compras\/pt-br\/acesso-a-informacao\/legislacao\/instrucoes-normativas\/instrucao-normativa-seges-me-no-65-de-7-de-julho-de-2021\" target=\"_blank\" rel=\"noopener noreferrer\">Instru\u00e7\u00e3o Normativa n\u00ba 65 de 07 de julho de 2021<\/a>\u00a0&#8211; Disp\u00f5e sobre o procedimento administrativo para a realiza\u00e7\u00e3o de pesquisa de pre\u00e7os para a aquisi\u00e7\u00e3o de bens e contrata\u00e7\u00e3o de servi\u00e7os em geral, no \u00e2mbito da administra\u00e7\u00e3o p\u00fablica federal direta, aut\u00e1rquica e fundacional.<\/p>\n<p><a href=\"https:\/\/www.in.gov.br\/en\/web\/dou\/-\/portaria-agu-n-140-de-26-de-abril-de-2021-316016680\" target=\"_blank\" rel=\"noopener noreferrer\">Portaria AGU n\u00ba 140 de 26 de abril de 2021<\/a>\u00a0&#8211; Altera a Orienta\u00e7\u00e3o Normativa n\u00ba 50, de 25 de abril de 2014 sobre acr\u00e9scimos e supress\u00f5es, editada pela Portaria AGU n\u00ba 124, de 25 de abril de 2014.<\/p>\n<\/div>\n<\/div>\n\n\n\n<p><\/p>\n","protected":false},"excerpt":{"rendered":"<p>Lei n\u00ba 8.245 de 18 de outubro de 1991&#8211; Disp\u00f5e sobre as loca\u00e7\u00f5es dos im\u00f3veis urbanos e os procedimentos a elas pertinentes. Lei n\u00ba 8.666 de 21 de junho de 1993 &#8211; Regulamenta o art. 37, inciso XXI, da Constitui\u00e7\u00e3o Federal, institui normas para licita\u00e7\u00f5es e contratos da Administra\u00e7\u00e3o P\u00fablica e d\u00e1 outras provid\u00eancias. Lei [&hellip;]<\/p>\n","protected":false},"author":847,"featured_media":0,"parent":0,"menu_order":4,"comment_status":"closed","ping_status":"closed","template":"","meta":{"footnotes":""},"class_list":["post-195","page","type-page","status-publish","hentry"],"_links":{"self":[{"href":"https:\/\/wp.ufpel.edu.br\/nucon\/wp-json\/wp\/v2\/pages\/195","targetHints":{"allow":["GET"]}}],"collection":[{"href":"https:\/\/wp.ufpel.edu.br\/nucon\/wp-json\/wp\/v2\/pages"}],"about":[{"href":"https:\/\/wp.ufpel.edu.br\/nucon\/wp-json\/wp\/v2\/types\/page"}],"author":[{"embeddable":true,"href":"https:\/\/wp.ufpel.edu.br\/nucon\/wp-json\/wp\/v2\/users\/847"}],"replies":[{"embeddable":true,"href":"https:\/\/wp.ufpel.edu.br\/nucon\/wp-json\/wp\/v2\/comments?post=195"}],"version-history":[{"count":14,"href":"https:\/\/wp.ufpel.edu.br\/nucon\/wp-json\/wp\/v2\/pages\/195\/revisions"}],"predecessor-version":[{"id":357,"href":"https:\/\/wp.ufpel.edu.br\/nucon\/wp-json\/wp\/v2\/pages\/195\/revisions\/357"}],"wp:attachment":[{"href":"https:\/\/wp.ufpel.edu.br\/nucon\/wp-json\/wp\/v2\/media?parent=195"}],"curies":[{"name":"wp","href":"https:\/\/api.w.org\/{rel}","templated":true}]}}