{"id":2,"date":"2016-03-14T15:53:19","date_gmt":"2016-03-14T18:53:19","guid":{"rendered":"https:\/\/wp.ufpel.edu.br\/nuclear\/?page_id=2"},"modified":"2017-10-26T17:32:13","modified_gmt":"2017-10-26T19:32:13","slug":"pagina-exemplo","status":"publish","type":"page","link":"https:\/\/wp.ufpel.edu.br\/nuclear\/","title":{"rendered":"1 &#8211; In\u00edcio"},"content":{"rendered":"<p>Bem vindo(a)!<\/p>\n<p>Divulga\u00e7\u00e3o cient\u00edfica, textos, humor, curiosidades&#8230;<\/p>\n<p><img class=\"aligncenter wp-image-93 size-full\" src=\"https:\/\/wp.ufpel.edu.br\/nuclear\/files\/2016\/03\/capa.jpg\" alt=\"capa\" width=\"800\" height=\"600\" srcset=\"https:\/\/wp.ufpel.edu.br\/nuclear\/files\/2016\/03\/capa.jpg 800w, https:\/\/wp.ufpel.edu.br\/nuclear\/files\/2016\/03\/capa-212x159.jpg 212w, https:\/\/wp.ufpel.edu.br\/nuclear\/files\/2016\/03\/capa-424x318.jpg 424w, https:\/\/wp.ufpel.edu.br\/nuclear\/files\/2016\/03\/capa-768x576.jpg 768w\" sizes=\"(max-width: 800px) 100vw, 800px\" \/><\/p>\n<p>&nbsp;<\/p>\n<p>&nbsp;<\/p>\n<p>Cheios de energia (potencial) !<\/p>\n<p><img class=\"aligncenter wp-image-94 size-full\" src=\"https:\/\/wp.ufpel.edu.br\/nuclear\/files\/2016\/03\/cheios-de-energia-potencial.jpg\" alt=\"cheios-de-energia-potencial\" width=\"600\" height=\"420\" srcset=\"https:\/\/wp.ufpel.edu.br\/nuclear\/files\/2016\/03\/cheios-de-energia-potencial.jpg 600w, https:\/\/wp.ufpel.edu.br\/nuclear\/files\/2016\/03\/cheios-de-energia-potencial-212x148.jpg 212w, https:\/\/wp.ufpel.edu.br\/nuclear\/files\/2016\/03\/cheios-de-energia-potencial-424x297.jpg 424w\" sizes=\"(max-width: 600px) 100vw, 600px\" \/><\/p>\n<p>&nbsp;<\/p>\n<p><img class=\"aligncenter wp-image-525 size-full\" src=\"https:\/\/wp.ufpel.edu.br\/nuclear\/files\/2016\/03\/humor-mtm.jpg\" alt=\"\" width=\"479\" height=\"720\" srcset=\"https:\/\/wp.ufpel.edu.br\/nuclear\/files\/2016\/03\/humor-mtm.jpg 479w, https:\/\/wp.ufpel.edu.br\/nuclear\/files\/2016\/03\/humor-mtm-266x400.jpg 266w\" sizes=\"(max-width: 479px) 100vw, 479px\" \/><\/p>\n<p>&nbsp;<\/p>\n","protected":false},"excerpt":{"rendered":"<p>Bem vindo(a)! Divulga\u00e7\u00e3o cient\u00edfica, textos, humor, curiosidades&#8230; &nbsp; &nbsp; Cheios de energia (potencial) ! &nbsp; &nbsp;<\/p>\n","protected":false},"author":457,"featured_media":0,"parent":0,"menu_order":0,"comment_status":"closed","ping_status":"closed","template":"","meta":{"footnotes":""},"class_list":["post-2","page","type-page","status-publish","hentry"],"_links":{"self":[{"href":"https:\/\/wp.ufpel.edu.br\/nuclear\/wp-json\/wp\/v2\/pages\/2","targetHints":{"allow":["GET"]}}],"collection":[{"href":"https:\/\/wp.ufpel.edu.br\/nuclear\/wp-json\/wp\/v2\/pages"}],"about":[{"href":"https:\/\/wp.ufpel.edu.br\/nuclear\/wp-json\/wp\/v2\/types\/page"}],"author":[{"embeddable":true,"href":"https:\/\/wp.ufpel.edu.br\/nuclear\/wp-json\/wp\/v2\/users\/457"}],"replies":[{"embeddable":true,"href":"https:\/\/wp.ufpel.edu.br\/nuclear\/wp-json\/wp\/v2\/comments?post=2"}],"version-history":[{"count":11,"href":"https:\/\/wp.ufpel.edu.br\/nuclear\/wp-json\/wp\/v2\/pages\/2\/revisions"}],"predecessor-version":[{"id":526,"href":"https:\/\/wp.ufpel.edu.br\/nuclear\/wp-json\/wp\/v2\/pages\/2\/revisions\/526"}],"wp:attachment":[{"href":"https:\/\/wp.ufpel.edu.br\/nuclear\/wp-json\/wp\/v2\/media?parent=2"}],"curies":[{"name":"wp","href":"https:\/\/api.w.org\/{rel}","templated":true}]}}