{"id":1654,"date":"2026-03-23T12:52:20","date_gmt":"2026-03-23T15:52:20","guid":{"rendered":"https:\/\/wp.ufpel.edu.br\/nuclear\/?page_id=1654"},"modified":"2026-03-23T13:02:24","modified_gmt":"2026-03-23T16:02:24","slug":"fisica-geral-b-t1-2026-1","status":"publish","type":"page","link":"https:\/\/wp.ufpel.edu.br\/nuclear\/ensino\/disciplinas\/2026-1\/fisica-geral-b-t1-2026-1\/","title":{"rendered":"F\u00edsica Geral B (T1) 2026\/1"},"content":{"rendered":"<p style=\"text-align: center;\"><span style=\"color: #008000;\"><strong>F\u00edsica Geral B (T1) 2026\/1<\/strong><\/span><\/p>\n<p>&nbsp;<\/p>\n<p><a href=\"https:\/\/wp.ufpel.edu.br\/nuclear\/files\/2026\/03\/plano_ensino_11090056_T1_FG-B_2026_1_.pdf\" target=\"_blank\" rel=\"noopener\"><span style=\"color: #3366ff;\">Plano de Ensino<\/span><\/a><\/p>\n<p>&#8211; Slides: <span style=\"color: #3366ff;\"><a style=\"color: #3366ff;\" href=\"https:\/\/wp.ufpel.edu.br\/nuclear\/files\/2023\/01\/intro-conversoes.pdf\" target=\"_blank\" rel=\"noopener\">convers\u00f5es de unidades<\/a><\/span><\/p>\n<p>&#8211; <a href=\"https:\/\/wp.ufpel.edu.br\/nuclear\/files\/2026\/03\/info-fisica-geral-B-T1-2026-1.pdf\" target=\"_blank\" rel=\"noopener\"><span style=\"color: #3366ff;\">Material extra<\/span><\/a> (apostilas, livros, links)<\/p>\n<p>&nbsp;<\/p>\n<ul>\n<li><span style=\"color: #ff6600;\"><span style=\"color: #008000;\">slides<\/span> (<a href=\"https:\/\/wp.ufpel.edu.br\/nuclear\/files\/2024\/04\/aula-fluidos-2-slides.pdf\" target=\"_blank\" rel=\"noopener\">fluidos<\/a>)<\/span><\/li>\n<\/ul>\n<p>&nbsp;<\/p>\n<p>&#8211; Playlist das videoaulas (F\u00edsica B\u00e1sica II):<br \/>\n<span style=\"color: #3366ff;\"><a style=\"color: #3366ff;\" href=\"https:\/\/www.youtube.com\/watch?v=1ZFUDY2cKmU&amp;list=PLxpLvYpw4tH2OoR9QLFEoutXMhLpq-3Hv\" target=\"_blank\" rel=\"noopener\"><span style=\"font-size: 10pt;\">https:\/\/www.youtube.com\/watch?v=1ZFUDY2cKmU&amp;list=PLxpLvYpw4tH2OoR9QLFEoutXMhLpq-3Hv<\/span><\/a><\/span><\/p>\n<p>&nbsp;<\/p>\n<p>&#8211; Listas de Exerc\u00edcios:<\/p>\n<p><span style=\"color: #3366ff;\"><a style=\"color: #3366ff;\" href=\"https:\/\/wp.ufpel.edu.br\/nuclear\/files\/2023\/06\/lista-1-FGB-fluidos.pdf\" target=\"_blank\" rel=\"noopener\">Lista 1<\/a><\/span> (fluidos)<br \/>\n<span style=\"color: #3366ff;\"><a style=\"color: #3366ff;\" href=\"https:\/\/wp.ufpel.edu.br\/nuclear\/files\/2024\/06\/lista-2-FGB-termo.pdf\" target=\"_blank\" rel=\"noopener\">Lista 2<\/a><\/span> (termo)<br \/>\n<span style=\"color: #3366ff;\"><a style=\"color: #3366ff;\" href=\"https:\/\/wp.ufpel.edu.br\/nuclear\/files\/2024\/02\/lista-3-FGB-oscilacoes.pdf\" target=\"_blank\" rel=\"noopener\">Lista 3<\/a><\/span> (oscila\u00e7\u00f5es)<br \/>\n<span style=\"color: #3366ff;\"><a style=\"color: #3366ff;\" href=\"https:\/\/wp.ufpel.edu.br\/nuclear\/files\/2024\/08\/lista-4-FG-B-ondas.pdf\" target=\"_blank\" rel=\"noopener\">Lista 4<\/a><\/span> (ondas)<br \/>\n<span style=\"color: #3366ff;\"><a style=\"color: #3366ff;\" href=\"https:\/\/wp.ufpel.edu.br\/nuclear\/files\/2025\/08\/lista-5-FG-B-gravitacao.pdf\" target=\"_blank\" rel=\"noopener\">Lista 5<\/a><\/span> (gravita\u00e7\u00e3o)<\/p>\n<p>&nbsp;<\/p>\n<p>&nbsp;<\/p>\n<p>&nbsp;<\/p>\n","protected":false},"excerpt":{"rendered":"<p>F\u00edsica Geral B (T1) 2026\/1 &nbsp; Plano de Ensino &#8211; Slides: convers\u00f5es de unidades &#8211; Material extra (apostilas, livros, links) &nbsp; slides (fluidos) &nbsp; &#8211; Playlist das videoaulas (F\u00edsica B\u00e1sica II): https:\/\/www.youtube.com\/watch?v=1ZFUDY2cKmU&amp;list=PLxpLvYpw4tH2OoR9QLFEoutXMhLpq-3Hv &nbsp; &#8211; Listas de Exerc\u00edcios: Lista 1 (fluidos) Lista 2 (termo) Lista 3 (oscila\u00e7\u00f5es) Lista 4 (ondas) Lista 5 (gravita\u00e7\u00e3o) &nbsp; &nbsp; &nbsp;<\/p>\n","protected":false},"author":457,"featured_media":0,"parent":1651,"menu_order":0,"comment_status":"closed","ping_status":"closed","template":"","meta":{"footnotes":""},"class_list":["post-1654","page","type-page","status-publish","hentry"],"_links":{"self":[{"href":"https:\/\/wp.ufpel.edu.br\/nuclear\/wp-json\/wp\/v2\/pages\/1654","targetHints":{"allow":["GET"]}}],"collection":[{"href":"https:\/\/wp.ufpel.edu.br\/nuclear\/wp-json\/wp\/v2\/pages"}],"about":[{"href":"https:\/\/wp.ufpel.edu.br\/nuclear\/wp-json\/wp\/v2\/types\/page"}],"author":[{"embeddable":true,"href":"https:\/\/wp.ufpel.edu.br\/nuclear\/wp-json\/wp\/v2\/users\/457"}],"replies":[{"embeddable":true,"href":"https:\/\/wp.ufpel.edu.br\/nuclear\/wp-json\/wp\/v2\/comments?post=1654"}],"version-history":[{"count":3,"href":"https:\/\/wp.ufpel.edu.br\/nuclear\/wp-json\/wp\/v2\/pages\/1654\/revisions"}],"predecessor-version":[{"id":1664,"href":"https:\/\/wp.ufpel.edu.br\/nuclear\/wp-json\/wp\/v2\/pages\/1654\/revisions\/1664"}],"up":[{"embeddable":true,"href":"https:\/\/wp.ufpel.edu.br\/nuclear\/wp-json\/wp\/v2\/pages\/1651"}],"wp:attachment":[{"href":"https:\/\/wp.ufpel.edu.br\/nuclear\/wp-json\/wp\/v2\/media?parent=1654"}],"curies":[{"name":"wp","href":"https:\/\/api.w.org\/{rel}","templated":true}]}}