{"id":104,"date":"2016-04-12T16:44:26","date_gmt":"2016-04-12T19:44:26","guid":{"rendered":"https:\/\/wp.ufpel.edu.br\/nuclear\/?page_id=104"},"modified":"2025-09-16T22:12:43","modified_gmt":"2025-09-17T01:12:43","slug":"4-extensao","status":"publish","type":"page","link":"https:\/\/wp.ufpel.edu.br\/nuclear\/4-extensao\/","title":{"rendered":"4 &#8211; Extens\u00e3o"},"content":{"rendered":"<p>1) PRP (<span style=\"color: #ff0000;\"><strong>P<\/strong><\/span>rograma <span style=\"color: #ff0000;\"><strong>R<\/strong><\/span>esid\u00eancia <span style=\"color: #ff0000;\"><strong>P<\/strong><\/span>edag\u00f3gica)<\/p>\n<ul>\n<li><span style=\"color: #3366ff;\"><a style=\"color: #3366ff;\" href=\"https:\/\/wp.ufpel.edu.br\/rpcienciasufpel\/\" target=\"_blank\" rel=\"noopener noreferrer\">PRP &#8211; Ci\u00eancias da Natureza (Biologia\/F\u00edsica\/Qu\u00edmica)<\/a><\/span><br \/>\n<span style=\"color: #ffffff;\">.<\/span><\/li>\n<\/ul>\n<ul>\n<li><span style=\"color: #3366ff;\"><a style=\"color: #3366ff;\" href=\"https:\/\/wp.ufpel.edu.br\/residenciapedagogica\/\" target=\"_blank\" rel=\"noopener noreferrer\">PRP<\/a><\/span>\u00a0(UFPEL)<\/li>\n<\/ul>\n<p>&nbsp;<\/p>\n<p>2) PIBID (<span style=\"color: #ff0000;\"><strong>P<\/strong><\/span>rograma <span style=\"color: #ff0000;\"><strong>I<\/strong><\/span>nstitucional de <span style=\"color: #ff0000;\"><strong>B<\/strong><\/span>olsas de <span style=\"color: #ff0000;\"><strong>I<\/strong><\/span>nicia\u00e7\u00e3o \u00e0 <span style=\"color: #ff0000;\"><strong>D<\/strong><\/span>oc\u00eancia)<\/p>\n<ul>\n<li><span style=\"color: #3366ff;\"><a style=\"color: #3366ff;\" href=\"https:\/\/wp.ufpel.edu.br\/pibidfisica\/\" target=\"_blank\" rel=\"noopener noreferrer\">PIBID\/F\u00edsica<\/a><\/span><br \/>\n<span style=\"color: #ffffff;\">.<\/span><\/li>\n<\/ul>\n<ul>\n<li><span style=\"color: #3366ff;\"><a style=\"color: #3366ff;\" href=\"https:\/\/wp.ufpel.edu.br\/pibid\" target=\"_blank\" rel=\"noopener noreferrer\">PIBID<\/a><\/span> (UFPEL)<\/li>\n<\/ul>\n<p>&nbsp;<\/p>\n<p>3) <span style=\"color: #3366ff;\">Minicurso sobre Arduinos e Prototipagem Eletr\u00f4nica<\/span><br \/>\n(encontros semanais)<\/p>\n<p>&nbsp;<\/p>\n<p>4) <a href=\"https:\/\/wp.ufpel.edu.br\/educacaoliberal\/\" target=\"_blank\" rel=\"noopener noreferrer\"><span style=\"color: #3366ff;\">Educa\u00e7\u00e3o e Liberdade<\/span><\/a><br \/>\n(encontros quinzenais)<\/p>\n<p>Projeto de Extens\u00e3o Interdisciplinar, envolvendo docentes do: IFISP, FaE, FAT, DF, Decon.<\/p>\n<p>.<\/p>\n","protected":false},"excerpt":{"rendered":"<p>1) PRP (Programa Resid\u00eancia Pedag\u00f3gica) PRP &#8211; Ci\u00eancias da Natureza (Biologia\/F\u00edsica\/Qu\u00edmica) . PRP\u00a0(UFPEL) &nbsp; 2) PIBID (Programa Institucional de Bolsas de Inicia\u00e7\u00e3o \u00e0 Doc\u00eancia) PIBID\/F\u00edsica . PIBID (UFPEL) &nbsp; 3) Minicurso sobre Arduinos e Prototipagem Eletr\u00f4nica (encontros semanais) &nbsp; 4) Educa\u00e7\u00e3o e Liberdade (encontros quinzenais) Projeto de Extens\u00e3o Interdisciplinar, envolvendo docentes do: IFISP, FaE, FAT, [&hellip;]<\/p>\n","protected":false},"author":457,"featured_media":0,"parent":0,"menu_order":0,"comment_status":"closed","ping_status":"closed","template":"","meta":{"footnotes":""},"class_list":["post-104","page","type-page","status-publish","hentry"],"_links":{"self":[{"href":"https:\/\/wp.ufpel.edu.br\/nuclear\/wp-json\/wp\/v2\/pages\/104","targetHints":{"allow":["GET"]}}],"collection":[{"href":"https:\/\/wp.ufpel.edu.br\/nuclear\/wp-json\/wp\/v2\/pages"}],"about":[{"href":"https:\/\/wp.ufpel.edu.br\/nuclear\/wp-json\/wp\/v2\/types\/page"}],"author":[{"embeddable":true,"href":"https:\/\/wp.ufpel.edu.br\/nuclear\/wp-json\/wp\/v2\/users\/457"}],"replies":[{"embeddable":true,"href":"https:\/\/wp.ufpel.edu.br\/nuclear\/wp-json\/wp\/v2\/comments?post=104"}],"version-history":[{"count":4,"href":"https:\/\/wp.ufpel.edu.br\/nuclear\/wp-json\/wp\/v2\/pages\/104\/revisions"}],"predecessor-version":[{"id":1625,"href":"https:\/\/wp.ufpel.edu.br\/nuclear\/wp-json\/wp\/v2\/pages\/104\/revisions\/1625"}],"wp:attachment":[{"href":"https:\/\/wp.ufpel.edu.br\/nuclear\/wp-json\/wp\/v2\/media?parent=104"}],"curies":[{"name":"wp","href":"https:\/\/api.w.org\/{rel}","templated":true}]}}