{"id":391,"date":"2024-10-04T10:37:44","date_gmt":"2024-10-04T13:37:44","guid":{"rendered":"https:\/\/wp.ufpel.edu.br\/nrc\/?page_id=391"},"modified":"2024-10-04T13:13:59","modified_gmt":"2024-10-04T16:13:59","slug":"datacenter","status":"publish","type":"page","link":"https:\/\/wp.ufpel.edu.br\/nrc\/datacenter\/","title":{"rendered":"Datacenter"},"content":{"rendered":"<p>O Datacenter da Computa\u00e7\u00e3o \u00e9 administrado pelo N\u00facleo de Recursos Computacionais da UFPel e oferece um espa\u00e7o seguro e adequado para a instala\u00e7\u00e3o de servidores de pesquisa e atividades acad\u00eamicas dos cursos de Computa\u00e7\u00e3o do CDTec. Ele garante o suporte necess\u00e1rio para diversos projetos, fornecendo energia, conex\u00e3o de rede de alta velocidade e ambiente com temperatura monitorada para proteger os equipamentos.<\/p>\n<p>O Datacenter da Computa\u00e7\u00e3o est\u00e1 \u00e0 disposi\u00e7\u00e3o de laborat\u00f3rios de pesquisa e projetos acad\u00eamicos. Se voc\u00ea precisa de espa\u00e7o para alocar servidores ou usar os recursos do datacenter, entre em contato com o N\u00facleo de Recursos Computacionais para saber como fazer sua solicita\u00e7\u00e3o.<\/p>\n","protected":false},"excerpt":{"rendered":"<p>O Datacenter da Computa\u00e7\u00e3o \u00e9 administrado pelo N\u00facleo de Recursos Computacionais da UFPel e oferece um espa\u00e7o seguro e adequado para a instala\u00e7\u00e3o de servidores de pesquisa e atividades acad\u00eamicas dos cursos de Computa\u00e7\u00e3o do CDTec. Ele garante o suporte necess\u00e1rio para diversos projetos, fornecendo energia, conex\u00e3o de rede de alta velocidade e ambiente com [&hellip;]<\/p>\n","protected":false},"author":869,"featured_media":0,"parent":0,"menu_order":0,"comment_status":"closed","ping_status":"closed","template":"page-sem-sidebar.php","meta":{"jetpack_post_was_ever_published":false,"footnotes":""},"class_list":["post-391","page","type-page","status-publish","hentry"],"jetpack_sharing_enabled":true,"jetpack_shortlink":"https:\/\/wp.me\/PaLkmL-6j","_links":{"self":[{"href":"https:\/\/wp.ufpel.edu.br\/nrc\/wp-json\/wp\/v2\/pages\/391","targetHints":{"allow":["GET"]}}],"collection":[{"href":"https:\/\/wp.ufpel.edu.br\/nrc\/wp-json\/wp\/v2\/pages"}],"about":[{"href":"https:\/\/wp.ufpel.edu.br\/nrc\/wp-json\/wp\/v2\/types\/page"}],"author":[{"embeddable":true,"href":"https:\/\/wp.ufpel.edu.br\/nrc\/wp-json\/wp\/v2\/users\/869"}],"replies":[{"embeddable":true,"href":"https:\/\/wp.ufpel.edu.br\/nrc\/wp-json\/wp\/v2\/comments?post=391"}],"version-history":[{"count":3,"href":"https:\/\/wp.ufpel.edu.br\/nrc\/wp-json\/wp\/v2\/pages\/391\/revisions"}],"predecessor-version":[{"id":403,"href":"https:\/\/wp.ufpel.edu.br\/nrc\/wp-json\/wp\/v2\/pages\/391\/revisions\/403"}],"wp:attachment":[{"href":"https:\/\/wp.ufpel.edu.br\/nrc\/wp-json\/wp\/v2\/media?parent=391"}],"curies":[{"name":"wp","href":"https:\/\/api.w.org\/{rel}","templated":true}]}}

<p>O Datacenter da Computação é administrado pelo Núcleo de Recursos Computacionais da UFPel e oferece um espaço seguro e adequado para a instalação de servidores de pesquisa e atividades acadêmicas dos cursos de Computação do CDTec. Ele garante o suporte necessário para diversos projetos, fornecendo energia, conexão de rede de alta velocidade e ambiente com temperatura monitorada para proteger os equipamentos.</p>
<p>O Datacenter da Computação está à disposição de laboratórios de pesquisa e projetos acadêmicos. Se você precisa de espaço para alocar servidores ou usar os recursos do datacenter, entre em contato com o Núcleo de Recursos Computacionais para saber como fazer sua solicitação.</p>

<p>O Datacenter da Computação é administrado pelo Núcleo de Recursos Computacionais da UFPel e oferece um espaço seguro e adequado para a instalação de servidores de pesquisa e atividades acadêmicas dos cursos de Computação do CDTec. Ele garante o suporte necessário para diversos projetos, fornecendo energia, conexão de rede de alta velocidade e ambiente com [&hellip;]</p>
