{"id":19,"date":"2019-02-15T13:30:55","date_gmt":"2019-02-15T15:30:55","guid":{"rendered":"https:\/\/wp.ufpel.edu.br\/nrc\/?page_id=19"},"modified":"2024-07-05T09:07:05","modified_gmt":"2024-07-05T12:07:05","slug":"softwares-instalados","status":"publish","type":"page","link":"https:\/\/wp.ufpel.edu.br\/nrc\/laboratorios\/softwares-instalados\/","title":{"rendered":"Lista de Softwares Instalados"},"content":{"rendered":"<h1>Lista de Softwares Instalados<\/h1>\n<p><strong>Atualiza\u00e7\u00e3o: <\/strong>1\/2024<\/p>\n<h2>Todos os Laborat\u00f3rios (Lab1, Lab2, Lab3, Lab4, Lab5 e Lab6 &#8211; somente Linux)<\/h2>\n<table>\n<thead>\n<tr>\n<th>Software<\/th>\n<th>Descri\u00e7\u00e3o<\/th>\n<th>Vers\u00e3o<\/th>\n<th>Linux<\/th>\n<th>Windows<\/th>\n<th>Site<\/th>\n<\/tr>\n<\/thead>\n<tbody>\n<tr>\n<td>7zip<\/td>\n<td>Descompactador de arquivos<\/td>\n<td><\/td>\n<td>Sim<\/td>\n<td>Sim<\/td>\n<td><\/td>\n<\/tr>\n<tr>\n<td>Evince<\/td>\n<td>Visualizador de PDF<\/td>\n<td>&#8211;<\/td>\n<td>Sim<\/td>\n<td>&#8211;<\/td>\n<td><\/td>\n<\/tr>\n<tr>\n<td>Adobe Reader<\/td>\n<td>Visualizador de PDF<\/td>\n<td>&#8211;<\/td>\n<td>&#8211;<\/td>\n<td><\/td>\n<td><\/td>\n<\/tr>\n<tr>\n<td>Libreoffice<\/td>\n<td>Suite de Escrit\u00f3rio<\/td>\n<td><\/td>\n<td>Sim<\/td>\n<td>Sim<\/td>\n<td><\/td>\n<\/tr>\n<tr>\n<td>InkScape<\/td>\n<td>Editor de Imagens Vetoriais<\/td>\n<td><\/td>\n<td>Sim<\/td>\n<td><\/td>\n<td><\/td>\n<\/tr>\n<tr>\n<td>Gimp<\/td>\n<td>Editor de Imagens<\/td>\n<td><\/td>\n<td>Sim<\/td>\n<td><\/td>\n<td><\/td>\n<\/tr>\n<tr>\n<td>VLC<\/td>\n<td>Mediaplayer<\/td>\n<td><\/td>\n<td>Sim<\/td>\n<td>Sim<\/td>\n<td><\/td>\n<\/tr>\n<tr>\n<td>Flex<\/td>\n<td>Ferramentas geradora de analisadores l\u00e9xicos<\/td>\n<td><\/td>\n<td>Sim<\/td>\n<td><\/td>\n<td><\/td>\n<\/tr>\n<tr>\n<td>Google Chrome<\/td>\n<td>Navegador Web<\/td>\n<td><\/td>\n<td>Sim<\/td>\n<td>Sim<\/td>\n<td><\/td>\n<\/tr>\n<tr>\n<td>Bison<\/td>\n<td>Gerador de parsers YACC<\/td>\n<td><\/td>\n<td>Sim<\/td>\n<td><\/td>\n<td><\/td>\n<\/tr>\n<tr>\n<td>JavaCC<\/td>\n<td>Gerador de analisador sint\u00e1tico aberto para a linguagem Java<\/td>\n<td><\/td>\n<td>Sim<\/td>\n<td><\/td>\n<td><\/td>\n<\/tr>\n<tr>\n<td>RStudio<\/td>\n<td>IDE para desenvolvimento em R<\/td>\n<td><\/td>\n<td>Sim<\/td>\n<td><\/td>\n<td><\/td>\n<\/tr>\n<tr>\n<td>Anaconda<\/td>\n<td><\/td>\n<td><\/td>\n<td>Sim<\/td>\n<td><\/td>\n<td><\/td>\n<\/tr>\n<tr>\n<td>VirtualBox<\/td>\n<td><\/td>\n<td><\/td>\n<td>Sim<\/td>\n<td>Sim<\/td>\n<td><\/td>\n<\/tr>\n<tr>\n<td>Vagrant<\/td>\n<td>Ferramenta que permite criar rapidamente ambientes virtuais para testes, desenvolvimento ou provisionamento de ambientes utilizando as solu\u00e7\u00f5es de virtualiza\u00e7\u00e3o<\/td>\n<td><\/td>\n<td>Sim<\/td>\n<td>Sim<\/td>\n<td><a href=\"http:\/\/www.vagrantup.com\/\">Vagrant<\/a><\/td>\n<\/tr>\n<tr>\n<td>Docker<\/td>\n<td>Ferramentas para cria\u00e7\u00e3o e gerenciamento de cont\u00eaineres<\/td>\n<td><\/td>\n<td>Sim<\/td>\n<td><\/td>\n<td><\/td>\n<\/tr>\n<tr>\n<td>GCC\/G++<\/td>\n<td><\/td>\n<td><\/td>\n<td>Sim<\/td>\n<td><\/td>\n<td><\/td>\n<\/tr>\n<tr>\n<td>GFortran<\/td>\n<td>Linguagem de Programa\u00e7\u00e3o<\/td>\n<td><\/td>\n<td>Sim<\/td>\n<td><\/td>\n<td><\/td>\n<\/tr>\n<tr>\n<td>Go<\/td>\n<td>Linguagem de Programa\u00e7\u00e3o<\/td>\n<td><\/td>\n<td>Sim<\/td>\n<td><\/td>\n<td><\/td>\n<\/tr>\n<tr>\n<td>Rust<\/td>\n<td>Linguagem de Programa\u00e7\u00e3o<\/td>\n<td><\/td>\n<td>Sim<\/td>\n<td><\/td>\n<td><\/td>\n<\/tr>\n<tr>\n<td>Python<\/td>\n<td>Linguagem de Programa\u00e7\u00e3o<\/td>\n<td><\/td>\n<td>Sim<\/td>\n<td><\/td>\n<td><\/td>\n<\/tr>\n<tr>\n<td>Julia<\/td>\n<td>Linguagem de Programa\u00e7\u00e3o<\/td>\n<td><\/td>\n<td>Sim<\/td>\n<td><\/td>\n<td><\/td>\n<\/tr>\n<tr>\n<td>Ruby<\/td>\n<td>Linguagem de Programa\u00e7\u00e3o<\/td>\n<td><\/td>\n<td>Sim<\/td>\n<td><\/td>\n<td><\/td>\n<\/tr>\n<tr>\n<td>Elixir<\/td>\n<td>Linguagem de Programa\u00e7\u00e3o<\/td>\n<td><\/td>\n<td>Sim<\/td>\n<td><\/td>\n<td><\/td>\n<\/tr>\n<tr>\n<td>Erlang<\/td>\n<td>Linguagem de Programa\u00e7\u00e3o<\/td>\n<td><\/td>\n<td>Sim<\/td>\n<td><\/td>\n<td><\/td>\n<\/tr>\n<tr>\n<td>Haskell (GHC)<\/td>\n<td>Linguagem de Programa\u00e7\u00e3o<\/td>\n<td><\/td>\n<td>Sim<\/td>\n<td><\/td>\n<td><\/td>\n<\/tr>\n<tr>\n<td>Cabal<\/td>\n<td>Gerenciador de pacotes para o Haskell<\/td>\n<td><\/td>\n<td>Sim<\/td>\n<td><\/td>\n<td><\/td>\n<\/tr>\n<tr>\n<td>OpenJDK<\/td>\n<td>Java<\/td>\n<td><\/td>\n<td>Sim<\/td>\n<td><\/td>\n<td><\/td>\n<\/tr>\n<tr>\n<td>Codeblocks<\/td>\n<td>IDE<\/td>\n<td><\/td>\n<td>Sim<\/td>\n<td><\/td>\n<td><\/td>\n<\/tr>\n<tr>\n<td>Gedit<\/td>\n<td>Editor de Texto<\/td>\n<td><\/td>\n<td>Sim<\/td>\n<td><\/td>\n<td><\/td>\n<\/tr>\n<tr>\n<td>Scite<\/td>\n<td>Editor de Texto<\/td>\n<td><\/td>\n<td>Sim<\/td>\n<td><\/td>\n<td><\/td>\n<\/tr>\n<tr>\n<td>Eclipse<\/td>\n<td>IDE<\/td>\n<td><\/td>\n<td>Sim<\/td>\n<td><\/td>\n<td><\/td>\n<\/tr>\n<tr>\n<td>Emacs<\/td>\n<td>Editor de Texto<\/td>\n<td><\/td>\n<td>Sim<\/td>\n<td><\/td>\n<td><\/td>\n<\/tr>\n<tr>\n<td>Vim<\/td>\n<td>Editor de Texto<\/td>\n<td><\/td>\n<td>Sim<\/td>\n<td><\/td>\n<td><\/td>\n<\/tr>\n<tr>\n<td>Geany<\/td>\n<td>Editor de Texto<\/td>\n<td><\/td>\n<td>Sim<\/td>\n<td><\/td>\n<td><\/td>\n<\/tr>\n<tr>\n<td>Sublime<\/td>\n<td>Editor de Texto<\/td>\n<td><\/td>\n<td>Sim<\/td>\n<td><\/td>\n<td><\/td>\n<\/tr>\n<tr>\n<td>Netbeans<\/td>\n<td>IDE<\/td>\n<td><\/td>\n<td>Sim<\/td>\n<td><\/td>\n<td><\/td>\n<\/tr>\n<tr>\n<td>Atom<\/td>\n<td>Editor de Texto<\/td>\n<td><\/td>\n<td>Sim<\/td>\n<td><\/td>\n<td><\/td>\n<\/tr>\n<tr>\n<td>VSCode<\/td>\n<td>Editor de Texto<\/td>\n<td><\/td>\n<td>Sim<\/td>\n<td><\/td>\n<td><\/td>\n<\/tr>\n<tr>\n<td>Visual Studio Community<\/td>\n<td>IDE<\/td>\n<td>2019<\/td>\n<td>&#8211;<\/td>\n<td>Sim<\/td>\n<td><\/td>\n<\/tr>\n<tr>\n<td>Android Studio<\/td>\n<td>IDE<\/td>\n<td><\/td>\n<td>Sim<\/td>\n<td><\/td>\n<td><\/td>\n<\/tr>\n<tr>\n<td>Pychamr Community<\/td>\n<td>IDE<\/td>\n<td><\/td>\n<td>Sim<\/td>\n<td><\/td>\n<td><\/td>\n<\/tr>\n<tr>\n<td>Intellij IDEA Community<\/td>\n<td>IDE<\/td>\n<td><\/td>\n<td>Sim<\/td>\n<td><\/td>\n<td><\/td>\n<\/tr>\n<tr>\n<td>Brackets<\/td>\n<td>IDE<\/td>\n<td><\/td>\n<td>Sim<\/td>\n<td><\/td>\n<td><\/td>\n<\/tr>\n<tr>\n<td>Git<\/td>\n<td>Ferramenta para Controle de Vers\u00e3o<\/td>\n<td><\/td>\n<td>Sim<\/td>\n<td>Sim<\/td>\n<td><\/td>\n<\/tr>\n<tr>\n<td>Dr. Memory<\/td>\n<td><\/td>\n<td><\/td>\n<td>Sim<\/td>\n<td>Sim<\/td>\n<td>http:\/\/drmemory.org<\/td>\n<\/tr>\n<tr>\n<td>Valgrind<\/td>\n<td>Debugger<\/td>\n<td><\/td>\n<td>Sim<\/td>\n<td><\/td>\n<td><\/td>\n<\/tr>\n<tr>\n<td>Bibliotecas para OpenGL<\/td>\n<td><\/td>\n<td><\/td>\n<td>Sim<\/td>\n<td>Sim<\/td>\n<td><\/td>\n<\/tr>\n<tr>\n<td>CMake<\/td>\n<td><\/td>\n<td><\/td>\n<td>Sim<\/td>\n<td>Sim<\/td>\n<td><\/td>\n<\/tr>\n<tr>\n<td>Blender<\/td>\n<td><\/td>\n<td><\/td>\n<td>Sim<\/td>\n<td>Sim<\/td>\n<td><\/td>\n<\/tr>\n<tr>\n<td>Mars<\/td>\n<td><\/td>\n<td><\/td>\n<td>Sim<\/td>\n<td><\/td>\n<td><\/td>\n<\/tr>\n<tr>\n<td>Gnuplot<\/td>\n<td><\/td>\n<td><\/td>\n<td>Sim<\/td>\n<td><\/td>\n<td><\/td>\n<\/tr>\n<tr>\n<td>Octave<\/td>\n<td><\/td>\n<td><\/td>\n<td>Sim<\/td>\n<td><\/td>\n<td><\/td>\n<\/tr>\n<tr>\n<td>Coq<\/td>\n<td><\/td>\n<td><\/td>\n<td>Sim<\/td>\n<td><\/td>\n<td><\/td>\n<\/tr>\n<tr>\n<td>Wireshark<\/td>\n<td><\/td>\n<td><\/td>\n<td>Sim<\/td>\n<td><\/td>\n<td><\/td>\n<\/tr>\n<tr>\n<td>MTR<\/td>\n<td><\/td>\n<td><\/td>\n<td>Sim<\/td>\n<td><\/td>\n<td><\/td>\n<\/tr>\n<tr>\n<td>PostgreSQL<\/td>\n<td>Sistema Gerenciador de Banco de Dados de C\u00f3digo Aberto<\/td>\n<td>14<\/td>\n<td>Sim<\/td>\n<td><\/td>\n<td><\/td>\n<\/tr>\n<tr>\n<td>MySQL<\/td>\n<td>Sistema Gerenciador de Banco de Dados de C\u00f3digo Aberto<\/td>\n<td>8<\/td>\n<td>Sim<\/td>\n<td><\/td>\n<td><\/td>\n<\/tr>\n<tr>\n<td>Node.JS<\/td>\n<td><\/td>\n<td><\/td>\n<td>Sim<\/td>\n<td><\/td>\n<td><\/td>\n<\/tr>\n<tr>\n<td>SimGrid<\/td>\n<td><\/td>\n<td><\/td>\n<td>Sim<\/td>\n<td><\/td>\n<td><\/td>\n<\/tr>\n<tr>\n<td>Mindstorms Lego<\/td>\n<td><\/td>\n<td>EV3<\/td>\n<td>&#8211;<\/td>\n<td><\/td>\n<td><\/td>\n<\/tr>\n<tr>\n<td>Unity<\/td>\n<td><\/td>\n<td><\/td>\n<td>&#8211;<\/td>\n<td>Sim<\/td>\n<td><\/td>\n<\/tr>\n<tr>\n<td>NVDA<\/td>\n<td>Ferramenta de Acessibilidade<\/td>\n<td><\/td>\n<td>&#8211;<\/td>\n<td>Sim<\/td>\n<td><\/td>\n<\/tr>\n<tr>\n<td>ORCA<\/td>\n<td>Ferramenta de Acessibilidade<\/td>\n<td><\/td>\n<td>Sim<\/td>\n<td><\/td>\n<td><\/td>\n<\/tr>\n<tr>\n<td>OpenCL SDK<\/td>\n<td>Kit de desenvolvimento de software em OpenCL<\/td>\n<td><\/td>\n<td>Sim<\/td>\n<td><\/td>\n<td><\/td>\n<\/tr>\n<tr>\n<td>OpenMPI<\/td>\n<td>Biblioteca para desenvolvimento de aplica\u00e7\u00f5es distribu\u00eddas<\/td>\n<td><\/td>\n<td>Sim<\/td>\n<td><\/td>\n<td><\/td>\n<\/tr>\n<tr>\n<td>Quartus II Web<\/td>\n<td><\/td>\n<td>13.0.1.232<\/td>\n<td><\/td>\n<td>Sim<\/td>\n<td>http:\/\/fpgasoftware.intel.com\/13.0\/?edition=web&amp;platform=windows&amp;download_manager=dlm3<\/td>\n<\/tr>\n<tr>\n<td>IDE do Arduino<\/td>\n<td>Plataforma de desenvolvimento do microcontrolador Arduino<\/td>\n<td><\/td>\n<td>Sim<\/td>\n<td>Sim<\/td>\n<td>https:\/\/www.arduino.cc\/en\/software<\/td>\n<\/tr>\n<tr>\n<td>JavaFX Scene Builder<\/td>\n<td>Prototipa\u00e7\u00e3o de interfaces gr\u00e1ficas em Java<\/td>\n<td><\/td>\n<td>Sim<\/td>\n<td>Sim<\/td>\n<td>https:\/\/gluonhq.com\/products\/scene-builder\/<\/td>\n<\/tr>\n<tr>\n<td>Orange Data Mining<\/td>\n<td>Plataforma de minera\u00e7\u00e3o de dados e an\u00e1lise estat\u00edstica para a ci\u00eancia de dados.<\/td>\n<td>3.34<\/td>\n<td>Sim<\/td>\n<td>Sim<\/td>\n<td>https:\/\/orangedatamining.com\/<\/td>\n<\/tr>\n<tr>\n<td>Weka<\/td>\n<td>Plataforma de aprendizado de m\u00e1quina de c\u00f3digo aberto para a minera\u00e7\u00e3o de dados<\/td>\n<td>3.8<\/td>\n<td>Sim<\/td>\n<td>Sim<\/td>\n<td>https:\/\/waikato.github.io\/weka-wiki\/<\/td>\n<\/tr>\n<tr>\n<td>Portugol Studio<\/td>\n<td>Ambiente para aprender a programar, voltado para os iniciantes em programa\u00e7\u00e3o que falam o idioma portugu\u00eas.<\/td>\n<td>2.7.5<\/td>\n<td>Sim<\/td>\n<td>Sim<\/td>\n<td>http:\/\/univali-lite.github.io\/Portugol-Studio\/<\/td>\n<\/tr>\n<tr>\n<td>PSPP<\/td>\n<td>Software livre para an\u00e1lise de dados, destinado a ser uma alternativa para o IBM SPSS<\/td>\n<td>1.6.2<\/td>\n<td>Sim<\/td>\n<td>Sim<\/td>\n<td>https:\/\/www.gnu.org\/software\/pspp\/<\/td>\n<\/tr>\n<tr>\n<td>JASP<\/td>\n<td>Programa de estat\u00edsticas de c\u00f3digo aberto que \u00e9 gratuito, amig\u00e1vel e flex\u00edvel.<\/td>\n<td>0.17.3<\/td>\n<td>Sim<\/td>\n<td>Sim<\/td>\n<td>https:\/\/jasp-stats.org\/<\/td>\n<\/tr>\n<tr>\n<td>GAMA Platform<\/td>\n<td>Ambiente de simula\u00e7\u00e3o e modelagem de c\u00f3digo aberto f\u00e1cil de usar para criar simula\u00e7\u00f5es espacialmente expl\u00edcitas baseadas em agentes<\/td>\n<td>1.9.1<\/td>\n<td>Sim<\/td>\n<td>Sim<\/td>\n<td>https:\/\/gama-platform.org\/<\/td>\n<\/tr>\n<\/tbody>\n<\/table>\n<h2>Somente Laborat\u00f3rio 1<\/h2>\n<table>\n<thead>\n<tr>\n<th>Software<\/th>\n<th>Descri\u00e7\u00e3o<\/th>\n<th>Vers\u00e3o<\/th>\n<th>Linux<\/th>\n<th>Windows<\/th>\n<th>Link<\/th>\n<\/tr>\n<\/thead>\n<tbody>\n<tr>\n<td>Atmel Studio<\/td>\n<td>Plataforma de desenvolvimento de projetos com microcontroladores da Microchip<\/td>\n<td>7.0.1931<\/td>\n<td><\/td>\n<td>Sim<\/td>\n<td>https:\/\/www.microchip.com\/mplab\/avr-support\/atmel-studio-7<\/td>\n<\/tr>\n<tr>\n<td>LTspice<\/td>\n<td>Software que implementa um simulador de circuito eletr\u00f4nico SPICE<\/td>\n<td>XVII<\/td>\n<td><\/td>\n<td>Sim<\/td>\n<td><a href=\"https:\/\/www.microchip.com\/mplab\/avr-support\/atmel-studio-7\">https:\/\/www.analog.com\/en\/design-center\/design-tools-and-calculators\/ltspice-simulator.html<\/a><\/td>\n<\/tr>\n<tr>\n<td>Microwind<\/td>\n<td>Simula\u00e7\u00e3o de dispositivos semicondutores<\/td>\n<td>V3<\/td>\n<td><\/td>\n<td>Sim<\/td>\n<td><\/td>\n<\/tr>\n<tr>\n<td>Karma<\/td>\n<td>Conjunto de ferramentas de s\u00edntese l\u00f3gica, incluindo mapas de Karnaugh, minimiza\u00e7\u00e3o de Quine-McCluskey, BDDs, probabilidades, m\u00f3dulo de ensino<\/td>\n<td>3.62<\/td>\n<td><\/td>\n<td>Sim<\/td>\n<td><\/td>\n<\/tr>\n<tr>\n<td>ABC<\/td>\n<td><\/td>\n<td><\/td>\n<td><\/td>\n<td>Sim<\/td>\n<td><\/td>\n<\/tr>\n<tr>\n<td>SwiftCraft<\/td>\n<td>O ambiente SwitchCraft fornece um conjunto de ferramentas para gera\u00e7\u00e3o de rede de comuta\u00e7\u00e3o. Estimadores para atraso, \u00e1rea e dissipa\u00e7\u00e3o de energia (din\u00e2mica e fuga) est\u00e3o dispon\u00edveis.<\/td>\n<td>b150<\/td>\n<td><\/td>\n<td>Sim<\/td>\n<td><\/td>\n<\/tr>\n<tr>\n<td>Progisp<\/td>\n<td><\/td>\n<td>v11.72<\/td>\n<td><\/td>\n<td>Sim<\/td>\n<td><\/td>\n<\/tr>\n<tr>\n<td>Grava<\/td>\n<td><\/td>\n<td>3.2<\/td>\n<td><\/td>\n<td>Sim<\/td>\n<td><\/td>\n<\/tr>\n<\/tbody>\n<\/table>\n<p>&nbsp;<\/p>\n<p>&nbsp;<\/p>\n","protected":false},"excerpt":{"rendered":"<p>Lista de Softwares Instalados Atualiza\u00e7\u00e3o: 1\/2024 Todos os Laborat\u00f3rios (Lab1, Lab2, Lab3, Lab4, Lab5 e Lab6 &#8211; somente Linux) Software Descri\u00e7\u00e3o Vers\u00e3o Linux Windows Site 7zip Descompactador de arquivos Sim Sim Evince Visualizador de PDF &#8211; Sim &#8211; Adobe Reader Visualizador de PDF &#8211; &#8211; Libreoffice Suite de Escrit\u00f3rio Sim Sim InkScape Editor de Imagens [&hellip;]<\/p>\n","protected":false},"author":869,"featured_media":0,"parent":4,"menu_order":0,"comment_status":"closed","ping_status":"closed","template":"page-sem-sidebar.php","meta":{"jetpack_post_was_ever_published":false,"footnotes":""},"class_list":["post-19","page","type-page","status-publish","hentry"],"jetpack_sharing_enabled":true,"jetpack_shortlink":"https:\/\/wp.me\/PaLkmL-j","_links":{"self":[{"href":"https:\/\/wp.ufpel.edu.br\/nrc\/wp-json\/wp\/v2\/pages\/19","targetHints":{"allow":["GET"]}}],"collection":[{"href":"https:\/\/wp.ufpel.edu.br\/nrc\/wp-json\/wp\/v2\/pages"}],"about":[{"href":"https:\/\/wp.ufpel.edu.br\/nrc\/wp-json\/wp\/v2\/types\/page"}],"author":[{"embeddable":true,"href":"https:\/\/wp.ufpel.edu.br\/nrc\/wp-json\/wp\/v2\/users\/869"}],"replies":[{"embeddable":true,"href":"https:\/\/wp.ufpel.edu.br\/nrc\/wp-json\/wp\/v2\/comments?post=19"}],"version-history":[{"count":36,"href":"https:\/\/wp.ufpel.edu.br\/nrc\/wp-json\/wp\/v2\/pages\/19\/revisions"}],"predecessor-version":[{"id":356,"href":"https:\/\/wp.ufpel.edu.br\/nrc\/wp-json\/wp\/v2\/pages\/19\/revisions\/356"}],"up":[{"embeddable":true,"href":"https:\/\/wp.ufpel.edu.br\/nrc\/wp-json\/wp\/v2\/pages\/4"}],"wp:attachment":[{"href":"https:\/\/wp.ufpel.edu.br\/nrc\/wp-json\/wp\/v2\/media?parent=19"}],"curies":[{"name":"wp","href":"https:\/\/api.w.org\/{rel}","templated":true}]}}