{"id":383,"date":"2019-11-04T20:38:41","date_gmt":"2019-11-04T23:38:41","guid":{"rendered":"https:\/\/wp.ufpel.edu.br\/npsa\/?page_id=383"},"modified":"2019-11-04T20:38:41","modified_gmt":"2019-11-04T23:38:41","slug":"npsa-em-acao","status":"publish","type":"page","link":"https:\/\/wp.ufpel.edu.br\/npsa\/npsa-em-acao\/","title":{"rendered":"NPSA em A\u00e7\u00e3o"},"content":{"rendered":"<ul>\n<li>Visita para elabora\u00e7\u00e3o do plano de saneamento de Santa Vit\u00f3ria do Palmar<img class=\"alignnone size-medium wp-image-389\" src=\"https:\/\/wp.ufpel.edu.br\/npsa\/files\/2019\/11\/WhatsApp-Image-2019-10-23-at-20.04.32-400x225.jpeg\" alt=\"\" width=\"400\" height=\"225\" srcset=\"https:\/\/wp.ufpel.edu.br\/npsa\/files\/2019\/11\/WhatsApp-Image-2019-10-23-at-20.04.32-400x225.jpeg 400w, https:\/\/wp.ufpel.edu.br\/npsa\/files\/2019\/11\/WhatsApp-Image-2019-10-23-at-20.04.32-768x432.jpeg 768w, https:\/\/wp.ufpel.edu.br\/npsa\/files\/2019\/11\/WhatsApp-Image-2019-10-23-at-20.04.32-1024x576.jpeg 1024w, https:\/\/wp.ufpel.edu.br\/npsa\/files\/2019\/11\/WhatsApp-Image-2019-10-23-at-20.04.32.jpeg 1280w\" sizes=\"(max-width: 400px) 100vw, 400px\" \/><\/li>\n<\/ul>\n<p><img class=\"alignnone size-medium wp-image-388\" src=\"https:\/\/wp.ufpel.edu.br\/npsa\/files\/2019\/11\/WhatsApp-Image-2019-10-23-at-20.03.02-400x300.jpeg\" alt=\"\" width=\"400\" height=\"300\" srcset=\"https:\/\/wp.ufpel.edu.br\/npsa\/files\/2019\/11\/WhatsApp-Image-2019-10-23-at-20.03.02-400x300.jpeg 400w, https:\/\/wp.ufpel.edu.br\/npsa\/files\/2019\/11\/WhatsApp-Image-2019-10-23-at-20.03.02-768x576.jpeg 768w, https:\/\/wp.ufpel.edu.br\/npsa\/files\/2019\/11\/WhatsApp-Image-2019-10-23-at-20.03.02-1024x768.jpeg 1024w, https:\/\/wp.ufpel.edu.br\/npsa\/files\/2019\/11\/WhatsApp-Image-2019-10-23-at-20.03.02.jpeg 1280w\" sizes=\"(max-width: 400px) 100vw, 400px\" \/><\/p>\n<p>&nbsp;<\/p>\n<ul>\n<li>1\u00b0 ENCONTRO OPERADORES DE GEST\u00c3O DE RISCO E DESASTRE DA REGI\u00c3O SUL<\/li>\n<\/ul>\n<p>Dia: 28 de Maio 2019<\/p>\n<p><img class=\"alignnone wp-image-386 size-medium\" src=\"https:\/\/wp.ufpel.edu.br\/npsa\/files\/2019\/11\/not3-400x278.png\" alt=\"\" width=\"400\" height=\"278\" srcset=\"https:\/\/wp.ufpel.edu.br\/npsa\/files\/2019\/11\/not3-400x278.png 400w, https:\/\/wp.ufpel.edu.br\/npsa\/files\/2019\/11\/not3-768x534.png 768w, https:\/\/wp.ufpel.edu.br\/npsa\/files\/2019\/11\/not3.png 777w\" sizes=\"(max-width: 400px) 100vw, 400px\" \/><\/p>\n","protected":false},"excerpt":{"rendered":"<p>Visita para elabora\u00e7\u00e3o do plano de saneamento de Santa Vit\u00f3ria do Palmar &nbsp; 1\u00b0 ENCONTRO OPERADORES DE GEST\u00c3O DE RISCO E DESASTRE DA REGI\u00c3O SUL Dia: 28 de Maio 2019<\/p>\n","protected":false},"author":971,"featured_media":0,"parent":0,"menu_order":0,"comment_status":"closed","ping_status":"closed","template":"","meta":{"footnotes":""},"class_list":["post-383","page","type-page","status-publish","hentry"],"_links":{"self":[{"href":"https:\/\/wp.ufpel.edu.br\/npsa\/wp-json\/wp\/v2\/pages\/383","targetHints":{"allow":["GET"]}}],"collection":[{"href":"https:\/\/wp.ufpel.edu.br\/npsa\/wp-json\/wp\/v2\/pages"}],"about":[{"href":"https:\/\/wp.ufpel.edu.br\/npsa\/wp-json\/wp\/v2\/types\/page"}],"author":[{"embeddable":true,"href":"https:\/\/wp.ufpel.edu.br\/npsa\/wp-json\/wp\/v2\/users\/971"}],"replies":[{"embeddable":true,"href":"https:\/\/wp.ufpel.edu.br\/npsa\/wp-json\/wp\/v2\/comments?post=383"}],"version-history":[{"count":2,"href":"https:\/\/wp.ufpel.edu.br\/npsa\/wp-json\/wp\/v2\/pages\/383\/revisions"}],"predecessor-version":[{"id":390,"href":"https:\/\/wp.ufpel.edu.br\/npsa\/wp-json\/wp\/v2\/pages\/383\/revisions\/390"}],"wp:attachment":[{"href":"https:\/\/wp.ufpel.edu.br\/npsa\/wp-json\/wp\/v2\/media?parent=383"}],"curies":[{"name":"wp","href":"https:\/\/api.w.org\/{rel}","templated":true}]}}