{"id":27,"date":"2016-08-31T18:00:28","date_gmt":"2016-08-31T21:00:28","guid":{"rendered":"https:\/\/wp.ufpel.edu.br\/nphr\/?page_id=27"},"modified":"2017-09-18T17:14:03","modified_gmt":"2017-09-18T20:14:03","slug":"sobre","status":"publish","type":"page","link":"https:\/\/wp.ufpel.edu.br\/nphr\/sobre\/","title":{"rendered":"Sobre"},"content":{"rendered":"<p>O N\u00facleo de Pesquisa em Hist\u00f3ria Regional (NPHR) desenvolve suas atividades dentro do esp\u00edrito da indissociabilidade entre Ensino, Pesquisa e Extens\u00e3o. Ele promove e apoia pesquisas hist\u00f3ricas regionais, contextualizadas em realidades conjunturais e estruturais. Estimula estudos hist\u00f3ricos e interdisciplinares da forma\u00e7\u00e3o social sul rio-grandense em sua intera\u00e7\u00e3o com a Hist\u00f3ria Platina. Orienta os pesquisadores sobre as fontes documentais e bibliogr\u00e1ficas e tem\u00e1ticas hist\u00f3ricas locais. Apoia o ensino de hist\u00f3ria atrav\u00e9s de orienta\u00e7\u00f5es sobre recursos e bibliografias dispon\u00edveis sobre tem\u00e1ticas hist\u00f3ricas. Promove anualmente eventos Regionais e, bianualmente, Internacionais de Hist\u00f3ria Regional e oficinas de Organiza\u00e7\u00e3o de Arquivos e Paleografia. Atende semestralmente graduandos das disciplinas pr\u00e1ticas do Curso de Bacharelado em Hist\u00f3ria: Organiza\u00e7\u00e3o de Arquivos Hist\u00f3ricos, Arquivos Especiais e Paleografia. \u00c9 parceiro do Programa Institucional de Bolsa de Inicia\u00e7\u00e3o \u00e0 Doc\u00eancia do Curso de Licenciatura em Hist\u00f3ria, com quem realiza eventos e divide sua infraestrutura e com o Instituto Hist\u00f3rico e Geogr\u00e1fico de Pelotas, apoiando projetos de pesquisa. Realiza atividades nas escolas de tem\u00e1ticas vinculadas \u00e0 Hist\u00f3ria Regional e outras demandas relacionadas ao PIBID\u2014Hist\u00f3ria e \u00e0 Organiza\u00e7\u00e3o de Acervos. Apoia os eventos dos Cursos de Hist\u00f3rias, contribuindo com os demais Laborat\u00f3rios e N\u00facleos de Pesquisa.<\/p>\n","protected":false},"excerpt":{"rendered":"<p>O N\u00facleo de Pesquisa em Hist\u00f3ria Regional (NPHR) desenvolve suas atividades dentro do esp\u00edrito da indissociabilidade entre Ensino, Pesquisa e Extens\u00e3o. Ele promove e apoia pesquisas hist\u00f3ricas regionais, contextualizadas em realidades conjunturais e estruturais. Estimula estudos hist\u00f3ricos e interdisciplinares da forma\u00e7\u00e3o social sul rio-grandense em sua intera\u00e7\u00e3o com a Hist\u00f3ria Platina. Orienta os pesquisadores sobre [&hellip;]<\/p>\n","protected":false},"author":692,"featured_media":0,"parent":0,"menu_order":0,"comment_status":"closed","ping_status":"closed","template":"","meta":{"footnotes":""},"class_list":["post-27","page","type-page","status-publish","hentry"],"_links":{"self":[{"href":"https:\/\/wp.ufpel.edu.br\/nphr\/wp-json\/wp\/v2\/pages\/27","targetHints":{"allow":["GET"]}}],"collection":[{"href":"https:\/\/wp.ufpel.edu.br\/nphr\/wp-json\/wp\/v2\/pages"}],"about":[{"href":"https:\/\/wp.ufpel.edu.br\/nphr\/wp-json\/wp\/v2\/types\/page"}],"author":[{"embeddable":true,"href":"https:\/\/wp.ufpel.edu.br\/nphr\/wp-json\/wp\/v2\/users\/692"}],"replies":[{"embeddable":true,"href":"https:\/\/wp.ufpel.edu.br\/nphr\/wp-json\/wp\/v2\/comments?post=27"}],"version-history":[{"count":2,"href":"https:\/\/wp.ufpel.edu.br\/nphr\/wp-json\/wp\/v2\/pages\/27\/revisions"}],"predecessor-version":[{"id":144,"href":"https:\/\/wp.ufpel.edu.br\/nphr\/wp-json\/wp\/v2\/pages\/27\/revisions\/144"}],"wp:attachment":[{"href":"https:\/\/wp.ufpel.edu.br\/nphr\/wp-json\/wp\/v2\/media?parent=27"}],"curies":[{"name":"wp","href":"https:\/\/api.w.org\/{rel}","templated":true}]}}