{"id":2168,"date":"2025-08-06T15:21:21","date_gmt":"2025-08-06T18:21:21","guid":{"rendered":"https:\/\/wp.ufpel.edu.br\/npa\/?page_id=2168"},"modified":"2025-08-06T15:22:38","modified_gmt":"2025-08-06T18:22:38","slug":"licenciamento-ambiental-escola-superior-de-educacao-fisica-e-fisioterapia","status":"publish","type":"page","link":"https:\/\/wp.ufpel.edu.br\/npa\/licenciamento-ambiental\/licenciamento-ambiental-escola-superior-de-educacao-fisica-e-fisioterapia\/","title":{"rendered":"Licenciamento Ambiental &#8211; Escola Superior de Educa\u00e7\u00e3o F\u00edsica e Fisioterapia"},"content":{"rendered":"<p>A Licen\u00e7a Ambiental da Escola Superior de Educa\u00e7\u00e3o F\u00edsica e Fisioterapia foi obtida em 04 de agosto de 2025, com validade at\u00e9 03 de agosto de 2029.<\/p>\n<p>Clique\u00a0<a href=\"https:\/\/wp.ufpel.edu.br\/npa\/files\/2025\/08\/Licenca-05.08.2025.pdf\">aqui<\/a>\u00a0e acesse a licen\u00e7a ambiental em vigor.<\/p>\n","protected":false},"excerpt":{"rendered":"<p>A Licen\u00e7a Ambiental da Escola Superior de Educa\u00e7\u00e3o F\u00edsica e Fisioterapia foi obtida em 04 de agosto de 2025, com validade at\u00e9 03 de agosto de 2029. Clique\u00a0aqui\u00a0e acesse a licen\u00e7a ambiental em vigor.<\/p>\n","protected":false},"author":821,"featured_media":0,"parent":1078,"menu_order":1,"comment_status":"closed","ping_status":"closed","template":"","meta":{"footnotes":""},"class_list":["post-2168","page","type-page","status-publish","hentry"],"_links":{"self":[{"href":"https:\/\/wp.ufpel.edu.br\/npa\/wp-json\/wp\/v2\/pages\/2168","targetHints":{"allow":["GET"]}}],"collection":[{"href":"https:\/\/wp.ufpel.edu.br\/npa\/wp-json\/wp\/v2\/pages"}],"about":[{"href":"https:\/\/wp.ufpel.edu.br\/npa\/wp-json\/wp\/v2\/types\/page"}],"author":[{"embeddable":true,"href":"https:\/\/wp.ufpel.edu.br\/npa\/wp-json\/wp\/v2\/users\/821"}],"replies":[{"embeddable":true,"href":"https:\/\/wp.ufpel.edu.br\/npa\/wp-json\/wp\/v2\/comments?post=2168"}],"version-history":[{"count":3,"href":"https:\/\/wp.ufpel.edu.br\/npa\/wp-json\/wp\/v2\/pages\/2168\/revisions"}],"predecessor-version":[{"id":2268,"href":"https:\/\/wp.ufpel.edu.br\/npa\/wp-json\/wp\/v2\/pages\/2168\/revisions\/2268"}],"up":[{"embeddable":true,"href":"https:\/\/wp.ufpel.edu.br\/npa\/wp-json\/wp\/v2\/pages\/1078"}],"wp:attachment":[{"href":"https:\/\/wp.ufpel.edu.br\/npa\/wp-json\/wp\/v2\/media?parent=2168"}],"curies":[{"name":"wp","href":"https:\/\/api.w.org\/{rel}","templated":true}]}}