{"id":2154,"date":"2025-07-18T11:31:14","date_gmt":"2025-07-18T14:31:14","guid":{"rendered":"https:\/\/wp.ufpel.edu.br\/npa\/?page_id=2154"},"modified":"2025-08-07T08:41:37","modified_gmt":"2025-08-07T11:41:37","slug":"politica-ambiental-2","status":"publish","type":"page","link":"https:\/\/wp.ufpel.edu.br\/npa\/politica-ambiental-2\/","title":{"rendered":"Pol\u00edtica Ambiental"},"content":{"rendered":"\r\n<p>A <span style=\"color: #339966;\"><strong>POL\u00cdTICA AMBIENTAL<\/strong><\/span> da UFPel foi institu\u00edda pela <span style=\"color: #000000;\"><strong><a style=\"color: #000000;\" href=\"https:\/\/wp.ufpel.edu.br\/npa\/files\/2024\/12\/POLITICA_AMBIENTAL.pdf\">Resolu\u00e7\u00e3o do Consun n\u00b0 119<\/a><\/strong> <\/span>de 03 de dezembro de 2024.<\/p>\r\n\r\n\r\n\r\n<p>A Pol\u00b4\u00edtica Ambiental \u00e9 um documento institucional que constitui a base do planejamento<br \/>estrat\u00e9gico da universidade frente \u00e0s quest\u00f5es ambientais. Nela est\u00e3o contidos os princ\u00edpios que dever\u00e3o respaldar a atua\u00e7\u00e3o da universidade, os objetivos e os instrumentos para sua implementa\u00e7\u00e3o. Al\u00e9m disso, a Pol\u00edtica Ambiental institui o <strong>Sistema de Gest\u00e3o Ambiental<\/strong> <strong>(SGA)<\/strong> da UFPel, composto pelas seguintes inst\u00e2ncias:<\/p>\r\n\r\n\r\n\r\n<p>I. <strong>Estrat\u00e9gica<\/strong>, respons\u00e1vel por orientar os procedimentos institucionais quanto<br \/>\u00e0 dimens\u00e3o ambiental e garantir a implementa\u00e7\u00e3o a Pol\u00edtica Ambiental &#8211; <strong>COMIT\u00ca ESTRAT\u00c9GICO<\/strong> (com representa\u00e7\u00e3o da administra\u00e7\u00e3o central e comunidade acad\u00eamica, nos termos do Art. 6\u00ba da Pol\u00edtica Ambiental);<br \/>II. <strong>Gestora<\/strong>, respons\u00e1vel por planejar, deliberar e orientar a gest\u00e3o ambiental<br \/>institucional &#8211; <strong>\u00d3rg\u00e3o Gestor<\/strong> &#8211; estrutura organizacional da institui\u00e7\u00e3o (<strong>N\u00facleo de Gest\u00e3o Ambiental<\/strong>);<br \/>III. <strong>Executiva<\/strong>, respons\u00e1vel por executar a Pol\u00edtica Ambiental &#8211; compreende as <strong>unidades<br \/>administrativas e acad\u00eamicas da UFPel<\/strong>; e<br \/>IV. <strong>Consultiva<\/strong>, respons\u00e1vel por orientar sobre os casos omissos &#8211; <strong>Conselho de Planejamento<br \/>(COPLAN)<\/strong><\/p>\r\n\r\n\r\n\r\n<p><strong><span style=\"color: #339966;\">COMIT\u00ca ESTRAT\u00c9GICO<\/span><\/strong><\/p>\r\n\r\n\r\n\r\n<p>Os representantes indicados pela administra\u00e7\u00e3o central e eleitos pela comunidade acad\u00eamica que compor\u00e3o o primeiro COMIT\u00ca ESTRAT\u00c9GICO do Sistema de Gest\u00e3o Ambiental da UFPel foram nomeados pela <a href=\"https:\/\/wp.ufpel.edu.br\/npa\/files\/2025\/07\/Portaria_2025_4908.pdf\">Portaria 4908\/2025<\/a>.<\/p>\r\n\r\n\r\n\r\n<p>O processo eleitoral ocorreu nos meses de maio e junho de 2025 e os registros est\u00e3o no link <a href=\"https:\/\/wp.ufpel.edu.br\/npa\/politica-ambiental\/\">Elei\u00e7\u00f5es do Comit\u00ea Estrat\u00e9gico.<\/a><\/p>\r\n\r\n\r\n\r\n<p>&nbsp;<\/p>\r\n\r\n\r\n\r\n<p>&nbsp;<\/p>\r\n","protected":false},"excerpt":{"rendered":"<p>A POL\u00cdTICA AMBIENTAL da UFPel foi institu\u00edda pela Resolu\u00e7\u00e3o do Consun n\u00b0 119 de 03 de dezembro de 2024. A Pol\u00b4\u00edtica Ambiental \u00e9 um documento institucional que constitui a base do planejamentoestrat\u00e9gico da universidade frente \u00e0s quest\u00f5es ambientais. Nela est\u00e3o contidos os princ\u00edpios que dever\u00e3o respaldar a atua\u00e7\u00e3o da universidade, os objetivos e os instrumentos [&hellip;]<\/p>\n","protected":false},"author":821,"featured_media":0,"parent":0,"menu_order":0,"comment_status":"closed","ping_status":"closed","template":"","meta":{"footnotes":""},"class_list":["post-2154","page","type-page","status-publish","hentry"],"_links":{"self":[{"href":"https:\/\/wp.ufpel.edu.br\/npa\/wp-json\/wp\/v2\/pages\/2154","targetHints":{"allow":["GET"]}}],"collection":[{"href":"https:\/\/wp.ufpel.edu.br\/npa\/wp-json\/wp\/v2\/pages"}],"about":[{"href":"https:\/\/wp.ufpel.edu.br\/npa\/wp-json\/wp\/v2\/types\/page"}],"author":[{"embeddable":true,"href":"https:\/\/wp.ufpel.edu.br\/npa\/wp-json\/wp\/v2\/users\/821"}],"replies":[{"embeddable":true,"href":"https:\/\/wp.ufpel.edu.br\/npa\/wp-json\/wp\/v2\/comments?post=2154"}],"version-history":[{"count":8,"href":"https:\/\/wp.ufpel.edu.br\/npa\/wp-json\/wp\/v2\/pages\/2154\/revisions"}],"predecessor-version":[{"id":2174,"href":"https:\/\/wp.ufpel.edu.br\/npa\/wp-json\/wp\/v2\/pages\/2154\/revisions\/2174"}],"wp:attachment":[{"href":"https:\/\/wp.ufpel.edu.br\/npa\/wp-json\/wp\/v2\/media?parent=2154"}],"curies":[{"name":"wp","href":"https:\/\/api.w.org\/{rel}","templated":true}]}}

Política Ambiental

<p>A <span style="color: #339966;"><strong>POLÍTICA AMBIENTAL</strong></span> da UFPel foi instituída pela <span style="color: #000000;"><strong><a style="color: #000000;" href="https://wp.ufpel.edu.br/npa/files/2024/12/POLITICA_AMBIENTAL.pdf">Resolução do Consun n° 119</a></strong> </span>de 03 de dezembro de 2024.</p>



<p>A Pol´ítica Ambiental é um documento institucional que constitui a base do planejamento<br />estratégico da universidade frente às questões ambientais. Nela estão contidos os princípios que deverão respaldar a atuação da universidade, os objetivos e os instrumentos para sua implementação. Além disso, a Política Ambiental institui o <strong>Sistema de Gestão Ambiental</strong> <strong>(SGA)</strong> da UFPel, composto pelas seguintes instâncias:</p>



<p>I. <strong>Estratégica</strong>, responsável por orientar os procedimentos institucionais quanto<br />à dimensão ambiental e garantir a implementação a Política Ambiental &#8211; <strong>COMITÊ ESTRATÉGICO</strong> (com representação da administração central e comunidade acadêmica, nos termos do Art. 6º da Política Ambiental);<br />II. <strong>Gestora</strong>, responsável por planejar, deliberar e orientar a gestão ambiental<br />institucional &#8211; <strong>Órgão Gestor</strong> &#8211; estrutura organizacional da instituição (<strong>Núcleo de Gestão Ambiental</strong>);<br />III. <strong>Executiva</strong>, responsável por executar a Política Ambiental &#8211; compreende as <strong>unidades<br />administrativas e acadêmicas da UFPel</strong>; e<br />IV. <strong>Consultiva</strong>, responsável por orientar sobre os casos omissos &#8211; <strong>Conselho de Planejamento<br />(COPLAN)</strong></p>



<p><strong><span style="color: #339966;">COMITÊ ESTRATÉGICO</span></strong></p>



<p>Os representantes indicados pela administração central e eleitos pela comunidade acadêmica que comporão o primeiro COMITÊ ESTRATÉGICO do Sistema de Gestão Ambiental da UFPel foram nomeados pela <a href="https://wp.ufpel.edu.br/npa/files/2025/07/Portaria_2025_4908.pdf">Portaria 4908/2025</a>.</p>



<p>O processo eleitoral ocorreu nos meses de maio e junho de 2025 e os registros estão no link <a href="https://wp.ufpel.edu.br/npa/politica-ambiental/">Eleições do Comitê Estratégico.</a></p>



<p>&nbsp;</p>



<p>&nbsp;</p>

<p>A POLÍTICA AMBIENTAL da UFPel foi instituída pela Resolução do Consun n° 119 de 03 de dezembro de 2024. A Pol´ítica Ambiental é um documento institucional que constitui a base do planejamentoestratégico da universidade frente às questões ambientais. Nela estão contidos os princípios que deverão respaldar a atuação da universidade, os objetivos e os instrumentos [&hellip;]</p>
