{"id":1913,"date":"2024-11-26T17:49:47","date_gmt":"2024-11-26T20:49:47","guid":{"rendered":"https:\/\/wp.ufpel.edu.br\/npa\/?page_id=1913"},"modified":"2025-06-17T16:36:11","modified_gmt":"2025-06-17T19:36:11","slug":"1913-2","status":"publish","type":"page","link":"https:\/\/wp.ufpel.edu.br\/npa\/1913-2\/","title":{"rendered":"\u00c1REAS VERDES"},"content":{"rendered":"\n<figure class=\"wp-block-image size-large\"><a href=\"https:\/\/wp.ufpel.edu.br\/npa\/files\/2025\/06\/FIGUEIRA-scaled.jpg\"><img width=\"2560\" height=\"1440\" src=\"https:\/\/wp.ufpel.edu.br\/npa\/files\/2025\/06\/FIGUEIRA-edited-scaled.jpg\" alt=\"\" class=\"wp-image-2131\" srcset=\"https:\/\/wp.ufpel.edu.br\/npa\/files\/2025\/06\/FIGUEIRA-edited-scaled.jpg 2560w, https:\/\/wp.ufpel.edu.br\/npa\/files\/2025\/06\/FIGUEIRA-edited-400x225.jpg 400w, https:\/\/wp.ufpel.edu.br\/npa\/files\/2025\/06\/FIGUEIRA-edited-1024x576.jpg 1024w, https:\/\/wp.ufpel.edu.br\/npa\/files\/2025\/06\/FIGUEIRA-edited-768x432.jpg 768w, https:\/\/wp.ufpel.edu.br\/npa\/files\/2025\/06\/FIGUEIRA-edited-1536x864.jpg 1536w, https:\/\/wp.ufpel.edu.br\/npa\/files\/2025\/06\/FIGUEIRA-edited-2048x1152.jpg 2048w\" sizes=\"(max-width: 2560px) 100vw, 2560px\" \/><\/a><\/figure>\n\n\n\n<p><strong>A gest\u00e3o de \u00e1reas verdes<\/strong> consiste em um conjunto de pr\u00e1ticas e estrat\u00e9gias voltadas \u00e0 preserva\u00e7\u00e3o, manuten\u00e7\u00e3o e amplia\u00e7\u00e3o dos espa\u00e7os verdes. Na UFPel, seu principal objetivo \u00e9 assegurar a sustentabilidade ambiental, a conserva\u00e7\u00e3o da biodiversidade e a melhoria da qualidade de vida. Al\u00e9m disso, busca-se a valoriza\u00e7\u00e3o desses espa\u00e7os, promovendo uma integra\u00e7\u00e3o equilibrada e harmoniosa entre o ambiente natural e o ambiente constru\u00eddo.<br><br>O N\u00facleo de Gest\u00e3o ambiental trabalha em quatro eixos para a gest\u00e3o de \u00e1reas verdes, sendo eles:<\/p>\n\n\n\n<p><strong>Conserva\u00e7\u00e3o<\/strong>: A\u00e7\u00f5es de prote\u00e7\u00e3o de \u00e1reas de vegeta\u00e7\u00e3o nativa.<\/p>\n\n\n\n<p><strong>Expans\u00e3o<\/strong>: Relacionada a amplia\u00e7\u00e3o de \u00e1reas verdes j\u00e1 existentes.<\/p>\n\n\n\n<p><strong>Manuten\u00e7\u00e3o<\/strong>: Envolvendo a poda de \u00e1rvores, manejo dos res\u00edduos e garantia da seguran\u00e7a dos espa\u00e7os.<\/p>\n\n\n\n<p><strong>Monitoramento e Avalia\u00e7\u00e3o<\/strong>: Acompanhamento da qualidade ambiental das \u00e1reas verdes, avalia\u00e7\u00e3o do impacto das a\u00e7\u00f5es de gest\u00e3o e a identifica\u00e7\u00e3o de \u00e1reas que precisam de aten\u00e7\u00e3o especial.<\/p>\n\n\n\n<p><br><\/p>\n","protected":false},"excerpt":{"rendered":"<p>A gest\u00e3o de \u00e1reas verdes consiste em um conjunto de pr\u00e1ticas e estrat\u00e9gias voltadas \u00e0 preserva\u00e7\u00e3o, manuten\u00e7\u00e3o e amplia\u00e7\u00e3o dos espa\u00e7os verdes. Na UFPel, seu principal objetivo \u00e9 assegurar a sustentabilidade ambiental, a conserva\u00e7\u00e3o da biodiversidade e a melhoria da qualidade de vida. Al\u00e9m disso, busca-se a valoriza\u00e7\u00e3o desses espa\u00e7os, promovendo uma integra\u00e7\u00e3o equilibrada e [&hellip;]<\/p>\n","protected":false},"author":821,"featured_media":0,"parent":0,"menu_order":0,"comment_status":"closed","ping_status":"closed","template":"","meta":{"footnotes":""},"class_list":["post-1913","page","type-page","status-publish","hentry"],"_links":{"self":[{"href":"https:\/\/wp.ufpel.edu.br\/npa\/wp-json\/wp\/v2\/pages\/1913","targetHints":{"allow":["GET"]}}],"collection":[{"href":"https:\/\/wp.ufpel.edu.br\/npa\/wp-json\/wp\/v2\/pages"}],"about":[{"href":"https:\/\/wp.ufpel.edu.br\/npa\/wp-json\/wp\/v2\/types\/page"}],"author":[{"embeddable":true,"href":"https:\/\/wp.ufpel.edu.br\/npa\/wp-json\/wp\/v2\/users\/821"}],"replies":[{"embeddable":true,"href":"https:\/\/wp.ufpel.edu.br\/npa\/wp-json\/wp\/v2\/comments?post=1913"}],"version-history":[{"count":3,"href":"https:\/\/wp.ufpel.edu.br\/npa\/wp-json\/wp\/v2\/pages\/1913\/revisions"}],"predecessor-version":[{"id":2132,"href":"https:\/\/wp.ufpel.edu.br\/npa\/wp-json\/wp\/v2\/pages\/1913\/revisions\/2132"}],"wp:attachment":[{"href":"https:\/\/wp.ufpel.edu.br\/npa\/wp-json\/wp\/v2\/media?parent=1913"}],"curies":[{"name":"wp","href":"https:\/\/api.w.org\/{rel}","templated":true}]}}