{"id":1901,"date":"2024-11-26T17:38:34","date_gmt":"2024-11-26T20:38:34","guid":{"rendered":"https:\/\/wp.ufpel.edu.br\/npa\/?page_id=1901"},"modified":"2024-11-26T17:38:34","modified_gmt":"2024-11-26T20:38:34","slug":"declaracao-ambiental-antigo-predio-do-grande-hotel","status":"publish","type":"page","link":"https:\/\/wp.ufpel.edu.br\/npa\/declaracao-ambiental-antigo-predio-do-grande-hotel\/","title":{"rendered":"Declara\u00e7\u00e3o Ambiental &#8211; Antigo Pr\u00e9dio do Grande Hotel"},"content":{"rendered":"<p>O im\u00f3vel que tem como endere\u00e7o a Pra\u00e7a Coronel Pedro Os\u00f3rio, 51.<\/p>\n<p>Trata-se do pr\u00e9dio do antigo Grande Hotel, doado pela Prefeitura Municipal \u00e0 Universidade 2011 (Lei Municipal 5855\/2011).<\/p>\n<p>O antigo pr\u00e9dio est\u00e1 em reforma e essa interven\u00e7\u00e3o busca qualificar a edifica\u00e7\u00e3o, respeitando os valores hist\u00f3ricos e culturais, provendo a infraestrutura necess\u00e1ria para o funcionamento a contento do hotel-escola e o curso de hotelaria da UFPEL.<\/p>\n<p>Clique<a href=\"https:\/\/wp.ufpel.edu.br\/npa\/files\/2024\/11\/03-a_declaracao_ambiental_-_documento_de_deferimento-722_2019-23056-Visualizacao-1732652814.pdf\"> aqui<\/a> e visualize a declara\u00e7\u00e3o ambiental.<\/p>\n<p>&nbsp;<\/p>\n","protected":false},"excerpt":{"rendered":"<p>O im\u00f3vel que tem como endere\u00e7o a Pra\u00e7a Coronel Pedro Os\u00f3rio, 51. Trata-se do pr\u00e9dio do antigo Grande Hotel, doado pela Prefeitura Municipal \u00e0 Universidade 2011 (Lei Municipal 5855\/2011). O antigo pr\u00e9dio est\u00e1 em reforma e essa interven\u00e7\u00e3o busca qualificar a edifica\u00e7\u00e3o, respeitando os valores hist\u00f3ricos e culturais, provendo a infraestrutura necess\u00e1ria para o funcionamento [&hellip;]<\/p>\n","protected":false},"author":821,"featured_media":0,"parent":0,"menu_order":0,"comment_status":"closed","ping_status":"closed","template":"","meta":{"footnotes":""},"class_list":["post-1901","page","type-page","status-publish","hentry"],"_links":{"self":[{"href":"https:\/\/wp.ufpel.edu.br\/npa\/wp-json\/wp\/v2\/pages\/1901","targetHints":{"allow":["GET"]}}],"collection":[{"href":"https:\/\/wp.ufpel.edu.br\/npa\/wp-json\/wp\/v2\/pages"}],"about":[{"href":"https:\/\/wp.ufpel.edu.br\/npa\/wp-json\/wp\/v2\/types\/page"}],"author":[{"embeddable":true,"href":"https:\/\/wp.ufpel.edu.br\/npa\/wp-json\/wp\/v2\/users\/821"}],"replies":[{"embeddable":true,"href":"https:\/\/wp.ufpel.edu.br\/npa\/wp-json\/wp\/v2\/comments?post=1901"}],"version-history":[{"count":3,"href":"https:\/\/wp.ufpel.edu.br\/npa\/wp-json\/wp\/v2\/pages\/1901\/revisions"}],"predecessor-version":[{"id":1905,"href":"https:\/\/wp.ufpel.edu.br\/npa\/wp-json\/wp\/v2\/pages\/1901\/revisions\/1905"}],"wp:attachment":[{"href":"https:\/\/wp.ufpel.edu.br\/npa\/wp-json\/wp\/v2\/media?parent=1901"}],"curies":[{"name":"wp","href":"https:\/\/api.w.org\/{rel}","templated":true}]}}