{"id":1881,"date":"2024-11-26T11:14:44","date_gmt":"2024-11-26T14:14:44","guid":{"rendered":"https:\/\/wp.ufpel.edu.br\/npa\/?page_id=1881"},"modified":"2024-11-26T11:14:44","modified_gmt":"2024-11-26T14:14:44","slug":"declaracao-ambiental-rua-almirante-barroso-850","status":"publish","type":"page","link":"https:\/\/wp.ufpel.edu.br\/npa\/declaracao-ambiental-rua-almirante-barroso-850\/","title":{"rendered":"Declara\u00e7\u00e3o Ambiental &#8211; Rua Almirante Barroso, 850"},"content":{"rendered":"<p>O im\u00f3vel que tem como endere\u00e7o a Rua Almirante Barroso n\u00b0 850, apresenta como limites o quadrante formado pelas Ruas Benjamin Constant, Coronel Alberto Rosa, Almirante Tamandar\u00e9 e a pr\u00f3pria Almirante Barroso onde se encontra a sua entrada principal.<\/p>\n<p>A \u00e1rea descrita \u00e9 compartilhada por cinco Unidades da Universidade Federal de Pelotas, sendo elas: o Arquivo Permanente da Pr\u00f3-reitora Administrativa, a Unidade de Apoio a Seguran\u00e7a (UASEG), a Biblioteca de Ci\u00eancias Sociais (BCS), Centro de P\u00f3s-Gradua\u00e7\u00e3o e Pesquisas em Ci\u00eancias Humanas, Sociais, Sociais Aplicadas, Artes e Linguagem e o Centro de Artes \u2013 Curso de Teatro e Dan\u00e7a.<\/p>\n<p>Clique<a href=\"https:\/\/wp.ufpel.edu.br\/npa\/files\/2024\/11\/02-a_licenca_ambiental_-_documento_de_deferimento-1910_2024-38838-Visualizacao-1732027222.pdf\"> aqui<\/a> e visualize a declara\u00e7\u00e3o ambiental.<\/p>\n<p>&nbsp;<\/p>\n","protected":false},"excerpt":{"rendered":"<p>O im\u00f3vel que tem como endere\u00e7o a Rua Almirante Barroso n\u00b0 850, apresenta como limites o quadrante formado pelas Ruas Benjamin Constant, Coronel Alberto Rosa, Almirante Tamandar\u00e9 e a pr\u00f3pria Almirante Barroso onde se encontra a sua entrada principal. A \u00e1rea descrita \u00e9 compartilhada por cinco Unidades da Universidade Federal de Pelotas, sendo elas: o [&hellip;]<\/p>\n","protected":false},"author":821,"featured_media":0,"parent":0,"menu_order":0,"comment_status":"closed","ping_status":"closed","template":"","meta":{"footnotes":""},"class_list":["post-1881","page","type-page","status-publish","hentry"],"_links":{"self":[{"href":"https:\/\/wp.ufpel.edu.br\/npa\/wp-json\/wp\/v2\/pages\/1881","targetHints":{"allow":["GET"]}}],"collection":[{"href":"https:\/\/wp.ufpel.edu.br\/npa\/wp-json\/wp\/v2\/pages"}],"about":[{"href":"https:\/\/wp.ufpel.edu.br\/npa\/wp-json\/wp\/v2\/types\/page"}],"author":[{"embeddable":true,"href":"https:\/\/wp.ufpel.edu.br\/npa\/wp-json\/wp\/v2\/users\/821"}],"replies":[{"embeddable":true,"href":"https:\/\/wp.ufpel.edu.br\/npa\/wp-json\/wp\/v2\/comments?post=1881"}],"version-history":[{"count":3,"href":"https:\/\/wp.ufpel.edu.br\/npa\/wp-json\/wp\/v2\/pages\/1881\/revisions"}],"predecessor-version":[{"id":1898,"href":"https:\/\/wp.ufpel.edu.br\/npa\/wp-json\/wp\/v2\/pages\/1881\/revisions\/1898"}],"wp:attachment":[{"href":"https:\/\/wp.ufpel.edu.br\/npa\/wp-json\/wp\/v2\/media?parent=1881"}],"curies":[{"name":"wp","href":"https:\/\/api.w.org\/{rel}","templated":true}]}}