{"id":1236,"date":"2022-07-25T16:44:13","date_gmt":"2022-07-25T19:44:13","guid":{"rendered":"https:\/\/wp.ufpel.edu.br\/npa\/?page_id=1236"},"modified":"2025-06-17T14:52:52","modified_gmt":"2025-06-17T17:52:52","slug":"manejo-arboreo","status":"publish","type":"page","link":"https:\/\/wp.ufpel.edu.br\/npa\/manejo-arboreo\/","title":{"rendered":"MANEJO ARB\u00d3REO"},"content":{"rendered":"<p>O manejo arb\u00f3reo \u00e9 um conjunto de pr\u00e1ticas que possibilita o enriquecimento da paisagem e harmoniza\u00e7\u00e3o ambiental promovendo um incremento na qualidade de vida da comunidade que usufrui das \u00e1reas verdes presentes nos Campus. A manuten\u00e7\u00e3o adequada da composi\u00e7\u00e3o arb\u00f3rea evita o conflito com equipamentos urbanos e edifica\u00e7\u00f5es que podem oferecer risco \u00e0 vida das pessoas.<\/p>\n<p>Ao seguir princ\u00edpios como a Preven\u00e7\u00e3o e a Conserva\u00e7\u00e3o, o NPA busca evitar supress\u00f5es e podas desnecess\u00e1rias ao gerenciar os pedidos de manejo de esp\u00e9cimes arb\u00f3reos e n\u00e3o arb\u00f3reos presentes nos Campus. Neste sentido, solicitamos que sempre entrem em contato em casos de necessidade de execu\u00e7\u00e3o de podas, supress\u00f5es, plantio e transplantios. Para isso, est\u00e1 dispon\u00edvel o telefone 3284-3915 ou e-mail gestaoambiental@ufpel.edu.br.<\/p>\n<p>&nbsp;<\/p>\n<p><strong><span style=\"background-color: #ffff00;\">SOLICITA\u00c7\u00c3O DE PODAS EM \u00c1RVORES<\/span><\/strong><\/p>\n<p>Poda devem ser solicitadas quando h\u00e1 necessidade de retirada de ramos ou galhos com o objetivo de evitar conflitos hidr\u00e1ulicos, el\u00e9tricos e com edifica\u00e7\u00f5es, mitigando o risco \u00e0 integridade de pessoas e estruturas f\u00edsicas.<\/p>\n<p>&nbsp;<\/p>\n<p><strong><span style=\"background-color: #ffff00;\">SOLICITA\u00c7\u00c3O DE SUPRESS\u00c3O DE \u00c1RVORES<\/span><\/strong><\/p>\n<p>O corte\/supress\u00e3o ocorre quando h\u00e1 necessidade de derrubada total com o fim de eliminar o esp\u00e9cime.<\/p>\n<p>\u00c9 necess\u00e1rio avalia\u00e7\u00e3o do respons\u00e1vel t\u00e9cnico para autoriza\u00e7\u00e3o desta atividade.<\/p>\n<p>&nbsp;<\/p>\n<p><strong><span style=\"background-color: #ffff00;\">SOLICITA\u00c7\u00c3O DE PLANTIO DE MUDAS<\/span><\/strong><\/p>\n<p>O plantio de mudas na UFPel ocorrer\u00e1 apenas ap\u00f3s autoriza\u00e7\u00e3o do N\u00facleo de Planejamento Ambiental, havendo necessidade de indica\u00e7\u00e3o da \u00e1rea prop\u00edcia com o intuito de mitigar conflitos futuros e acidentes, al\u00e9m de buscar a viabilidade m\u00e1xima das mudas com o controle das condi\u00e7\u00f5es de plantio e p\u00f3s-plantio.<\/p>\n<p>&nbsp;<\/p>\n<p>Solicita\u00e7\u00f5es devem ser realizadas atr\u00e1ves do SEI &#8211; Organiza\u00e7\u00e3o e funcionamento &#8211; Manejo da Vegeta\u00e7\u00e3o Arb\u00f3rea, com inclus\u00e3o do formul\u00e1rio &#8211; PROPLAN &#8211; Solicita\u00e7\u00e3o de Manejo de Vegeta\u00e7\u00e3o Arb\u00f3reo, seguindo as etapas abaixo.<\/p>\n<p><a href=\"https:\/\/wp.ufpel.edu.br\/npa\/files\/2024\/11\/etapas-do-processo.png\"><img class=\"alignnone size-full wp-image-1873\" src=\"https:\/\/wp.ufpel.edu.br\/npa\/files\/2024\/11\/etapas-do-processo.png\" alt=\"\" width=\"1586\" height=\"326\" srcset=\"https:\/\/wp.ufpel.edu.br\/npa\/files\/2024\/11\/etapas-do-processo.png 1586w, https:\/\/wp.ufpel.edu.br\/npa\/files\/2024\/11\/etapas-do-processo-400x82.png 400w, https:\/\/wp.ufpel.edu.br\/npa\/files\/2024\/11\/etapas-do-processo-1024x210.png 1024w, https:\/\/wp.ufpel.edu.br\/npa\/files\/2024\/11\/etapas-do-processo-768x158.png 768w, https:\/\/wp.ufpel.edu.br\/npa\/files\/2024\/11\/etapas-do-processo-1536x316.png 1536w\" sizes=\"(max-width: 1586px) 100vw, 1586px\" \/><\/a><\/p>\n<p>Outras informa\u00e7\u00f5es podem ser obtidas na Base de Conhecimento\u00a0 &#8211; SOLICITA\u00c7\u00c3O DE MANEJO DA VEGETA\u00c7\u00c3O ARB\u00d3REA<\/p>\n","protected":false},"excerpt":{"rendered":"<p>O manejo arb\u00f3reo \u00e9 um conjunto de pr\u00e1ticas que possibilita o enriquecimento da paisagem e harmoniza\u00e7\u00e3o ambiental promovendo um incremento na qualidade de vida da comunidade que usufrui das \u00e1reas verdes presentes nos Campus. A manuten\u00e7\u00e3o adequada da composi\u00e7\u00e3o arb\u00f3rea evita o conflito com equipamentos urbanos e edifica\u00e7\u00f5es que podem oferecer risco \u00e0 vida das [&hellip;]<\/p>\n","protected":false},"author":821,"featured_media":0,"parent":0,"menu_order":0,"comment_status":"closed","ping_status":"closed","template":"","meta":{"footnotes":""},"class_list":["post-1236","page","type-page","status-publish","hentry"],"_links":{"self":[{"href":"https:\/\/wp.ufpel.edu.br\/npa\/wp-json\/wp\/v2\/pages\/1236","targetHints":{"allow":["GET"]}}],"collection":[{"href":"https:\/\/wp.ufpel.edu.br\/npa\/wp-json\/wp\/v2\/pages"}],"about":[{"href":"https:\/\/wp.ufpel.edu.br\/npa\/wp-json\/wp\/v2\/types\/page"}],"author":[{"embeddable":true,"href":"https:\/\/wp.ufpel.edu.br\/npa\/wp-json\/wp\/v2\/users\/821"}],"replies":[{"embeddable":true,"href":"https:\/\/wp.ufpel.edu.br\/npa\/wp-json\/wp\/v2\/comments?post=1236"}],"version-history":[{"count":10,"href":"https:\/\/wp.ufpel.edu.br\/npa\/wp-json\/wp\/v2\/pages\/1236\/revisions"}],"predecessor-version":[{"id":2125,"href":"https:\/\/wp.ufpel.edu.br\/npa\/wp-json\/wp\/v2\/pages\/1236\/revisions\/2125"}],"wp:attachment":[{"href":"https:\/\/wp.ufpel.edu.br\/npa\/wp-json\/wp\/v2\/media?parent=1236"}],"curies":[{"name":"wp","href":"https:\/\/api.w.org\/{rel}","templated":true}]}}

MANEJO ARBÓREO

<p>O manejo arbóreo é um conjunto de práticas que possibilita o enriquecimento da paisagem e harmonização ambiental promovendo um incremento na qualidade de vida da comunidade que usufrui das áreas verdes presentes nos Campus. A manutenção adequada da composição arbórea evita o conflito com equipamentos urbanos e edificações que podem oferecer risco à vida das pessoas.</p>
<p>Ao seguir princípios como a Prevenção e a Conservação, o NPA busca evitar supressões e podas desnecessárias ao gerenciar os pedidos de manejo de espécimes arbóreos e não arbóreos presentes nos Campus. Neste sentido, solicitamos que sempre entrem em contato em casos de necessidade de execução de podas, supressões, plantio e transplantios. Para isso, está disponível o telefone 3284-3915 ou e-mail gestaoambiental@ufpel.edu.br.</p>
<p>&nbsp;</p>
<p><strong><span style="background-color: #ffff00;">SOLICITAÇÃO DE PODAS EM ÁRVORES</span></strong></p>
<p>Poda devem ser solicitadas quando há necessidade de retirada de ramos ou galhos com o objetivo de evitar conflitos hidráulicos, elétricos e com edificações, mitigando o risco à integridade de pessoas e estruturas físicas.</p>
<p>&nbsp;</p>
<p><strong><span style="background-color: #ffff00;">SOLICITAÇÃO DE SUPRESSÃO DE ÁRVORES</span></strong></p>
<p>O corte/supressão ocorre quando há necessidade de derrubada total com o fim de eliminar o espécime.</p>
<p>É necessário avaliação do responsável técnico para autorização desta atividade.</p>
<p>&nbsp;</p>
<p><strong><span style="background-color: #ffff00;">SOLICITAÇÃO DE PLANTIO DE MUDAS</span></strong></p>
<p>O plantio de mudas na UFPel ocorrerá apenas após autorização do Núcleo de Planejamento Ambiental, havendo necessidade de indicação da área propícia com o intuito de mitigar conflitos futuros e acidentes, além de buscar a viabilidade máxima das mudas com o controle das condições de plantio e pós-plantio.</p>
<p>&nbsp;</p>
<p>Solicitações devem ser realizadas atráves do SEI &#8211; Organização e funcionamento &#8211; Manejo da Vegetação Arbórea, com inclusão do formulário &#8211; PROPLAN &#8211; Solicitação de Manejo de Vegetação Arbóreo, seguindo as etapas abaixo.</p>
<p><a href="https://wp.ufpel.edu.br/npa/files/2024/11/etapas-do-processo.png"><img class="alignnone size-full wp-image-1873" src="https://wp.ufpel.edu.br/npa/files/2024/11/etapas-do-processo.png" alt="" width="1586" height="326" srcset="https://wp.ufpel.edu.br/npa/files/2024/11/etapas-do-processo.png 1586w, https://wp.ufpel.edu.br/npa/files/2024/11/etapas-do-processo-400x82.png 400w, https://wp.ufpel.edu.br/npa/files/2024/11/etapas-do-processo-1024x210.png 1024w, https://wp.ufpel.edu.br/npa/files/2024/11/etapas-do-processo-768x158.png 768w, https://wp.ufpel.edu.br/npa/files/2024/11/etapas-do-processo-1536x316.png 1536w" sizes="(max-width: 1586px) 100vw, 1586px" /></a></p>
<p>Outras informações podem ser obtidas na Base de Conhecimento  &#8211; SOLICITAÇÃO DE MANEJO DA VEGETAÇÃO ARBÓREA</p>

<p>O manejo arbóreo é um conjunto de práticas que possibilita o enriquecimento da paisagem e harmonização ambiental promovendo um incremento na qualidade de vida da comunidade que usufrui das áreas verdes presentes nos Campus. A manutenção adequada da composição arbórea evita o conflito com equipamentos urbanos e edificações que podem oferecer risco à vida das [&hellip;]</p>
