{"id":1211,"date":"2022-07-22T16:52:04","date_gmt":"2022-07-22T19:52:04","guid":{"rendered":"https:\/\/wp.ufpel.edu.br\/npa\/?page_id=1211"},"modified":"2022-07-22T16:57:03","modified_gmt":"2022-07-22T19:57:03","slug":"gerenciamento-dos-residuos-quimicos-perigosos","status":"publish","type":"page","link":"https:\/\/wp.ufpel.edu.br\/npa\/gerenciamento-dos-residuos-quimicos-perigosos\/","title":{"rendered":"Gerenciamento dos Res\u00edduos Qu\u00edmicos Perigosos"},"content":{"rendered":"<p>Ao pensar em gerenciamento de res\u00edduos, temos que\u00a0 abranger todas as etapas do planejamento, desde os recursos f\u00edsicos, materiais, humanos e a capacita\u00e7\u00e3o necess\u00e1ria a todos envolvidos.<\/p>\n<p><span style=\"font-weight: 400;\">O manejo adequado dos res\u00edduos envolve todas as etapas do processo, desde a gera\u00e7\u00e3o, classifica\u00e7\u00e3o, segrega\u00e7\u00e3o, acondicionamento, armazenamento, transporte, destina\u00e7\u00e3o e disposi\u00e7\u00e3o final ambientalmente adequada. <\/span><\/p>\n<p><span style=\"font-weight: 400;\">Um instrumento importante ao gerenciamento dos res\u00edduos \u00e9 o Plano de Gerenciamento de Res\u00edduos (PGR), que estabelece de forma sistem\u00e1tica e integrada os objetivos, metas, programas, sistemas organizacionais e demais fatores que possamos gerenciar e observar a complexidade de cada res\u00edduo. Todos esses passos devem ser norteados pelo objetivo de diminuir os riscos ambientais e de manejo, a quantidade de res\u00edduos a serem tratados ou dispostos e ainda, se poss\u00edvel, prever o reaproveitamento de algum res\u00edduo.\u00a0<\/span><\/p>\n<p>Diferente dos produtos qu\u00edmicos, o res\u00edduo muitas vezes trata de uma mistura inespec\u00edfica em termos de concentra\u00e7\u00e3o e microconstituintes portanto n\u00e3o possuem fichas de seguran\u00e7a. Essa condi\u00e7\u00e3o faz com que cada res\u00edduo seja \u00fanico e\u00a0 apresente diferentes riscos associados. A gera\u00e7\u00e3o do res\u00edduo, seu processo e caracter\u00edsticas definir\u00e1 muitas das condutas a serem tomadas no gerenciamento.<\/p>\n<p><span style=\"font-weight: 400;\">No panorama da nossa universidade, <\/span><span style=\"font-weight: 400;\">as atividades de ensino, pesquisa e extens\u00e3o, <\/span><span style=\"font-weight: 400;\">podem <\/span><span style=\"font-weight: 400;\">empregar subst\u00e2ncias e produtos de diversas classes. <\/span><span style=\"font-weight: 400;\">Muitos deles s\u00e3o considerados perigosos por suas caracter\u00edsticas de <\/span><span style=\"font-weight: 400;\">\u00a0inflamabilidade, corrosividade, reatividade, toxicidade ou patogenicidade estabelecidas pela NBR 10.004 da Associa\u00e7\u00e3o Brasileira de Normas T\u00e9cnicas (ABNT), que oferecem risco potencial \u00e0 sa\u00fade p\u00fablica e ao ambiente.<\/span><\/p>\n<p>&nbsp;<\/p>\n","protected":false},"excerpt":{"rendered":"<p>Ao pensar em gerenciamento de res\u00edduos, temos que\u00a0 abranger todas as etapas do planejamento, desde os recursos f\u00edsicos, materiais, humanos e a capacita\u00e7\u00e3o necess\u00e1ria a todos envolvidos. O manejo adequado dos res\u00edduos envolve todas as etapas do processo, desde a gera\u00e7\u00e3o, classifica\u00e7\u00e3o, segrega\u00e7\u00e3o, acondicionamento, armazenamento, transporte, destina\u00e7\u00e3o e disposi\u00e7\u00e3o final ambientalmente adequada. Um instrumento importante [&hellip;]<\/p>\n","protected":false},"author":821,"featured_media":0,"parent":0,"menu_order":0,"comment_status":"closed","ping_status":"closed","template":"","meta":{"footnotes":""},"class_list":["post-1211","page","type-page","status-publish","hentry"],"_links":{"self":[{"href":"https:\/\/wp.ufpel.edu.br\/npa\/wp-json\/wp\/v2\/pages\/1211","targetHints":{"allow":["GET"]}}],"collection":[{"href":"https:\/\/wp.ufpel.edu.br\/npa\/wp-json\/wp\/v2\/pages"}],"about":[{"href":"https:\/\/wp.ufpel.edu.br\/npa\/wp-json\/wp\/v2\/types\/page"}],"author":[{"embeddable":true,"href":"https:\/\/wp.ufpel.edu.br\/npa\/wp-json\/wp\/v2\/users\/821"}],"replies":[{"embeddable":true,"href":"https:\/\/wp.ufpel.edu.br\/npa\/wp-json\/wp\/v2\/comments?post=1211"}],"version-history":[{"count":2,"href":"https:\/\/wp.ufpel.edu.br\/npa\/wp-json\/wp\/v2\/pages\/1211\/revisions"}],"predecessor-version":[{"id":1214,"href":"https:\/\/wp.ufpel.edu.br\/npa\/wp-json\/wp\/v2\/pages\/1211\/revisions\/1214"}],"wp:attachment":[{"href":"https:\/\/wp.ufpel.edu.br\/npa\/wp-json\/wp\/v2\/media?parent=1211"}],"curies":[{"name":"wp","href":"https:\/\/api.w.org\/{rel}","templated":true}]}}