{"id":1184,"date":"2022-07-22T15:32:25","date_gmt":"2022-07-22T18:32:25","guid":{"rendered":"https:\/\/wp.ufpel.edu.br\/npa\/?page_id=1184"},"modified":"2022-07-22T16:05:57","modified_gmt":"2022-07-22T19:05:57","slug":"__trashed","status":"publish","type":"page","link":"https:\/\/wp.ufpel.edu.br\/npa\/9-gestao-de-residuos-perigosos__trashed\/__trashed\/","title":{"rendered":"Programa Sustentare"},"content":{"rendered":"<p><b>\u00a0Programa Sustentare<\/b><\/p>\n<p><span style=\"font-weight: 400;\">A UFPel possui um passivo bastante significativo de eletroeletr\u00f4nicos.\u00a0 Recentemente a institui\u00e7\u00e3o, representada pelo N\u00facleo de Planejamento Ambiental e N\u00facleo de Patrim\u00f4nio, concluiu o treinamento junto ao programa Sustentare.\u00a0<\/span><\/p>\n<p><span style=\"font-weight: 400;\">O Programa Sustentare, foi institu\u00eddo pelo Decreto 53.307\/16 e trata da destina\u00e7\u00e3o e do descarte de ativos eletroeletr\u00f4nicos de \u00f3rg\u00e3os e de entidades do Estado do Rio Grande do Sul. As a\u00e7\u00f5es do Programa visam mudan\u00e7as comportamentais e processuais em respeito \u00e0 legisla\u00e7\u00e3o ambiental, com cunho no aumento do ciclo de vida de equipamentos eletroeletr\u00f4nicos, a\u00e7\u00f5es de inclus\u00e3o social, e preserva\u00e7\u00e3o do meio ambiente.\u00a0<\/span><\/p>\n<p><span style=\"font-weight: 400;\">\u00a0O Programa utiliza tr\u00eas caminhos para os eletroeletr\u00f4nicos enviados: a Doa\u00e7\u00e3o, para eletroeletr\u00f4nicos que ainda est\u00e3o em condi\u00e7\u00f5es de uso; o Recondicionamento, no caso daqueles que t\u00eam condi\u00e7\u00f5es de uso mas precisam de alguma manuten\u00e7\u00e3o e a Descaracteriza\u00e7\u00e3o (reciclagem), para os que n\u00e3o apresentam mais condi\u00e7\u00f5es de uso nem conserto.\u00a0<\/span><\/p>\n<p>O NPA publica instru\u00e7\u00f5es para a coleta de bens de consumo inserv\u00edveis para posterior encaminhamento ao Sustentare. Para saber mais, acompanhe no processo <a href=\"https:\/\/sei.ufpel.edu.br\/sei\/controlador.php?acao=procedimento_trabalhar&amp;acao_origem=protocolo_pesquisar&amp;id_procedimento=1988080&amp;id_documento=1988109&amp;infra_sistema=100000100&amp;infra_unidade_atual=110000610&amp;infra_hash=16ac49a9c68ef342c30f4c899b482401e7e7a4724b7cd635edb53c405df85cfd\">23110.024149\/2022-56<\/a>.<\/p>\n<p>Saiba mais sobre o envio de bens de consumo em <a href=\"https:\/\/wp.ufpel.edu.br\/npa\/2022\/07\/22\/coleta-de-bens-de-consumo-inservivel\/\">Coleta de Bens de Consumo Inserv\u00edveis<\/a>.<\/p>\n","protected":false},"excerpt":{"rendered":"<p>\u00a0Programa Sustentare A UFPel possui um passivo bastante significativo de eletroeletr\u00f4nicos.\u00a0 Recentemente a institui\u00e7\u00e3o, representada pelo N\u00facleo de Planejamento Ambiental e N\u00facleo de Patrim\u00f4nio, concluiu o treinamento junto ao programa Sustentare.\u00a0 O Programa Sustentare, foi institu\u00eddo pelo Decreto 53.307\/16 e trata da destina\u00e7\u00e3o e do descarte de ativos eletroeletr\u00f4nicos de \u00f3rg\u00e3os e de entidades do [&hellip;]<\/p>\n","protected":false},"author":821,"featured_media":0,"parent":180,"menu_order":5,"comment_status":"closed","ping_status":"closed","template":"","meta":{"footnotes":""},"class_list":["post-1184","page","type-page","status-publish","hentry"],"_links":{"self":[{"href":"https:\/\/wp.ufpel.edu.br\/npa\/wp-json\/wp\/v2\/pages\/1184","targetHints":{"allow":["GET"]}}],"collection":[{"href":"https:\/\/wp.ufpel.edu.br\/npa\/wp-json\/wp\/v2\/pages"}],"about":[{"href":"https:\/\/wp.ufpel.edu.br\/npa\/wp-json\/wp\/v2\/types\/page"}],"author":[{"embeddable":true,"href":"https:\/\/wp.ufpel.edu.br\/npa\/wp-json\/wp\/v2\/users\/821"}],"replies":[{"embeddable":true,"href":"https:\/\/wp.ufpel.edu.br\/npa\/wp-json\/wp\/v2\/comments?post=1184"}],"version-history":[{"count":6,"href":"https:\/\/wp.ufpel.edu.br\/npa\/wp-json\/wp\/v2\/pages\/1184\/revisions"}],"predecessor-version":[{"id":1202,"href":"https:\/\/wp.ufpel.edu.br\/npa\/wp-json\/wp\/v2\/pages\/1184\/revisions\/1202"}],"up":[{"embeddable":true,"href":"https:\/\/wp.ufpel.edu.br\/npa\/wp-json\/wp\/v2\/pages\/180"}],"wp:attachment":[{"href":"https:\/\/wp.ufpel.edu.br\/npa\/wp-json\/wp\/v2\/media?parent=1184"}],"curies":[{"name":"wp","href":"https:\/\/api.w.org\/{rel}","templated":true}]}}