{"id":1131,"date":"2021-08-10T16:31:10","date_gmt":"2021-08-10T19:31:10","guid":{"rendered":"https:\/\/wp.ufpel.edu.br\/npa\/?page_id=1131"},"modified":"2022-07-22T15:30:06","modified_gmt":"2022-07-22T18:30:06","slug":"responsabilidades","status":"publish","type":"page","link":"https:\/\/wp.ufpel.edu.br\/npa\/ctf-ibama\/responsabilidades\/","title":{"rendered":"Responsabilidades"},"content":{"rendered":"<ul>\n<li>\n<ul>\n<li><strong>do executor da atividade:<\/strong><\/li>\n<\/ul>\n<p>\u2013 Solicitar o cadastro e enviar todas as informa\u00e7\u00f5es necess\u00e1rias para o NPA via processo espec\u00edfico no SEI.<\/p>\n<p>\u2013 Informar altera\u00e7\u00e3o da Atividade: Informar qualquer altera\u00e7\u00e3o da Atividade para o NPA, para que seja realizada a altera\u00e7\u00e3o no cadastro\/sistema.O t\u00e9rmino da atividade deve ser informada ao NPA para que possa ser realizada a retirada da atividade do cadastro da UFPEL.<\/p>\n<p>\u2013 Enviar informa\u00e7\u00f5es para o Relat\u00f3rio: anualmente e impreterivelmente at\u00e9 o dia 05 de mar\u00e7o para aquelas atividades que est\u00e3o obrigadas \u00e0 entrega do\u00a0<a href=\"http:\/\/ibama.gov.br\/relatorios\/atividades-poluidoras\/relatorio-de-atividades-potencialmente-poluidoras-e-utilizadoras-de-recursos-ambientais-rapp\"><strong>Relat\u00f3rio Anual de Atividades Potencialmente Poluidoras (RAPP)<\/strong><\/a>.<\/p>\n<p>&nbsp;<\/p>\n<p>&nbsp;<\/p>\n<ul>\n<li><strong>Do N\u00facleo de Planejamento Ambiental:<\/strong><\/li>\n<\/ul>\n<p>\u2013 Realizar o cadastro das atividades espec\u00edficas mediante solicita\u00e7\u00e3o dos respons\u00e1veis, deste que atendidas as informa\u00e7\u00f5es e documentos pertinentes;<\/p>\n<p>\u2013 Preencher as informa\u00e7\u00f5es necess\u00e1rias para o RAPP, de acordo com as informa\u00e7\u00f5es encaminhadas pelos respons\u00e1veis das atividades;<\/p>\n<p>&#8211; Manter<strong> atualizado o Certificado de Regularidade do Cadastro T\u00e9cnico Federal <\/strong>na p\u00e1gina do NPA;<\/p>\n<p>&#8211; Encaminhar a \u201cCertid\u00e3o Negativa no Cadastro T\u00e9cnico Federal\u201d quando solicitada atrav\u00e9s de processo via SEI.<\/li>\n<\/ul>\n","protected":false},"excerpt":{"rendered":"<p>do executor da atividade: \u2013 Solicitar o cadastro e enviar todas as informa\u00e7\u00f5es necess\u00e1rias para o NPA via processo espec\u00edfico no SEI. \u2013 Informar altera\u00e7\u00e3o da Atividade: Informar qualquer altera\u00e7\u00e3o da Atividade para o NPA, para que seja realizada a altera\u00e7\u00e3o no cadastro\/sistema.O t\u00e9rmino da atividade deve ser informada ao NPA para que possa ser [&hellip;]<\/p>\n","protected":false},"author":821,"featured_media":0,"parent":1106,"menu_order":0,"comment_status":"closed","ping_status":"closed","template":"","meta":{"footnotes":""},"class_list":["post-1131","page","type-page","status-publish","hentry"],"_links":{"self":[{"href":"https:\/\/wp.ufpel.edu.br\/npa\/wp-json\/wp\/v2\/pages\/1131","targetHints":{"allow":["GET"]}}],"collection":[{"href":"https:\/\/wp.ufpel.edu.br\/npa\/wp-json\/wp\/v2\/pages"}],"about":[{"href":"https:\/\/wp.ufpel.edu.br\/npa\/wp-json\/wp\/v2\/types\/page"}],"author":[{"embeddable":true,"href":"https:\/\/wp.ufpel.edu.br\/npa\/wp-json\/wp\/v2\/users\/821"}],"replies":[{"embeddable":true,"href":"https:\/\/wp.ufpel.edu.br\/npa\/wp-json\/wp\/v2\/comments?post=1131"}],"version-history":[{"count":2,"href":"https:\/\/wp.ufpel.edu.br\/npa\/wp-json\/wp\/v2\/pages\/1131\/revisions"}],"predecessor-version":[{"id":1192,"href":"https:\/\/wp.ufpel.edu.br\/npa\/wp-json\/wp\/v2\/pages\/1131\/revisions\/1192"}],"up":[{"embeddable":true,"href":"https:\/\/wp.ufpel.edu.br\/npa\/wp-json\/wp\/v2\/pages\/1106"}],"wp:attachment":[{"href":"https:\/\/wp.ufpel.edu.br\/npa\/wp-json\/wp\/v2\/media?parent=1131"}],"curies":[{"name":"wp","href":"https:\/\/api.w.org\/{rel}","templated":true}]}}