{"id":1117,"date":"2021-07-30T11:10:23","date_gmt":"2021-07-30T14:10:23","guid":{"rendered":"https:\/\/wp.ufpel.edu.br\/npa\/?page_id=1117"},"modified":"2021-08-10T15:57:47","modified_gmt":"2021-08-10T18:57:47","slug":"como-saber-se-minha-atividade-precisa-de-ctf","status":"publish","type":"page","link":"https:\/\/wp.ufpel.edu.br\/npa\/ctf-ibama\/como-saber-se-minha-atividade-precisa-de-ctf\/","title":{"rendered":"Minha atividade ou instrumento precisa ter CTF?"},"content":{"rendered":"<p>As Atividades que obrigatoriamente precisam deste cadastro est\u00e3o elencadas nos artigos 2\u00ba, al\u00ednea I, art. 10B e nos Anexos 1 da <a href=\"http:\/\/www.ibama.gov.br\/phocadownload\/ctf\/2018\/Ibama-IN-6-2013-compilada-IN-11-2018.pdf\"><strong>IN n\u00ba 06\/2013<\/strong><\/a> e\u00a0 Anexo 1 da <a href=\"http:\/\/www.ibama.gov.br\/sophia\/cnia\/legislacao\/IBAMA\/IN0010-270513.pdf\"><strong>IN n\u00ba 10\/2013<\/strong><\/a>.<\/p>\n<p>Cada atividade possui uma Ficha T\u00e9cnica de Enquadramento (FTE) a qual apresenta a descri\u00e7\u00e3o detalhada da atividade, facilitando o entendimento do enquadramento. O site do Ibama possibilita pesquisar as FTEs de duas formas, por temas e por categorias. As Fichas T\u00e9cnicas de Enquadramento devem ser utilizadas para verificar com seguran\u00e7a a obriga\u00e7\u00e3o de inscri\u00e7\u00e3o no Cadastro T\u00e9cnico Federal de Atividades Potencialmente Poluidoras e Utilizadoras de Recursos Ambientais (CTF\/APP). Seguem os links para pesquisa:<\/p>\n<p><a href=\"https:\/\/www.ibama.gov.br\/cadastros\/ctf\/ctf-app\/ftes#FTs-Temas\"><strong>Fichas\u00a0 T\u00e9cnicas por temas<\/strong><\/a><\/p>\n<p><a href=\"https:\/\/www.ibama.gov.br\/cadastros\/ctf\/ctf-app\/ftes#FTs-Categorias\"><strong>Fichas T\u00e9cnicas por categorias<\/strong><\/a><\/p>\n","protected":false},"excerpt":{"rendered":"<p>As Atividades que obrigatoriamente precisam deste cadastro est\u00e3o elencadas nos artigos 2\u00ba, al\u00ednea I, art. 10B e nos Anexos 1 da IN n\u00ba 06\/2013 e\u00a0 Anexo 1 da IN n\u00ba 10\/2013. Cada atividade possui uma Ficha T\u00e9cnica de Enquadramento (FTE) a qual apresenta a descri\u00e7\u00e3o detalhada da atividade, facilitando o entendimento do enquadramento. O site [&hellip;]<\/p>\n","protected":false},"author":821,"featured_media":0,"parent":1106,"menu_order":0,"comment_status":"closed","ping_status":"closed","template":"","meta":{"footnotes":""},"class_list":["post-1117","page","type-page","status-publish","hentry"],"_links":{"self":[{"href":"https:\/\/wp.ufpel.edu.br\/npa\/wp-json\/wp\/v2\/pages\/1117","targetHints":{"allow":["GET"]}}],"collection":[{"href":"https:\/\/wp.ufpel.edu.br\/npa\/wp-json\/wp\/v2\/pages"}],"about":[{"href":"https:\/\/wp.ufpel.edu.br\/npa\/wp-json\/wp\/v2\/types\/page"}],"author":[{"embeddable":true,"href":"https:\/\/wp.ufpel.edu.br\/npa\/wp-json\/wp\/v2\/users\/821"}],"replies":[{"embeddable":true,"href":"https:\/\/wp.ufpel.edu.br\/npa\/wp-json\/wp\/v2\/comments?post=1117"}],"version-history":[{"count":3,"href":"https:\/\/wp.ufpel.edu.br\/npa\/wp-json\/wp\/v2\/pages\/1117\/revisions"}],"predecessor-version":[{"id":1124,"href":"https:\/\/wp.ufpel.edu.br\/npa\/wp-json\/wp\/v2\/pages\/1117\/revisions\/1124"}],"up":[{"embeddable":true,"href":"https:\/\/wp.ufpel.edu.br\/npa\/wp-json\/wp\/v2\/pages\/1106"}],"wp:attachment":[{"href":"https:\/\/wp.ufpel.edu.br\/npa\/wp-json\/wp\/v2\/media?parent=1117"}],"curies":[{"name":"wp","href":"https:\/\/api.w.org\/{rel}","templated":true}]}}