{"id":1078,"date":"2020-11-20T17:08:30","date_gmt":"2020-11-20T20:08:30","guid":{"rendered":"https:\/\/wp.ufpel.edu.br\/npa\/?page_id=1078"},"modified":"2026-02-25T11:48:49","modified_gmt":"2026-02-25T14:48:49","slug":"licenciamento-ambiental","status":"publish","type":"page","link":"https:\/\/wp.ufpel.edu.br\/npa\/licenciamento-ambiental\/","title":{"rendered":"LICENCIAMENTO AMBIENTAL"},"content":{"rendered":"<p><strong><span style=\"color: #ff6600;\">Licenciamento Ambiental<\/span><\/strong><\/p>\r\n<p>O Licenciamento Ambiental \u00e9 um instrumento da Pol\u00edtica Ambiental e uma exig\u00eancia legal para a atividade de campus universit\u00e1rio, de acordo com a resolu\u00e7\u00e3o do Consema 372\/2018 ( Conselho Estadual do Meio Ambiente\/RS).<\/p>\r\n<p>A Ufpel tem dedicado esfor\u00e7os para regularizar todos os empreendimentos que configuram a necessidade de licenciamento, como \u00e9 o caso do Campus Anglo, Faculdade de Odontologia, Centro de Pesquisas em Sa\u00fade Dr. Amilcar Gigante, entre outros.<\/p>\r\n<p>Ainda, de acordo com a resolu\u00e7\u00e3o do CONSEMA aqueles pr\u00e9dios que contenham apenas salas, gabinetes e instala\u00e7\u00f5es hidrossanit\u00e1rias (sanit\u00e1rios e copas) s\u00e3o dispensados do licenciamento ambiental.<\/p>\r\n<p>\u00c9 importante salientar que as licen\u00e7as ambientais s\u00e3o exclusivas e restritas aos endere\u00e7os descritos nos documentos, portanto a UFPel n\u00e3o tem uma licen\u00e7a ambiental \u00fanica, e sim diferentes licen\u00e7as de acordo com o endere\u00e7o e atividades desenvolvidas.\u00a0<\/p>\r\n<p>Abaixo, acesse os documentos referentes \u00e0s licen\u00e7as e declara\u00e7\u00f5es ambientais vigentes:<\/p>\r\n<p>&nbsp;<\/p>\r\n\r\n<p>&nbsp;<\/p>\r\n\r\n\r\n\r\n<div class=\"wp-block-columns is-layout-flex wp-container-core-columns-is-layout-9d6595d7 wp-block-columns-is-layout-flex\">\r\n<div class=\"wp-block-column is-layout-flow wp-block-column-is-layout-flow\"><div class=\"wp-block-image\">\r\n<figure class=\"aligncenter size-full is-resized\"><a href=\"https:\/\/wp.ufpel.edu.br\/npa\/licenciamento-ambiental-campus-anglo\/\"><img width=\"130\" height=\"130\" class=\"wp-image-1815\" style=\"width: 130px;\" src=\"https:\/\/wp.ufpel.edu.br\/npa\/files\/2024\/04\/campus-da-universidade.png\" alt=\"\" srcset=\"https:\/\/wp.ufpel.edu.br\/npa\/files\/2024\/04\/campus-da-universidade.png 512w, https:\/\/wp.ufpel.edu.br\/npa\/files\/2024\/04\/campus-da-universidade-400x400.png 400w, https:\/\/wp.ufpel.edu.br\/npa\/files\/2024\/04\/campus-da-universidade-200x200.png 200w\" sizes=\"(max-width: 130px) 100vw, 130px\" \/><\/a>\r\n<figcaption class=\"wp-element-caption\"><strong><mark class=\"has-inline-color has-luminous-vivid-orange-color\" style=\"background-color: rgba(0, 0, 0, 0);\">Campus Anglo<\/mark><\/strong><\/figcaption>\r\n<\/figure>\r\n<\/div><\/div>\r\n\r\n\r\n\r\n<div class=\"wp-block-column is-layout-flow wp-block-column-is-layout-flow\"><div class=\"wp-block-image\">\r\n<figure class=\"aligncenter is-resized\"><a href=\"https:\/\/wp.ufpel.edu.br\/npa\/declaracao-ambiental-antigo-predio-do-grande-hotel\/\"><img style=\"width: 130px;\" src=\"https:\/\/wp.ufpel.edu.br\/npa\/files\/2024\/04\/campus-da-universidade.png\" alt=\"O atributo alt desta imagem est\u00e1 vazio. O nome do arquivo \u00e9 campus-da-universidade.png\" \/><\/a>\r\n<figcaption class=\"wp-element-caption\"><strong><mark class=\"has-inline-color has-luminous-vivid-orange-color\" style=\"background-color: rgba(0, 0, 0, 0);\">Antigo Grande Hotel<\/mark><\/strong><\/figcaption>\r\n<\/figure>\r\n<\/div><\/div>\r\n\r\n\r\n\r\n<div class=\"wp-block-column is-layout-flow wp-block-column-is-layout-flow\"><div class=\"wp-block-image\">\r\n<figure class=\"aligncenter size-full is-resized\"><a href=\"https:\/\/wp.ufpel.edu.br\/npa\/licenca-ambiental-de-operacao-centro-de-pesquisas-em-saude-dr-amilcar-gigante\/\"><img width=\"130\" height=\"130\" class=\"wp-image-1815\" style=\"width: 130px;\" src=\"https:\/\/wp.ufpel.edu.br\/npa\/files\/2024\/04\/campus-da-universidade.png\" alt=\"\" srcset=\"https:\/\/wp.ufpel.edu.br\/npa\/files\/2024\/04\/campus-da-universidade.png 512w, https:\/\/wp.ufpel.edu.br\/npa\/files\/2024\/04\/campus-da-universidade-400x400.png 400w, https:\/\/wp.ufpel.edu.br\/npa\/files\/2024\/04\/campus-da-universidade-200x200.png 200w\" sizes=\"(max-width: 130px) 100vw, 130px\" \/><\/a>\r\n<figcaption class=\"wp-element-caption\"><strong><mark class=\"has-inline-color has-luminous-vivid-orange-color\" style=\"background-color: rgba(0, 0, 0, 0);\">Campus Centro de Pesquisa em Sa\u00fade Dr. Amilcar Gigante<\/mark><\/strong><\/figcaption>\r\n<\/figure>\r\n<\/div><\/div>\r\n\r\n\r\n\r\n<div class=\"wp-block-column is-layout-flow wp-block-column-is-layout-flow\"><div class=\"wp-block-image\">\r\n<figure class=\"aligncenter size-full is-resized\"><a href=\"https:\/\/wp.ufpel.edu.br\/npa\/licenca-ambiental-de-operacao-centro-de-pesquisas-em-saude-dr-amilcar-gigante\/\"><img width=\"130\" height=\"130\" class=\"wp-image-1815\" style=\"width: 130px;\" src=\"https:\/\/wp.ufpel.edu.br\/npa\/files\/2024\/04\/campus-da-universidade.png\" alt=\"\" srcset=\"https:\/\/wp.ufpel.edu.br\/npa\/files\/2024\/04\/campus-da-universidade.png 512w, https:\/\/wp.ufpel.edu.br\/npa\/files\/2024\/04\/campus-da-universidade-400x400.png 400w, https:\/\/wp.ufpel.edu.br\/npa\/files\/2024\/04\/campus-da-universidade-200x200.png 200w\" sizes=\"(max-width: 130px) 100vw, 130px\" \/><\/a>\r\n<figcaption class=\"wp-element-caption\"><strong><mark class=\"has-inline-color has-luminous-vivid-orange-color\" style=\"background-color: rgba(0, 0, 0, 0);\">Faculdade de Odontologia<\/mark><\/strong><\/figcaption>\r\n<\/figure>\r\n<\/div><\/div>\r\n<\/div>\r\n\r\n\r\n\r\n<div class=\"wp-block-columns is-layout-flex wp-container-core-columns-is-layout-9d6595d7 wp-block-columns-is-layout-flex\">\r\n<div class=\"wp-block-column is-layout-flow wp-block-column-is-layout-flow\"><div class=\"wp-block-image\">\r\n<figure class=\"aligncenter size-full is-resized\"><a href=\"https:\/\/wp.ufpel.edu.br\/npa\/licenca-ambiental-de-operacao-agencia-de-desenvolvimento-da-bacia-da-lagoa-mirim\/\"><img width=\"130\" height=\"130\" class=\"wp-image-1815\" style=\"width: 130px;\" src=\"https:\/\/wp.ufpel.edu.br\/npa\/files\/2024\/04\/campus-da-universidade.png\" alt=\"\" srcset=\"https:\/\/wp.ufpel.edu.br\/npa\/files\/2024\/04\/campus-da-universidade.png 512w, https:\/\/wp.ufpel.edu.br\/npa\/files\/2024\/04\/campus-da-universidade-400x400.png 400w, https:\/\/wp.ufpel.edu.br\/npa\/files\/2024\/04\/campus-da-universidade-200x200.png 200w\" sizes=\"(max-width: 130px) 100vw, 130px\" \/><\/a>\r\n<figcaption class=\"wp-element-caption\"><strong><mark class=\"has-inline-color has-luminous-vivid-orange-color\" style=\"background-color: rgba(0, 0, 0, 0);\"><a href=\"https:\/\/wp.ufpel.edu.br\/npa\/licenca-ambiental-de-operacao-agencia-de-desenvolvimento-da-bacia-da-lagoa-mirim\/\">Ag\u00eancia de Desenvolvimento da Bacia da Lagoa Mirim<\/a><br \/><br \/><br \/><a href=\"https:\/\/wp.ufpel.edu.br\/npa\/?page_id=2249&amp;preview=true\"><img width=\"130\" height=\"130\" class=\"wp-image-1815\" style=\"width: 130px;\" src=\"https:\/\/wp.ufpel.edu.br\/npa\/files\/2024\/04\/campus-da-universidade.png\" alt=\"\" srcset=\"https:\/\/wp.ufpel.edu.br\/npa\/files\/2024\/04\/campus-da-universidade.png 512w, https:\/\/wp.ufpel.edu.br\/npa\/files\/2024\/04\/campus-da-universidade-400x400.png 400w, https:\/\/wp.ufpel.edu.br\/npa\/files\/2024\/04\/campus-da-universidade-200x200.png 200w\" sizes=\"(max-width: 130px) 100vw, 130px\" \/><\/a><br \/><a href=\"https:\/\/wp.ufpel.edu.br\/npa\/?page_id=2249&amp;preview=true\">Parque Linear da Alfandega &#8211; quadra 03<\/a><\/mark><\/strong><\/figcaption>\r\n<\/figure>\r\n<\/div><\/div>\r\n\r\n\r\n\r\n<div class=\"wp-block-column is-layout-flow wp-block-column-is-layout-flow\"><div class=\"wp-block-image\">\r\n<figure class=\"aligncenter is-resized\"><a href=\"https:\/\/wp.ufpel.edu.br\/npa\/licenciamento-ambiental\/declaracao-de-nao-incidencia-de-licenciamento-ambiental-conservatorio-de-musica\/\"><img style=\"width: 130px;\" src=\"https:\/\/wp.ufpel.edu.br\/npa\/files\/2024\/04\/campus-da-universidade.png\" alt=\"O atributo alt desta imagem est\u00e1 vazio. O nome do arquivo \u00e9 campus-da-universidade.png\" \/><\/a>\r\n<figcaption class=\"wp-element-caption\"><a href=\"https:\/\/wp.ufpel.edu.br\/npa\/licenciamento-ambiental\/declaracao-de-nao-incidencia-de-licenciamento-ambiental-conservatorio-de-musica\/\"><strong><mark class=\"has-inline-color has-luminous-vivid-orange-color\" style=\"background-color: rgba(0, 0, 0, 0);\">Conservat\u00f3rio de M\u00fasica<\/mark><\/strong><\/a><\/figcaption>\r\n<\/figure>\r\n<\/div><\/div>\r\n\r\n\r\n\r\n<div class=\"wp-block-column is-layout-flow wp-block-column-is-layout-flow\"><div class=\"wp-block-image\">\r\n<figure class=\"aligncenter size-full is-resized\"><a href=\"https:\/\/wp.ufpel.edu.br\/npa\/licenciamento-ambiental\/licenciamento-ambiental-escola-superior-de-educacao-fisica-e-fisioterapia\/\"><img width=\"130\" height=\"130\" class=\"wp-image-1815\" style=\"width: 130px;\" src=\"https:\/\/wp.ufpel.edu.br\/npa\/files\/2024\/04\/campus-da-universidade.png\" alt=\"\" srcset=\"https:\/\/wp.ufpel.edu.br\/npa\/files\/2024\/04\/campus-da-universidade.png 512w, https:\/\/wp.ufpel.edu.br\/npa\/files\/2024\/04\/campus-da-universidade-400x400.png 400w, https:\/\/wp.ufpel.edu.br\/npa\/files\/2024\/04\/campus-da-universidade-200x200.png 200w\" sizes=\"(max-width: 130px) 100vw, 130px\" \/><\/a>\r\n<figcaption class=\"wp-element-caption\"><strong><mark class=\"has-inline-color has-luminous-vivid-orange-color\" style=\"background-color: rgba(0, 0, 0, 0);\">Escola Superior de Educa\u00e7\u00e3o F\u00edsica e Fisioterapia<\/mark><\/strong><\/figcaption>\r\n<\/figure>\r\n<\/div><\/div>\r\n\r\n\r\n\r\n<div class=\"wp-block-column is-layout-flow wp-block-column-is-layout-flow\"><div class=\"wp-block-image\">\r\n<figure class=\"aligncenter size-full is-resized\"><a href=\"https:\/\/wp.ufpel.edu.br\/npa\/files\/2024\/04\/campus-da-universidade.png\"><img width=\"130\" height=\"130\" class=\"wp-image-1815\" style=\"width: 130px;\" src=\"https:\/\/wp.ufpel.edu.br\/npa\/files\/2024\/04\/campus-da-universidade.png\" alt=\"\" srcset=\"https:\/\/wp.ufpel.edu.br\/npa\/files\/2024\/04\/campus-da-universidade.png 512w, https:\/\/wp.ufpel.edu.br\/npa\/files\/2024\/04\/campus-da-universidade-400x400.png 400w, https:\/\/wp.ufpel.edu.br\/npa\/files\/2024\/04\/campus-da-universidade-200x200.png 200w\" sizes=\"(max-width: 130px) 100vw, 130px\" \/><\/a>\r\n<figcaption class=\"wp-element-caption\"><strong><mark class=\"has-inline-color has-luminous-vivid-orange-color\" style=\"background-color: rgba(0, 0, 0, 0);\">Complexo da Barroso, 850 ( Arquivo da PRA, NUSEG, BCS, CEHUS, CA)<br \/><br \/><a href=\"https:\/\/wp.ufpel.edu.br\/npa\/licenciamento-ambiental\/autorizacao-ambiental-conde-de-porto-alegre-65\/\"><img width=\"130\" height=\"130\" class=\"wp-image-1815\" style=\"width: 130px;\" src=\"https:\/\/wp.ufpel.edu.br\/npa\/files\/2024\/04\/campus-da-universidade.png\" alt=\"\" srcset=\"https:\/\/wp.ufpel.edu.br\/npa\/files\/2024\/04\/campus-da-universidade.png 512w, https:\/\/wp.ufpel.edu.br\/npa\/files\/2024\/04\/campus-da-universidade-400x400.png 400w, https:\/\/wp.ufpel.edu.br\/npa\/files\/2024\/04\/campus-da-universidade-200x200.png 200w\" sizes=\"(max-width: 130px) 100vw, 130px\" \/><\/a><br \/>Conde de Porto Alegre, 65<br \/><br \/><br \/><\/mark><\/strong><\/figcaption>\r\n<\/figure>\r\n<\/div><\/div>\r\n<\/div>\r\n","protected":false},"excerpt":{"rendered":"<p>Licenciamento Ambiental O Licenciamento Ambiental \u00e9 um instrumento da Pol\u00edtica Ambiental e uma exig\u00eancia legal para a atividade de campus universit\u00e1rio, de acordo com a resolu\u00e7\u00e3o do Consema 372\/2018 ( Conselho Estadual do Meio Ambiente\/RS). A Ufpel tem dedicado esfor\u00e7os para regularizar todos os empreendimentos que configuram a necessidade de licenciamento, como \u00e9 o caso [&hellip;]<\/p>\n","protected":false},"author":821,"featured_media":0,"parent":0,"menu_order":0,"comment_status":"closed","ping_status":"closed","template":"","meta":{"footnotes":""},"class_list":["post-1078","page","type-page","status-publish","hentry"],"_links":{"self":[{"href":"https:\/\/wp.ufpel.edu.br\/npa\/wp-json\/wp\/v2\/pages\/1078","targetHints":{"allow":["GET"]}}],"collection":[{"href":"https:\/\/wp.ufpel.edu.br\/npa\/wp-json\/wp\/v2\/pages"}],"about":[{"href":"https:\/\/wp.ufpel.edu.br\/npa\/wp-json\/wp\/v2\/types\/page"}],"author":[{"embeddable":true,"href":"https:\/\/wp.ufpel.edu.br\/npa\/wp-json\/wp\/v2\/users\/821"}],"replies":[{"embeddable":true,"href":"https:\/\/wp.ufpel.edu.br\/npa\/wp-json\/wp\/v2\/comments?post=1078"}],"version-history":[{"count":4,"href":"https:\/\/wp.ufpel.edu.br\/npa\/wp-json\/wp\/v2\/pages\/1078\/revisions"}],"predecessor-version":[{"id":2275,"href":"https:\/\/wp.ufpel.edu.br\/npa\/wp-json\/wp\/v2\/pages\/1078\/revisions\/2275"}],"wp:attachment":[{"href":"https:\/\/wp.ufpel.edu.br\/npa\/wp-json\/wp\/v2\/media?parent=1078"}],"curies":[{"name":"wp","href":"https:\/\/api.w.org\/{rel}","templated":true}]}}