{"id":2,"date":"2011-05-23T18:09:43","date_gmt":"2011-05-23T18:09:43","guid":{"rendered":"https:\/\/wp.ufpel.edu.br\/novostalentos\/?page_id=2"},"modified":"2015-08-10T10:38:11","modified_gmt":"2015-08-10T13:38:11","slug":"sobre","status":"publish","type":"page","link":"https:\/\/wp.ufpel.edu.br\/novostalentos\/sobre\/","title":{"rendered":"Inscri\u00e7\u00f5es Ci\u00eancias \/ Biologia"},"content":{"rendered":"<h1><strong>Fa\u00e7a sua inscri\u00e7\u00e3o para o curso de Ci\u00eancias\/Biologia atrav\u00e9s do\u00a0<\/strong><strong><a href=\"https:\/\/docs.google.com\/forms\/d\/1NR1ckA7Va9su1jAjhj2Tl-iNpS43Ox4ymQ3IzuzLhAs\/viewform?usp=send_form#start=openform\">Formul\u00e1rio de inscri\u00e7\u00f5es<\/a>\u00a0\u00a0<\/strong><\/h1>\n","protected":false},"excerpt":{"rendered":"<p>Fa\u00e7a sua inscri\u00e7\u00e3o para o curso de Ci\u00eancias\/Biologia atrav\u00e9s do\u00a0Formul\u00e1rio de inscri\u00e7\u00f5es\u00a0\u00a0<\/p>\n","protected":false},"author":116,"featured_media":0,"parent":0,"menu_order":0,"comment_status":"closed","ping_status":"closed","template":"","meta":{"footnotes":""},"class_list":["post-2","page","type-page","status-publish","hentry"],"_links":{"self":[{"href":"https:\/\/wp.ufpel.edu.br\/novostalentos\/wp-json\/wp\/v2\/pages\/2","targetHints":{"allow":["GET"]}}],"collection":[{"href":"https:\/\/wp.ufpel.edu.br\/novostalentos\/wp-json\/wp\/v2\/pages"}],"about":[{"href":"https:\/\/wp.ufpel.edu.br\/novostalentos\/wp-json\/wp\/v2\/types\/page"}],"author":[{"embeddable":true,"href":"https:\/\/wp.ufpel.edu.br\/novostalentos\/wp-json\/wp\/v2\/users\/116"}],"replies":[{"embeddable":true,"href":"https:\/\/wp.ufpel.edu.br\/novostalentos\/wp-json\/wp\/v2\/comments?post=2"}],"version-history":[{"count":7,"href":"https:\/\/wp.ufpel.edu.br\/novostalentos\/wp-json\/wp\/v2\/pages\/2\/revisions"}],"predecessor-version":[{"id":79,"href":"https:\/\/wp.ufpel.edu.br\/novostalentos\/wp-json\/wp\/v2\/pages\/2\/revisions\/79"}],"wp:attachment":[{"href":"https:\/\/wp.ufpel.edu.br\/novostalentos\/wp-json\/wp\/v2\/media?parent=2"}],"curies":[{"name":"wp","href":"https:\/\/api.w.org\/{rel}","templated":true}]}}