{"id":96,"date":"2016-12-02T14:39:08","date_gmt":"2016-12-02T16:39:08","guid":{"rendered":"https:\/\/wp.ufpel.edu.br\/notcc\/?page_id=96"},"modified":"2016-12-02T14:39:08","modified_gmt":"2016-12-02T16:39:08","slug":"2012_2","status":"publish","type":"page","link":"https:\/\/wp.ufpel.edu.br\/notcc\/bancas\/historico\/2012_2\/","title":{"rendered":"Bancas 2012\/2"},"content":{"rendered":"<h2 id=\"alan_schlindvein_de_araujo\" class=\"sectionedit1 page-header\">Alan Schlindvein de Araujo<\/h2>\n<div class=\"level2\"><\/div>\n<h4 id=\"tituloanahy-3um_novo_ambiente_de_execucao_otimizado_para_arquiteturas_multicore\">T\u00edtulo: ANAHY-3: Um Novo Ambiente de Execu\u00e7\u00e3o Otimizado para Arquiteturas Multicore<\/h4>\n<div class=\"level4\"><\/div>\n<h4 id=\"banca\">Banca:<\/h4>\n<div class=\"level4\">\n<p>Prof. Gerson Geraldo Homrich Cavalheiro (orientador)<br \/>\nProfa. Ana Marilza Pernas Fleischmann<br \/>\nProf. Andr\u00e9 Rauber Du Bois<br \/>\nProf. Maur\u00edcio Lima Pilla<\/p>\n<\/div>\n<h4 id=\"data04_de_marco_de_2013\">Data: 04 de Mar\u00e7o de 2013<\/h4>\n<div class=\"level4\"><\/div>\n<h4 id=\"hora1600h\">Hora: 16:00h<\/h4>\n<div class=\"level4\"><\/div>\n<h4 id=\"locala_definir\">Local: A definir<\/h4>\n<div class=\"level4\"><\/div>\n<div class=\"secedit editbutton_section editbutton_1\"><\/div>\n<h2 id=\"andrws_aires_vieira\" class=\"sectionedit2 page-header\">Andrws Aires Vieira<\/h2>\n<div class=\"level2\"><\/div>\n<h4 id=\"titulogeracao_de_codigo_e_avaliacao_de_diferentes_paradigmas_de_projeto_de_algoritmos_para_aplicacoes_android\">T\u00edtulo: Gera\u00e7\u00e3o de C\u00f3digo e Avalia\u00e7\u00e3o de Diferentes Paradigmas de Projeto de Algoritmos para Aplica\u00e7\u00f5es Android<\/h4>\n<div class=\"level4\"><\/div>\n<h4 id=\"banca1\">Banca:<\/h4>\n<div class=\"level4\">\n<p>Prof. Julio Carlos Balzano de Mattos (orientador)<br \/>\nProf. Felipe de Souza Marques (co-orientador)<br \/>\nProfa. Lisane Brisolara de Brisolara<br \/>\nProf. Rafael Iankowski Soares<\/p>\n<\/div>\n<h4 id=\"data07_de_marco_de_2013\">Data: 07 de Mar\u00e7o de 2013<\/h4>\n<div class=\"level4\"><\/div>\n<h4 id=\"hora1530h\">Hora: 15:30h<\/h4>\n<div class=\"level4\"><\/div>\n<h4 id=\"localsala_415\">Local: Sala 415<\/h4>\n<div class=\"level4\"><\/div>\n<div class=\"secedit editbutton_section editbutton_2\"><\/div>\n<h2 id=\"bruno_baneiro_hecktheuer\" class=\"sectionedit3 page-header\">Bruno Baneiro Hecktheuer<\/h2>\n<div class=\"level2\"><\/div>\n<h4 id=\"titulodesenvolvimento_e_aplicacao_de_novas_tecnologias_no_ensino_de_matematica\">T\u00edtulo: Desenvolvimento e Aplica\u00e7\u00e3o de Novas Tecnologias no Ensino de Matem\u00e1tica<\/h4>\n<div class=\"level4\"><\/div>\n<h4 id=\"banca2\">Banca:<\/h4>\n<div class=\"level4\">\n<p>Prof. Julio Carlos Balzano de Mattos (orientador)<br \/>\nProf. Felipe de Souza Marques (co-orientador)<br \/>\nProf. Paulo Roberto Ferreira Jr.<br \/>\nProf. Marilton Sanchotene de Aguiar<\/p>\n<\/div>\n<h4 id=\"data28_de_marco_de_2013\">Data: 28 de Mar\u00e7o de 2013<\/h4>\n<div class=\"level4\"><\/div>\n<h4 id=\"hora1600h1\">Hora: 16:00h<\/h4>\n<div class=\"level4\"><\/div>\n<h4 id=\"locallab_3\">Local: Lab. 3<\/h4>\n<div class=\"level4\"><\/div>\n<div class=\"secedit editbutton_section editbutton_3\"><\/div>\n<h2 id=\"dieison_soares_silveira\" class=\"sectionedit4 page-header\">Dieison Soares Silveira<\/h2>\n<div class=\"level2\"><\/div>\n<h4 id=\"tituloprojeto_e_implementacao_de_um_compressor_de_quadros_de_referencia_para_codificadores_de_videos_digitais\">T\u00edtulo: Projeto e Implementa\u00e7\u00e3o de um Compressor de Quadros de Refer\u00eancia para Codificadores de V\u00eddeos Digitais<\/h4>\n<div class=\"level4\"><\/div>\n<h4 id=\"banca3\">Banca:<\/h4>\n<div class=\"level4\">\n<p>Prof. Luciano Volcan Agostini (orientador)<br \/>\nProf. Marcelo Schiavon Porto (co-orientador)<br \/>\nProf. Bruno Zatt<br \/>\nDaniel Munari Vilchez Palomino<br \/>\nHenrique Avila Vianna<\/p>\n<\/div>\n<h4 id=\"data19_de_marco_de_2013\">Data: 19 de Mar\u00e7o de 2013<\/h4>\n<div class=\"level4\"><\/div>\n<h4 id=\"hora1000h\">Hora: 10:00h<\/h4>\n<div class=\"level4\"><\/div>\n<h4 id=\"locala_definir1\">Local: A definir<\/h4>\n<div class=\"level4\"><\/div>\n<div class=\"secedit editbutton_section editbutton_4\"><\/div>\n<h2 id=\"eric_falchi_timm\" class=\"sectionedit5 page-header\">\u00c9ric Falchi Timm<\/h2>\n<div class=\"level2\"><\/div>\n<h4 id=\"titulouma_abordagem_para_predicao_de_obstrucao_de_fluxo_em_bombas_hidraulicas_baseada_no_algoritmo_shazam\">T\u00edtulo: Uma abordagem para predi\u00e7\u00e3o de obstru\u00e7\u00e3o de fluxo em bombas hidr\u00e1ulicas baseada no algoritmo Shazam<\/h4>\n<div class=\"level4\"><\/div>\n<h4 id=\"banca4\">Banca:<\/h4>\n<div class=\"level4\">\n<p>Prof. Paulo Roberto Ferreira Jr. (orientador)<br \/>\nProf. Marilton Sanchotene de Aguiar<br \/>\nProf. Ricardo Matsumura de Araujo<br \/>\nFabr\u00edcio Neitzke Ferreira<\/p>\n<\/div>\n<h4 id=\"data10_de_maio_de_2013\">Data: 10 de Maio de 2013<\/h4>\n<div class=\"level4\"><\/div>\n<h4 id=\"hora1600h2\">Hora: 16:00h<\/h4>\n<div class=\"level4\"><\/div>\n<h4 id=\"locala_definir2\">Local: A definir<\/h4>\n<div class=\"level4\"><\/div>\n<div class=\"secedit editbutton_section editbutton_5\"><\/div>\n<h2 id=\"gabriel_sica_siedler\" class=\"sectionedit6 page-header\">Gabriel Sica Siedler<\/h2>\n<div class=\"level2\"><\/div>\n<h4 id=\"titulopredicao_de_sentimentos_de_usuarios_no_twitter\">T\u00edtulo: Predi\u00e7\u00e3o de Sentimentos de Usu\u00e1rios no Twitter<\/h4>\n<div class=\"level4\"><\/div>\n<h4 id=\"banca5\">Banca:<\/h4>\n<div class=\"level4\">\n<p>Prof. Ricardo Matsumura de Araujo (orientador)<br \/>\nProf. Paulo Roberto Ferreira Jr<br \/>\nProf. Marilton Sanchotene de Aguiar<br \/>\nDiego Vrague Noble<\/p>\n<\/div>\n<h4 id=\"data15_de_marco_de_2013\">Data: 15 de Mar\u00e7o de 2013<\/h4>\n<div class=\"level4\"><\/div>\n<h4 id=\"hora0800h\">Hora: 08:00h<\/h4>\n<div class=\"level4\"><\/div>\n<h4 id=\"locala_definir3\">Local: A definir<\/h4>\n<div class=\"level4\"><\/div>\n<div class=\"secedit editbutton_section editbutton_6\"><\/div>\n<h2 id=\"julio_saracol_domingues_junior\" class=\"sectionedit7 page-header\">Julio Sara\u00e7ol Domingues J\u00fanior<\/h2>\n<div class=\"level2\"><\/div>\n<h4 id=\"titulodesenvolvimento_de_um_fluxo_generico_para_mapeamento_tecnologico\">T\u00edtulo: Desenvolvimento de um Fluxo Gen\u00e9rico para Mapeamento Tecnol\u00f3gico<\/h4>\n<div class=\"level4\"><\/div>\n<h4 id=\"banca6\">Banca:<\/h4>\n<div class=\"level4\">\n<p>Prof. Felipe de Souza Marques (orientador)<br \/>\nProf. Leomar Soares da Rosa Jr (co-orientador)<br \/>\nProf. Paulo Roberto Ferreira Jr<br \/>\nProf. Rafael Iankowski Soares<\/p>\n<\/div>\n<h4 id=\"data15_de_marco_de_20131\">Data: 15 de Mar\u00e7o de 2013<\/h4>\n<div class=\"level4\"><\/div>\n<h4 id=\"hora1600h3\">Hora: 16:00h<\/h4>\n<div class=\"level4\"><\/div>\n<h4 id=\"locala_definir4\">Local: A definir<\/h4>\n<div class=\"level4\"><\/div>\n<div class=\"secedit editbutton_section editbutton_7\"><\/div>\n<h2 id=\"marcel_moscarelli_correa\" class=\"sectionedit8 page-header\">Marcel Moscarelli Corr\u00eaa<\/h2>\n<div class=\"level2\"><\/div>\n<h4 id=\"titulodesenvolvimento_de_arquiteturas_para_a_interpolacao_de_sub_samples_de_luminancia_e_crominancia_do_padrao_de_codificacao_de_video_emergente_hevc\">T\u00edtulo: Desenvolvimento De Arquiteturas Para A Interpola\u00e7\u00e3o De Sub Samples De Lumin\u00e2ncia E Cromin\u00e2ncia Do Padr\u00e3o De Codifica\u00e7\u00e3o De V\u00eddeo Emergente Hevc<\/h4>\n<div class=\"level4\"><\/div>\n<h4 id=\"banca7\">Banca:<\/h4>\n<div class=\"level4\">\n<p>Prof. Luciano Volcan Agostini (orientador)<br \/>\nProf. Marcelo Schiavon Porto (co-orientador)<br \/>\nProf. Paulo Roberto Ferreira Jr.<br \/>\nProf. Bruno Zatt<br \/>\nProf. Vladimir Afonso<\/p>\n<\/div>\n<h4 id=\"data13_de_maio_de_2013\">Data: 13 de Maio de 2013<\/h4>\n<div class=\"level4\"><\/div>\n<h4 id=\"hora1800h\">Hora: 18:00h<\/h4>\n<div class=\"level4\"><\/div>\n<h4 id=\"locala_definir5\">Local: A definir<\/h4>\n<div class=\"level4\"><\/div>\n<div class=\"secedit editbutton_section editbutton_8\"><\/div>\n<h2 id=\"mateus_grellert_da_silva\" class=\"sectionedit9 page-header\">Mateus Grellert da Silva<\/h2>\n<div class=\"level2\"><\/div>\n<h4 id=\"tituloheuristicas_para_reducao_de_comlexidade_na_predicao_inter-quadros_do_padrao_de_codificacao_de_video_emergente_hevc\">T\u00edtulo: Heur\u00edsticas para Redu\u00e7\u00e3o de Comlexidade na Predi\u00e7\u00e3o Inter-Quadros do Padr\u00e3o de Codifica\u00e7\u00e3o de V\u00eddeo Emergente HEVC<\/h4>\n<div class=\"level4\"><\/div>\n<h4 id=\"banca8\">Banca:<\/h4>\n<div class=\"level4\">\n<p>Prof. J\u00falio Carlos Balzano de Mattos (orientador)<br \/>\nProf. Luciano Volcan Agostini (co-orientador)<br \/>\nFelipe Martin Sampaio (co-orientador)<br \/>\nProf. Bruno Zatt<br \/>\nProf. Marcelo Schiavon Porto<\/p>\n<\/div>\n<h4 id=\"data07_de_marco_de_20131\">Data: 07 de Mar\u00e7o de 2013<\/h4>\n<div class=\"level4\"><\/div>\n<h4 id=\"hora1900h\">Hora: 19:00h<\/h4>\n<div class=\"level4\"><\/div>\n<h4 id=\"locala_definir6\">Local: A definir<\/h4>\n<div class=\"level4\"><\/div>\n<div class=\"secedit editbutton_section editbutton_9\"><\/div>\n<h2 id=\"miguel_satte_alam_lisboa\" class=\"sectionedit10 page-header\">Miguel Satte Alam Lisb\u00f4a<\/h2>\n<div class=\"level2\"><\/div>\n<h4 id=\"titulouma_solucao_embarcada_para_o_tratamento_de_sensores_e_atuadores_na_ubicomp\">T\u00edtulo: Uma Solu\u00e7\u00e3o Embarcada para o Tratamento de Sensores e Atuadores na UbiComp<\/h4>\n<div class=\"level4\"><\/div>\n<h4 id=\"banca9\">Banca:<\/h4>\n<div class=\"level4\">\n<p>Profa. Lisane Brisolara de Brisolara (orientador)<br \/>\nProf. Adenauer Corr\u00eaa Yamin (co-orientador)<br \/>\nProf. Maur\u00edcio Lima Pilla<br \/>\nProf. J\u00falio Carlos Balzano de Mattos<\/p>\n<\/div>\n<h4 id=\"data26_de_marco_de_2013\">Data: 26 de Mar\u00e7o de 2013<\/h4>\n<div class=\"level4\"><\/div>\n<h4 id=\"hora1000h1\">Hora: 10:00h<\/h4>\n<div class=\"level4\"><\/div>\n<h4 id=\"locala_definir7\">Local: A definir<\/h4>\n<div class=\"level4\"><\/div>\n<div class=\"secedit editbutton_section editbutton_10\"><\/div>\n<h2 id=\"pamela_polnow_gnutzmann\" class=\"sectionedit11 page-header\">Pamela Polnow Gnutzmann<\/h2>\n<div class=\"level2\"><\/div>\n<h4 id=\"titulom-qceditum_ambiente_para_modelagem_e_simulacao_de_circuitos_quanticos_via_plataformas_moveis\">T\u00edtulo: m-qCEdit: Um Ambiente para Modelagem e Simula\u00e7\u00e3o de Circuitos Qu\u00e2nticos via Plataformas M\u00f3veis<\/h4>\n<div class=\"level4\"><\/div>\n<h4 id=\"banca10\">Banca:<\/h4>\n<div class=\"level4\">\n<p>Profa. Renata Hax Sander Reiser (orientador)<br \/>\nMaur\u00edcio Lima Pilla (co-orientador)<br \/>\nProf. Marilton Sanchotene de Aguiar<br \/>\nProf. Andr\u00e9 Rauber Du Bois<br \/>\nAdriano Kurz Maron<\/p>\n<\/div>\n<h4 id=\"data15_de_marco_de_20132\">Data: 15 de Mar\u00e7o de 2013<\/h4>\n<div class=\"level4\"><\/div>\n<h4 id=\"hora1000h2\">Hora: 10:00h<\/h4>\n<div class=\"level4\"><\/div>\n<h4 id=\"locala_definir8\">Local: A definir<\/h4>\n<div class=\"level4\"><\/div>\n<div class=\"secedit editbutton_section editbutton_11\"><\/div>\n<h2 id=\"victor_avila_ratuchenei\" class=\"sectionedit12 page-header\">Victor Avila Ratuchenei<\/h2>\n<div class=\"level2\"><\/div>\n<h4 id=\"tituloinstrumentacao_de_operacoes_em_memoria_cache_em_um_ambiente_multithread\">T\u00edtulo: Instrumenta\u00e7\u00e3o de opera\u00e7\u00f5es em mem\u00f3ria cache em um ambiente multithread<\/h4>\n<div class=\"level4\"><\/div>\n<h4 id=\"banca11\">Banca:<\/h4>\n<div class=\"level4\">\n<p>Prof. Gerson Geraldo Homrich Cavalheiro (orientador)<br \/>\nProfa. Ana Marilza Pernas Fleischmann<br \/>\nProf. Julio Carlos Balzano de Mattos<br \/>\nProf. Maur\u00edcio Lima Pilla<\/p>\n<\/div>\n<h4 id=\"data15_de_marco_de_20133\">Data: 15 de Mar\u00e7o de 2013<\/h4>\n<div class=\"level4\"><\/div>\n<h4 id=\"hora1400h\">Hora: 14:00h<\/h4>\n<div class=\"level4\"><\/div>\n<h4 id=\"locala_definir9\">Local: A definir<\/h4>\n<div class=\"level4\"><\/div>\n<div class=\"secedit editbutton_section editbutton_12\"><\/div>\n<h2 id=\"vinicius_neves_possani\" class=\"sectionedit13 page-header\">Vinicius Neves Possani<\/h2>\n<div class=\"level2\"><\/div>\n<h4 id=\"titulogeracao_automatica_de_redes_de_transistores_otimizadas_para_a_tecnologia_cmos\">T\u00edtulo: Gera\u00e7\u00e3o Autom\u00e1tica de Redes de Transistores Otimizadas para a Tecnologia CMOS<\/h4>\n<div class=\"level4\"><\/div>\n<h4 id=\"banca12\">Banca:<\/h4>\n<div class=\"level4\">\n<p>Prof. Leomar Soares da Rosa Junior (orientador)<br \/>\nProf. Felipe de Souza Marques (co-orientador)<br \/>\nProfa. Lisane Brisolara de Brisolara<br \/>\nProf. Rafael Iankowski Soares<\/p>\n<\/div>\n<h4 id=\"data25_de_fevereiro_de_2013\">Data: 25 de Fevereiro de 2013<\/h4>\n<div class=\"level4\"><\/div>\n<h4 id=\"hora1600h4\">Hora: 16:00h<\/h4>\n<div class=\"level4\"><\/div>\n<h4 id=\"localsala_215\">Local: Sala 215<\/h4>\n<div class=\"level4\"><\/div>\n<div class=\"secedit editbutton_section editbutton_13\"><\/div>\n<h2 id=\"vitor_alano_de_ataides\" class=\"sectionedit14 page-header\">V\u00edtor Alano de Ata\u00eddes<\/h2>\n<div class=\"level2\"><\/div>\n<h4 id=\"titulodesenvolvimento_de_benchmarks_de_codigo_aberto_e_analise_do_consumo_de_energia_em_dispositivos_ios\">T\u00edtulo: Desenvolvimento de benchmarks de c\u00f3digo aberto e an\u00e1lise do consumo de energia em dispositivos iOS<\/h4>\n<div class=\"level4\"><\/div>\n<h4 id=\"banca13\">Banca:<\/h4>\n<div class=\"level4\">\n<p>Prof. Mauricio Lima Pilla (orientador)<br \/>\nProf. Andr\u00e9 Rauber Du Bois<br \/>\nProf. Adenauer Corr\u00eaa Yamin<\/p>\n<\/div>\n<h4 id=\"data12_de_marco_de_2013\">Data: 12 de Mar\u00e7o de 2013<\/h4>\n<div class=\"level4\"><\/div>\n<h4 id=\"hora0900h\">Hora: 09:00h<\/h4>\n<div class=\"level4\"><\/div>\n<h4 id=\"locala_definir10\">Local: A definir<\/h4>\n","protected":false},"excerpt":{"rendered":"<p>Alan Schlindvein de Araujo T\u00edtulo: ANAHY-3: Um Novo Ambiente de Execu\u00e7\u00e3o Otimizado para Arquiteturas Multicore Banca: Prof. Gerson Geraldo Homrich Cavalheiro (orientador) Profa. Ana Marilza Pernas Fleischmann Prof. Andr\u00e9 Rauber Du Bois Prof. Maur\u00edcio Lima Pilla Data: 04 de Mar\u00e7o de 2013 Hora: 16:00h Local: A definir Andrws Aires Vieira T\u00edtulo: Gera\u00e7\u00e3o de C\u00f3digo e [&hellip;]<\/p>\n","protected":false},"author":657,"featured_media":0,"parent":84,"menu_order":0,"comment_status":"closed","ping_status":"closed","template":"","meta":{"footnotes":""},"class_list":["post-96","page","type-page","status-publish","hentry"],"_links":{"self":[{"href":"https:\/\/wp.ufpel.edu.br\/notcc\/wp-json\/wp\/v2\/pages\/96","targetHints":{"allow":["GET"]}}],"collection":[{"href":"https:\/\/wp.ufpel.edu.br\/notcc\/wp-json\/wp\/v2\/pages"}],"about":[{"href":"https:\/\/wp.ufpel.edu.br\/notcc\/wp-json\/wp\/v2\/types\/page"}],"author":[{"embeddable":true,"href":"https:\/\/wp.ufpel.edu.br\/notcc\/wp-json\/wp\/v2\/users\/657"}],"replies":[{"embeddable":true,"href":"https:\/\/wp.ufpel.edu.br\/notcc\/wp-json\/wp\/v2\/comments?post=96"}],"version-history":[{"count":1,"href":"https:\/\/wp.ufpel.edu.br\/notcc\/wp-json\/wp\/v2\/pages\/96\/revisions"}],"predecessor-version":[{"id":97,"href":"https:\/\/wp.ufpel.edu.br\/notcc\/wp-json\/wp\/v2\/pages\/96\/revisions\/97"}],"up":[{"embeddable":true,"href":"https:\/\/wp.ufpel.edu.br\/notcc\/wp-json\/wp\/v2\/pages\/84"}],"wp:attachment":[{"href":"https:\/\/wp.ufpel.edu.br\/notcc\/wp-json\/wp\/v2\/media?parent=96"}],"curies":[{"name":"wp","href":"https:\/\/api.w.org\/{rel}","templated":true}]}}