{"id":916,"date":"2019-06-28T16:29:09","date_gmt":"2019-06-28T19:29:09","guid":{"rendered":"https:\/\/wp.ufpel.edu.br\/notcc\/?page_id=916"},"modified":"2019-08-13T11:50:36","modified_gmt":"2019-08-13T14:50:36","slug":"bancas-2019-1","status":"publish","type":"page","link":"https:\/\/wp.ufpel.edu.br\/notcc\/bancas\/historico\/bancas-2019-1\/","title":{"rendered":"Bancas 2019\/1"},"content":{"rendered":"<h3>Anderson Silveira Cardoso<\/h3>\n<p><strong>Curso:<\/strong> Engenharia de Computa\u00e7\u00e3o<br \/>\n<strong>T\u00edtulo:<\/strong> Desenvolvimento de uma Solu\u00e7\u00e3o em Realidade aumentada para o Museu de Ci\u00eancias Naturais Carlos Ritter<br \/>\n<strong>Banca:<\/strong><br \/>\nProfa. Tatiana Aires Tavares (orientador(a))<br \/>\nVin\u00edcius Kr\u00fcger Da Costa (coorientador(a))<br \/>\nProf. Rafael Iankowski Soares<br \/>\nProf. Jo\u00e3o Ricardo Vieira Iganci<br \/>\n<strong>Data:<\/strong> 01 de julho de 2019<br \/>\n<strong>Hora:<\/strong> 10:00<br \/>\n<strong>Local:<\/strong> Museu Carlos Ritter<\/p>\n<hr>\n<h3>Arthur Piccoli<\/h3>\n<p><strong>Curso:<\/strong> Engenharia de Computa\u00e7\u00e3o<br \/>\n<strong>T\u00edtulo:<\/strong> Desenvolvimento de uma ferramenta para simula\u00e7\u00e3o l\u00f3gica de rede de transistores voltada ao ensino-aprendizado de circuitos integrados<br \/>\n<strong>Banca:<\/strong><br \/>\nProf. Leomar Soares da Rosa Junior (orientador(a))<br \/>\nProf. Felipe de Souza Marques (coorientador(a))<br \/>\nProf. Alan Carlos Junior Rossetto<br \/>\nProf. Rafael Iankowski Soares<br \/>\n<strong>Data:<\/strong> 09 de julho de 2019<br \/>\n<strong>Hora:<\/strong> 13:30<br \/>\n<strong>Local:<\/strong> Lab3<\/p>\n<hr>\n<h3>Christian Gehrke M\u00fcller<\/h3>\n<p><strong>Curso:<\/strong> Engenharia de Computa\u00e7\u00e3o<br \/>\n<strong>T\u00edtulo:<\/strong> Confort\u00edmetro Lotus: Um Sistema M\u00f3vel de Baixo Consumo<br \/>\n<strong>Banca:<\/strong><br \/>\nProf. Anderson Priebe Ferrugem (orientador(a))<br \/>\nAntonio C\u00e9sar Silveira Baptista da Silva (coorientador(a))<br \/>\nProf. Leomar Soares da Rosa J\u00fanior<br \/>\nProf. Rafael Iankowski Soares<br \/>\nEmanuel Marques Queiroga<br \/>\n<strong>Data:<\/strong> 10 de julho de 2019<br \/>\n<strong>Hora:<\/strong> 8:00<br \/>\n<strong>Local:<\/strong> Sala 318<\/p>\n<hr>\n<h3>Domarys da Silva Corr\u00eaa<\/h3>\n<p><strong>Curso:<\/strong> Ci\u00eancia da Computa\u00e7\u00e3o<br \/>\n<strong>T\u00edtulo:<\/strong> Uso de Arduino Lilypad para monitoramento de sinais vitais de infantes buscando evitar a s\u00edndrome da morte s\u00fabita do lactente<br \/>\n<strong>Banca:<\/strong><br \/>\nProf. Marilton Sanchotene de Aguiar (orientador(a))<br \/>\nProf. Rafael Iankowski Soares (coorientador(a))<br \/>\nProf. Leomar Soares da Rosa Junior<br \/>\nProf. Julio Carlos Balzano de Mattos<br \/>\n<strong>Data:<\/strong> 09 de julho de 2019<br \/>\n<strong>Hora:<\/strong> 16:50<br \/>\n<strong>Local:<\/strong> Sala 415<\/p>\n<hr>\n<h3>\u00c9rick Fernandes Moreira<\/h3>\n<p><strong>Curso:<\/strong> Ci\u00eancia da Computa\u00e7\u00e3o<br \/>\n<strong>T\u00edtulo:<\/strong> Desenvolvimento de um sistema de reconhecimento de textos escritos \u00e0 m\u00e3o por crian\u00e7as do ensino fundamental<br \/>\n<strong>Banca:<\/strong><br \/>\nProfa. Larissa Astrogildo de Freitas (orientador(a))<br \/>\nProf. Tiago Thompsen Primo<br \/>\nProf. Ricardo Matsumura de Ara\u00fajo<br \/>\n<strong>Data:<\/strong> 27 de junho de 2019<br \/>\n<strong>Hora:<\/strong> 15:30<br \/>\n<strong>Local:<\/strong> Audit\u00f3rio da Reitoria<\/p>\n<hr>\n<h3>Frederico de Oliveira Sedrez<\/h3>\n<p><strong>Curso:<\/strong> Engenharia de Computa\u00e7\u00e3o<br \/>\n<strong>T\u00edtulo:<\/strong> Implementa\u00e7\u00e3o de website e sistema de ecommerce da Livraria da UFPel utilizando a arquitetura MVC<br \/>\n<strong>Banca:<\/strong><br \/>\nProf. Guilherme Ribeiro Corr\u00eaa (orientador(a))<br \/>\nProfa Ana da Rosa Bandeira<br \/>\nProfa Andr\u00e9ia Sias Rodrigues<br \/>\n<strong>Data:<\/strong> 05 de julho de 2019<br \/>\n<strong>Hora:<\/strong> 15:30<br \/>\n<strong>Local:<\/strong> Lab3<\/p>\n<hr>\n<h3>Guilherme Bayer Schneider<\/h3>\n<p><strong>Curso:<\/strong> Ci\u00eancia da Computa\u00e7\u00e3o<br \/>\n<strong>T\u00edtulo:<\/strong> f-ClouD: Sistema Fuzzy para Avalia\u00e7\u00e3o da Utiliza\u00e7\u00e3o de Servidores em um Ambiente Simulado de Computa\u00e7\u00e3o em Nuvem<br \/>\n<strong>Banca:<\/strong><br \/>\nProfa. Renata Hax Sander Reiser (orientador(a))<br \/>\nProf. Adenauer Correa Yamin (coorientador(a))<br \/>\nMs. Renato Dilli<br \/>\nMs. Anderson Avila<br \/>\n<strong>Data:<\/strong> 02 de julho de 2019<br \/>\n<strong>Hora:<\/strong> 9:30<br \/>\n<strong>Local:<\/strong> Audit\u00f3rio da Reitoria<\/p>\n<hr>\n<h3>Gustavo Henrique Cunha da Rosa<\/h3>\n<p><strong>Curso:<\/strong> Ci\u00eancia da Computa\u00e7\u00e3o<br \/>\n<strong>T\u00edtulo:<\/strong> Real-time knot evaluation for suturing simulation<br \/>\n<strong>Banca:<\/strong><br \/>\nProf. Rafael Piccin Torchelsen (orientador(a))<br \/>\nAnderson Maciel (coorientador(a))<br \/>\nProf. Marilton Sanchotene Aguiar<br \/>\nProf. Andr\u00e9 Rauber Du Bois<br \/>\n<strong>Data:<\/strong> 28 de junho de 2019<br \/>\n<strong>Hora:<\/strong> 13:30<br \/>\n<strong>Local:<\/strong> Campus Anglo<\/p>\n<hr>\n<h3>Jordana Sangalli Luft<\/h3>\n<p><strong>Curso:<\/strong> Engenharia de Computa\u00e7\u00e3o<br \/>\n<strong>T\u00edtulo:<\/strong> Desenvolvimento de um sistema de ilumina\u00e7\u00e3o p\u00fablica com foco em sustentabilidade e seguran\u00e7a<br \/>\n<strong>Banca:<\/strong><br \/>\nProf. Rafael Iankowski Soares (orientador(a))<br \/>\nProf. Adenauer Correa Yamin<br \/>\nProf. Anderson Priebe Ferrugem<br \/>\n<strong>Data:<\/strong> 08 de julho de 2019<br \/>\n<strong>Hora:<\/strong> 10:00<br \/>\n<strong>Local:<\/strong> Lab2 &#8211; 435<\/p>\n<hr>\n<h3>Lucas Pereira Cavalini<\/h3>\n<p><strong>Curso:<\/strong> Engenharia de Computa\u00e7\u00e3o<br \/>\n<strong>T\u00edtulo:<\/strong> Investiga\u00e7\u00e3o do espa\u00e7o de projeto da arquitetura GALS pipeline utilizando o algoritmo AES<br \/>\n<strong>Banca:<\/strong><br \/>\nProf. Rafael Iankowski Soares (orientador(a))<br \/>\nPl\u00ednio Finkenauer J\u00fanior (coorientador(a))<br \/>\nProf. Leomar Soares Rosa J\u00fanior<br \/>\nProf. Vin\u00edcius Valduga de Almeida Camargo<br \/>\n<strong>Data:<\/strong> 09 de julho de 2019<br \/>\n<strong>Hora:<\/strong> 8:00<br \/>\n<strong>Local:<\/strong> Sala 202<\/p>\n<hr>\n<h3>Marcos Roberto Pasqualetto Bueno<\/h3>\n<p><strong>Curso:<\/strong> Engenharia de Computa\u00e7\u00e3o<br \/>\n<strong>T\u00edtulo:<\/strong> Desenvolvimento de uma Arquitetura de Hardware para Deblocking Filter segundo o Padr\u00e3o HEVC<br \/>\n<strong>Banca:<\/strong><br \/>\nProf. Bruno Zatt (orientador(a))<br \/>\nProf. Marcelo Schiavon Porto (coorientador(a))<br \/>\nProf. Guilherme Ribeiro Correa<br \/>\nProf. Leomar da Rosa Junior<br \/>\n<strong>Data:<\/strong> 08 de julho de 2019<br \/>\n<strong>Hora:<\/strong> 10:00<br \/>\n<strong>Local:<\/strong> Sala 308<\/p>\n<hr>\n<h3>Matheus Ianzer Hertzog<\/h3>\n<p><strong>Curso:<\/strong> Ci\u00eancia da Computa\u00e7\u00e3o<br \/>\n<strong>T\u00edtulo:<\/strong> An analysis of the regularizer Spreadout in image classification using deep neural networks<br \/>\n<strong>Banca:<\/strong><br \/>\nRicardo de Araujo Matsumura (orientador(a))<br \/>\nProf. Ulisses Brisolara Correa (coorientador(a))<br \/>\nTiago Thompsen Primo<br \/>\nPedro Ballester<br \/>\n<strong>Data:<\/strong> 04 de julho de 2019<br \/>\n<strong>Hora:<\/strong> 15:10<br \/>\n<strong>Local:<\/strong> Campus II, sala 106<\/p>\n<hr>\n","protected":false},"excerpt":{"rendered":"<p>Anderson Silveira Cardoso Curso: Engenharia de Computa\u00e7\u00e3o T\u00edtulo: Desenvolvimento de uma Solu\u00e7\u00e3o em Realidade aumentada para o Museu de Ci\u00eancias Naturais Carlos Ritter Banca: Profa. Tatiana Aires Tavares (orientador(a)) Vin\u00edcius Kr\u00fcger Da Costa (coorientador(a)) Prof. Rafael Iankowski Soares Prof. Jo\u00e3o Ricardo Vieira Iganci Data: 01 de julho de 2019 Hora: 10:00 Local: Museu Carlos Ritter [&hellip;]<\/p>\n","protected":false},"author":800,"featured_media":0,"parent":84,"menu_order":0,"comment_status":"closed","ping_status":"closed","template":"","meta":{"footnotes":""},"class_list":["post-916","page","type-page","status-publish","hentry"],"_links":{"self":[{"href":"https:\/\/wp.ufpel.edu.br\/notcc\/wp-json\/wp\/v2\/pages\/916","targetHints":{"allow":["GET"]}}],"collection":[{"href":"https:\/\/wp.ufpel.edu.br\/notcc\/wp-json\/wp\/v2\/pages"}],"about":[{"href":"https:\/\/wp.ufpel.edu.br\/notcc\/wp-json\/wp\/v2\/types\/page"}],"author":[{"embeddable":true,"href":"https:\/\/wp.ufpel.edu.br\/notcc\/wp-json\/wp\/v2\/users\/800"}],"replies":[{"embeddable":true,"href":"https:\/\/wp.ufpel.edu.br\/notcc\/wp-json\/wp\/v2\/comments?post=916"}],"version-history":[{"count":3,"href":"https:\/\/wp.ufpel.edu.br\/notcc\/wp-json\/wp\/v2\/pages\/916\/revisions"}],"predecessor-version":[{"id":968,"href":"https:\/\/wp.ufpel.edu.br\/notcc\/wp-json\/wp\/v2\/pages\/916\/revisions\/968"}],"up":[{"embeddable":true,"href":"https:\/\/wp.ufpel.edu.br\/notcc\/wp-json\/wp\/v2\/pages\/84"}],"wp:attachment":[{"href":"https:\/\/wp.ufpel.edu.br\/notcc\/wp-json\/wp\/v2\/media?parent=916"}],"curies":[{"name":"wp","href":"https:\/\/api.w.org\/{rel}","templated":true}]}}