{"id":913,"date":"2019-06-28T16:28:28","date_gmt":"2019-06-28T19:28:28","guid":{"rendered":"https:\/\/wp.ufpel.edu.br\/notcc\/?page_id=913"},"modified":"2019-08-13T11:50:07","modified_gmt":"2019-08-13T14:50:07","slug":"bancas-2018-2","status":"publish","type":"page","link":"https:\/\/wp.ufpel.edu.br\/notcc\/bancas\/historico\/bancas-2018-2\/","title":{"rendered":"Bancas 2018\/2"},"content":{"rendered":"<h3>Adson Ileon Ripinski Duarte<\/h3>\n<p><strong>Curso:<\/strong> Ci\u00eancia da Computa\u00e7\u00e3o<br \/>\n<strong>T\u00edtulo:<\/strong> Identifica\u00e7\u00e3o de Relatos de Viol\u00eancia em M\u00eddias Sociais: um Estudo de Caso Aplicado ao Facebook<br \/>\n<strong>Banca:<\/strong><br \/>\nProf. Ricardo Matsumura Araujo (orientador(a))<br \/>\nProfa. Larissa Astrogildo de Freitas<br \/>\nProf. Ulisses Brisolara Corr\u00eaa<br \/>\n<strong>Data:<\/strong> 07 de dezembro de 2018<br \/>\n<strong>Hora:<\/strong> 13:30<br \/>\n<strong>Local:<\/strong> Sala a definir<\/p>\n<hr>\n<h3>Andrei Ali Odes Bubolz<\/h3>\n<p><strong>Curso:<\/strong> Sala 413<br \/>\n<strong>T\u00edtulo:<\/strong> Prof. Marilton Sanchotene De Aguiar<br \/>\n<strong>Banca:<\/strong><br \/>\nProf. Felipe de Souza Marques (orientador(a))<br \/>\nProf. Felipe de Souza Marques (coorientador(a))<br \/>\nProf. Felipe de Souza Marques (coorientador(a))<br \/>\nCi\u00eancia da Computa\u00e7\u00e3o<br \/>\nProfa. Luciana Foss<br \/>\nProfa. Tatiana Aires Tavareso Maicon Schneider Cardoso<br \/>\nImplementa\u00e7\u00e3o de Um M\u00e9todo de Posicionamento de Transistores Baseado em Satisfatibilidade Booleana na Ferramenta ASTRAN<br \/>\n04\/12\/2018<br \/>\n<strong>Data:<\/strong><br \/>\n<strong>Hora:<\/strong> 30\/11\/2018<br \/>\n<strong>Local:<\/strong> 8:00<\/p>\n<hr>\n<h3>Andrei Ali Odes Bubolz<\/h3>\n<p><strong>Curso:<\/strong> Engenharia de Computa\u00e7\u00e3o<br \/>\n<strong>T\u00edtulo:<\/strong> Implementa\u00e7\u00e3o de Um M\u00e9todo de Posicionamento de Transistores Baseado em Satisfatibilidade Booleana na Ferramenta ASTRAN<br \/>\n<strong>Banca:<\/strong><br \/>\nProf. Felipe de Souza Marques (orientador(a))<br \/>\nProf. Maicon Schneider Cardoso (coorientador(a))<br \/>\nProf. Bruno Zatt<br \/>\nProf. Julio Sara\u00e7ol Domingues Junior<br \/>\n<strong>Data:<\/strong> 04 de dezembro de 2018<br \/>\n<strong>Hora:<\/strong> 10:00<br \/>\n<strong>Local:<\/strong> Lab 1<\/p>\n<hr>\n<h3>Douglas Silva Corr\u00eaa<\/h3>\n<p><strong>Curso:<\/strong> Engenharia de Computa\u00e7\u00e3o<br \/>\n<strong>T\u00edtulo:<\/strong> Explora\u00e7\u00e3o no Projeto de Hierarquia de Mem\u00f3ria para Codifica\u00e7\u00e3o de V\u00eddeo Energeticamente Eficiente no Padr\u00e3o HEVC<br \/>\n<strong>Banca:<\/strong><br \/>\nProf. Daniel Munari Vilchez Palomino (orientador(a))<br \/>\nProf. Bruno Zatt (coorientador(a))<br \/>\nProf. Guilherme Corr\u00eaa<br \/>\nM\u00e1rio Saldanha<br \/>\n<strong>Data:<\/strong> 06 de dezembro de 2018<br \/>\n<strong>Hora:<\/strong> 8:00<br \/>\n<strong>Local:<\/strong> Lab 3<\/p>\n<hr>\n<h3>Eduardo Abreu Xavier<\/h3>\n<p><strong>Curso:<\/strong> Ci\u00eancia da Computa\u00e7\u00e3o<br \/>\n<strong>T\u00edtulo:<\/strong> An\u00e1lise da utiliza\u00e7\u00e3o das Ferramentas Scratch e StageCast Creator no Ensino Fundamental com foco no Pensamento Computacional<br \/>\n<strong>Banca:<\/strong><br \/>\nProfa. Luciana Foss (orientador(a))<br \/>\nProfa. Tatiana Aires Tavares (coorientador(a))<br \/>\nProf. Rafael Iankowski Soares<br \/>\nProfa. Eliane da Silva Alcoforado Diniz<br \/>\nPedro Henrique Ferreira<br \/>\n<strong>Data:<\/strong> 30 de novembro de 2018<br \/>\n<strong>Hora:<\/strong> 10:00<br \/>\n<strong>Local:<\/strong> Sala 436<\/p>\n<hr>\n<h3>Eduardo Franklin Model<\/h3>\n<p><strong>Curso:<\/strong>  Engenharia de Computa\u00e7\u00e3o<br \/>\n<strong>T\u00edtulo:<\/strong> An\u00e1lise dos impactos de variabilidade e degrada\u00e7\u00e3o de transistores em conversores CC-CC integrados para aplica\u00e7\u00f5es em IoT<br \/>\n<strong>Banca:<\/strong><br \/>\nProf. Vin\u00edcius Valduga de Almeida Camargo (orientador(a))<br \/>\nProf. Felipe de Souza Marques<br \/>\nProf. Leomar Soares da Rosa J\u00fanior<br \/>\n<strong>Data:<\/strong> 03 de dezembro de 2018<br \/>\n<strong>Hora:<\/strong> 15:30<br \/>\n<strong>Local:<\/strong> Sala 248<\/p>\n<hr>\n<h3>Fabio Abib Hecktheuer<\/h3>\n<p><strong>Curso:<\/strong> Ci\u00eancia da Computa\u00e7\u00e3o<br \/>\n<strong>T\u00edtulo:<\/strong> Detec\u00e7\u00e3o de degenera\u00e7\u00e3o macular usando t\u00e9cnicas de processamento de imagens<br \/>\n<strong>Banca:<\/strong><br \/>\nProf. Anderson Priebe Ferrugem (orientador(a))<br \/>\nProf. Guilherme Ribeiro Corr\u00eaa<br \/>\nProfa. Tatiana Aires Tavares<br \/>\n<strong>Data:<\/strong> 07 de dezembro de 2018<br \/>\n<strong>Hora:<\/strong> 8:30<br \/>\n<strong>Local:<\/strong> Sala de Reuni\u00f5es<\/p>\n<hr>\n<h3>Gustavo Fernandes dos Santos<\/h3>\n<p><strong>Curso:<\/strong> Engenharia de Computa\u00e7\u00e3o<br \/>\n<strong>T\u00edtulo:<\/strong> DERIS-B: Decentralized Recoverable Identification System Based on Blockchain. Um Conjunto de Protocolos para Identifica\u00e7\u00e3o de Pessoas via Blockchain<br \/>\n<strong>Banca:<\/strong><br \/>\nProf. Renata Hax Sander Reiser (orientador(a))<br \/>\nProf. Mauricio Lima Pilla (coorientador(a))<br \/>\nProf. Guilherme Ribeiro Corr\u00eaa<br \/>\nProf. Ricardo Matsumura de Araujo<br \/>\n<strong>Data:<\/strong> 21 de novembro de 2018<br \/>\n<strong>Hora:<\/strong> 15:10<br \/>\n<strong>Local:<\/strong> Lab2<\/p>\n<hr>\n<h3>Heitor Augusto Grosskopf Almeida<\/h3>\n<p><strong>Curso:<\/strong> Ci\u00eancia da Computa\u00e7\u00e3o<br \/>\n<strong>T\u00edtulo:<\/strong> Uma Aplica\u00e7\u00e3o Web de Banco de Textos e Ferramentas de An\u00e1lise Textual<br \/>\n<strong>Banca:<\/strong><br \/>\nProf. Gerson Geraldo Homrich Cavalheiro (orientador(a))<br \/>\nProfa. Marta N\u00f6rnberg (coorientador(a))<br \/>\nProfa. Ana Ruth Moresco Miranda<br \/>\nProfa. Larissa Astrogildo de Freitas<br \/>\n<strong>Data:<\/strong> 07 de dezembro de 2018<br \/>\n<strong>Hora:<\/strong> 15:10<br \/>\n<strong>Local:<\/strong> Audit\u00f3rio Acad\u00eamico do Anglo<\/p>\n<hr>\n<h3>Helena Dufau de Carvalho<\/h3>\n<p><strong>Curso:<\/strong> Engenharia de Computa\u00e7\u00e3o<br \/>\n<strong>T\u00edtulo:<\/strong> Avalia\u00e7\u00e3o do uso de esteganografia para reduzir vulnerabilidades em redes de sensores sem fio<br \/>\n<strong>Banca:<\/strong><br \/>\nProf. Rafael Iankowski Soares (orientador(a))<br \/>\nProf. Guilherme Ribeiro Corr\u00eaa<br \/>\nProf. Adenauer Correa Yamin<br \/>\n<strong>Data:<\/strong> 11 de dezembro de 2018<br \/>\n<strong>Hora:<\/strong> 15:10<br \/>\n<strong>Local:<\/strong> Sala 318<\/p>\n<hr>\n<h3>Iago Coelho Storch<\/h3>\n<p><strong>Curso:<\/strong> Engenharia de Computa\u00e7\u00e3o<br \/>\n<strong>T\u00edtulo:<\/strong> Otimiza\u00e7\u00e3o das Ferramentas de Codifica\u00e7\u00e3o de V\u00eddeo do Padr\u00e3o HEVC para Aplica\u00e7\u00f5es com V\u00eddeos Omnidirecionais<br \/>\n<strong>Banca:<\/strong><br \/>\nProf. Daniel Munari Vilchez Palomino (orientador(a))<br \/>\nProf. Bruno Zatt (coorientador(a))<br \/>\nProf. Carlos Michel Betemps<br \/>\nProf. Marcelo Schiavon Porto<br \/>\n<strong>Data:<\/strong> 06 de dezembro de 2018<br \/>\n<strong>Hora:<\/strong> 16:00<br \/>\n<strong>Local:<\/strong> Lab 4<\/p>\n<hr>\n<h3>Karine Pestana Ramos<\/h3>\n<p><strong>Curso:<\/strong> Ci\u00eancia da Computa\u00e7\u00e3o<br \/>\n<strong>T\u00edtulo:<\/strong> An\u00e1lise sobre o perfil dos alunos evadidos nos cursos de Computa\u00e7\u00e3o da UFPEL usando minera\u00e7\u00e3o de dados<br \/>\n<strong>Banca:<\/strong><br \/>\nProf. Marilton Sanchotene de Aguiar (orientador(a))<br \/>\nProf. Rafael Iankowski Soares<br \/>\nProfa. Tatiana Aires Tavares<br \/>\n<strong>Data:<\/strong> 27 de novembro de 2018<br \/>\n<strong>Hora:<\/strong> 8:00<br \/>\n<strong>Local:<\/strong> Audit\u00f3rio Acad\u00eamico<\/p>\n<hr>\n<h3>Kristofer Stift Kappel<\/h3>\n<p><strong>Curso:<\/strong> Ci\u00eancia da Computa\u00e7\u00e3o<br \/>\n<strong>T\u00edtulo:<\/strong> An\u00e1lise de Uma Extens\u00e3o do Algoritmo NC-Drone Utilizando Uma Abordagem Baseada em Watershed<br \/>\n<strong>Banca:<\/strong><br \/>\nProf. Paulo Roberto Ferreira Jr. (orientador(a))<br \/>\nProf. Tau\u00e3 Milech Cabreira (coorientador(a))<br \/>\nProf. Jo\u00e3o Lu\u00eds Marins (coorientador(a))<br \/>\nProfa. Lisane Brisolara<br \/>\nProf. Felipe de Souza Marques<br \/>\n<strong>Data:<\/strong> 29 de novembro de 2018<br \/>\n<strong>Hora:<\/strong> 15:00<br \/>\n<strong>Local:<\/strong> Sala 224<\/p>\n<hr>\n<h3>Larissa de \u00c1vila Ara\u00fajo<\/h3>\n<p><strong>Curso:<\/strong> Ci\u00eancia da Computa\u00e7\u00e3o<br \/>\n<strong>T\u00edtulo:<\/strong> Uma Compara\u00e7\u00e3o e Adapta\u00e7\u00e3o de M\u00e9todos de An\u00e1lise de Sentimentos para Textos sobre Pol\u00edtica em Portugu\u00eas e Ingl\u00eas<br \/>\n<strong>Banca:<\/strong><br \/>\nProf. Ricardo Matsumura Araujo (orientador(a))<br \/>\nProfa. Larissa Astrogildo de Freitas (coorientador(a))<br \/>\nProf. Tiago Thompsen Primo<br \/>\nProf. Ulisses Brisolara Corr\u00eaa<br \/>\n<strong>Data:<\/strong> 07 de dezembro de 2018<br \/>\n<strong>Hora:<\/strong> 13:30<br \/>\n<strong>Local:<\/strong> Sala a definir<\/p>\n<hr>\n<h3>Marcelo Voigt Zschornack<\/h3>\n<p><strong>Curso:<\/strong> Ci\u00eancia da Computa\u00e7\u00e3o<br \/>\n<strong>T\u00edtulo:<\/strong> A an\u00e1lise de desempenho no futebol atrav\u00e9s do uso de m\u00e9tricas de centralidade em grafos<br \/>\n<strong>Banca:<\/strong><br \/>\nProf. Anderson Priebe Ferrugem (orientador(a))<br \/>\nProfa. Tatiana Aires Tavares<br \/>\nProf. Marilton Sanchotene de Aguiar<br \/>\n<strong>Data:<\/strong> 10 de dezembro de 2018<br \/>\n<strong>Hora:<\/strong> 14:00<br \/>\n<strong>Local:<\/strong> Lab 4<\/p>\n<hr>\n<h3>Marcos Saalfeld Bartz<\/h3>\n<p><strong>Curso:<\/strong> Ci\u00eancia da Computa\u00e7\u00e3o<br \/>\n<strong>T\u00edtulo:<\/strong> Uma proposta de atividade desplugada baseada em um jogo RPG para promover o pensamento computacional e avaliar a colabora\u00e7\u00e3o entre estudantes do ensino fundamental<br \/>\n<strong>Banca:<\/strong><br \/>\nProf. Marilton Sanchotene de Aguiar (orientador(a))<br \/>\nProf. Andr\u00e9 Rauber Du Bois<br \/>\nProfa. Luciana Foss<br \/>\n<strong>Data:<\/strong> 29 de novembro de 2018<br \/>\n<strong>Hora:<\/strong> 10:00<br \/>\n<strong>Local:<\/strong> Lab1<\/p>\n<hr>\n<h3>Mareclo Bonito Salaberri<\/h3>\n<p><strong>Curso:<\/strong>  Ci\u00eancia da Computa\u00e7\u00e3o<br \/>\n<strong>T\u00edtulo:<\/strong> Ferramenta de Suporte ao processo de ensino e aprendizado: Um ensaio com o uso de gamifica\u00e7\u00e3o para o auxilio a motiva\u00e7\u00e3o e engajamento de alunos<br \/>\n<strong>Banca:<\/strong><br \/>\nProf. Tiago Thompsen Primo (orientador(a))<br \/>\nProf. Marilton Sanchotene de Aguiar (coorientador(a))<br \/>\nProfa. Luciana Foss<br \/>\nProfa. Tatiana Aires Tavares<br \/>\n<strong>Data:<\/strong> 30 de novembro de 2018<br \/>\n<strong>Hora:<\/strong> 8:00<br \/>\n<strong>Local:<\/strong> Sala 413<\/p>\n<hr>\n<h3>Mateus Thurow Schoenknecht<\/h3>\n<p><strong>Curso:<\/strong> Ci\u00eancia da Computa\u00e7\u00e3o<br \/>\n<strong>T\u00edtulo:<\/strong> An\u00e1lise do Desempenho do Benchmark Hierarchical Agglomerative Clustering em Diferentes Ferramentas de Paraleliza\u00e7\u00e3o<br \/>\n<strong>Banca:<\/strong><br \/>\nProf. Gerson Geraldo H. Cavalheiro (orientador(a))<br \/>\nProf. Andr\u00e9 Du Bois<br \/>\nProf. Marilton Sanchotene de Aguiar<br \/>\n<strong>Data:<\/strong> 13 de dezembro de 2018<br \/>\n<strong>Hora:<\/strong> 8:00<br \/>\n<strong>Local:<\/strong> Sala 210b<\/p>\n<hr>\n<h3>Matheus Eduardo Rodrigues Freitag<\/h3>\n<p><strong>Curso:<\/strong> Ci\u00eancia da Computa\u00e7\u00e3o<br \/>\n<strong>T\u00edtulo:<\/strong> Controle Social para o Monitoramento em Tempo Real no Transporte P\u00fablico Urbano<br \/>\n<strong>Banca:<\/strong><br \/>\nProfa. Tatiana Aires Tavares (orientador(a))<br \/>\nProfa. Tatiana Aires Tavares (coorientador(a))<br \/>\nProfa. Tatiana Aires Tavares (coorientador(a))<br \/>\nProf. Guilherme Corr\u00eaa<br \/>\nProf. Leomar Rosa Junior, Vinicius Costa<br \/>\n<strong>Data:<\/strong> 05 de dezembro de 2018<br \/>\n<strong>Hora:<\/strong> 8:00<br \/>\n<strong>Local:<\/strong> Lab 4<\/p>\n<hr>\n<h3>Matheus Eduardo Rodrigues Freitag<\/h3>\n<p><strong>Curso:<\/strong> Ci\u00eancia da Computa\u00e7\u00e3o<br \/>\n<strong>T\u00edtulo:<\/strong> Controle Social para o Monitoramento em Tempo Real no Transporte P\u00fablico Urbano<br \/>\n<strong>Banca:<\/strong><br \/>\nProfa. Tatiana Aires Tavares (orientador(a))<br \/>\nProf. Guilherme Corr\u00eaa<br \/>\nProf. Leomar Rosa Junior<br \/>\nProf. Vinicius Costa<br \/>\n<strong>Data:<\/strong> 05 de dezembro de 2018<br \/>\n<strong>Hora:<\/strong> 8:00<br \/>\n<strong>Local:<\/strong> Lab 4<\/p>\n<hr>\n<h3>Mikael Poetsch<\/h3>\n<p><strong>Curso:<\/strong> Ci\u00eancia da Computa\u00e7\u00e3o<br \/>\n<strong>T\u00edtulo:<\/strong> An\u00e1lise do uso de Word Embedding para enriquecer Ontologia de Dom\u00ednio<br \/>\n<strong>Banca:<\/strong><br \/>\nProf. Larissa A. de Freitas (orientador(a))<br \/>\nProf. Tiago Primo<br \/>\nProf. Evandro Fonseca<br \/>\n<strong>Data:<\/strong> 23 de novembro de 2018<br \/>\n<strong>Hora:<\/strong> 9:00<br \/>\n<strong>Local:<\/strong> UFPel Campus Anglo<\/p>\n<hr>\n<h3>Paulo Henrik Ribeiro Gon\u00e7alves<\/h3>\n<p><strong>Curso:<\/strong> Ci\u00eancia da Computa\u00e7\u00e3o<br \/>\n<strong>T\u00edtulo:<\/strong> Esquema H\u00edbrido para Redu\u00e7\u00e3o do Esfor\u00e7o Computacional da Estima\u00e7\u00e3o de Movimento no Codificador de V\u00eddeo HEVC<br \/>\n<strong>Banca:<\/strong><br \/>\nProf. Guilherme Ribeiro Corr\u00eaa (orientador(a))<br \/>\nProf. Marcelo Schiavon Porto (coorientador(a))<br \/>\nProf. Daniel Munari Vilchez Palomino<br \/>\nProf. Vladimir Afonso<br \/>\n<strong>Data:<\/strong> 10 de dezembro de 2018<br \/>\n<strong>Hora:<\/strong> 15:30<br \/>\n<strong>Local:<\/strong> Sala 318<\/p>\n<hr>\n<h3>Rafael Dias Lagemann<\/h3>\n<p><strong>Curso:<\/strong> Ci\u00eancia da Computa\u00e7\u00e3o<br \/>\n<strong>T\u00edtulo:<\/strong> Prot\u00f3tipo de mouse virtual para uso com a Interface \u00d3culos Mouse (IOM)<br \/>\n<strong>Banca:<\/strong><br \/>\nProfa. Tatiana Aires Tavares (orientador(a))<br \/>\nProf. Vin\u00edcius Kruger da Costa (coorientador(a))<br \/>\nProf. Ricardo Matsumura Araujo<br \/>\nProf. Rafael Cunha Cardoso<br \/>\n<strong>Data:<\/strong> 28 de novembro de 2018<br \/>\n<strong>Hora:<\/strong> 15:10<br \/>\n<strong>Local:<\/strong> Sala 246<\/p>\n<hr>\n<h3>Rafael Haertel Peres<\/h3>\n<p><strong>Curso:<\/strong> Ci\u00eancia da Computa\u00e7\u00e3o<br \/>\n<strong>T\u00edtulo:<\/strong> Simula\u00e7\u00e3o do comportamento de tinta volum\u00e9trica utilizando part\u00edculas<br \/>\n<strong>Banca:<\/strong><br \/>\nProf. Rafael Piccin Torchelsen (orientador(a))<br \/>\nChristian Azambuja Pagot (coorientador(a))<br \/>\nProf. Marilton Sanchotene de Aguiar<br \/>\nProfa. Larissa Astrogildo de Freitas<br \/>\n<strong>Data:<\/strong> 06 de dezembro de 2018<br \/>\n<strong>Hora:<\/strong> 10:00<br \/>\n<strong>Local:<\/strong> Lab 3<\/p>\n<hr>\n<h3>Rafael de Sousa Nascimento<\/h3>\n<p><strong>Curso:<\/strong> Ci\u00eancia da Computa\u00e7\u00e3o<br \/>\n<strong>T\u00edtulo:<\/strong> Desenvolvimento de um Sistema Web de Consumo Colaborativo voltado ao Mercado de Redistribui\u00e7\u00e3o com Especifica\u00e7\u00e3o e Verifica\u00e7\u00e3o atrav\u00e9s da UML e Gram\u00e1tica de Grafos<br \/>\n<strong>Banca:<\/strong><br \/>\nProfa. Luciana Foss (orientador(a))<br \/>\nProfa. Lisane Brisolara de Brisolara (coorientador(a))<br \/>\nProfa. Simone Andr\u00e9 da Costa Cavalheiro (coorientador(a))<br \/>\nProf. Andre Rauber Du Bois<br \/>\nProfa. Tatiana Aires Tavares<br \/>\n<strong>Data:<\/strong> 06 de dezembro de 2018<br \/>\n<strong>Hora:<\/strong> 10:00<br \/>\n<strong>Local:<\/strong> Lab 1<\/p>\n<hr>\n<h3>Renata Zottis Junges<\/h3>\n<p><strong>Curso:<\/strong> Ci\u00eancia da Computa\u00e7\u00e3o<br \/>\n<strong>T\u00edtulo:<\/strong> Detec\u00e7\u00e3o e Reconhecimento de Sinais de Tr\u00e2nsito em V\u00eddeos Utilizando Processamento Digital de Imagens e Aprendizado de M\u00e1quina<br \/>\n<strong>Banca:<\/strong><br \/>\nProf. Marilton Sanchotene de Aguiar (orientador(a))<br \/>\nProf. Maur\u00edcio Braga de Paula (coorientador(a))<br \/>\nProfa. Diana Francisca Adamatti<br \/>\nProf. Guilherme Ribeiro Corr\u00eaa<br \/>\n<strong>Data:<\/strong> 27 de novembro de 2018<br \/>\n<strong>Hora:<\/strong> 10:00<br \/>\n<strong>Local:<\/strong> Audit\u00f3rio Acad\u00eamico<\/p>\n<hr>\n<h3>Thiago Luiz Alves Bubolz<\/h3>\n<p><strong>Curso:<\/strong> Ci\u00eancia da Computa\u00e7\u00e3o<br \/>\n<strong>T\u00edtulo:<\/strong>  Decis\u00f5es R\u00e1pidas de Estruturas de Particionamento na Transcodifica\u00e7\u00e3o de V\u00eddeo Homog\u00eanea no Padr\u00e3o HEVC<br \/>\n<strong>Banca:<\/strong><br \/>\nProf. Guilherme Ribeiro Corr\u00eaa (orientador(a))<br \/>\nProf. Mateus Grellert da Silva (coorientador(a))<br \/>\nProf. Ricardo Matsumura Ara\u00fajo<br \/>\nProf. Marcelo Porto<br \/>\n<strong>Data:<\/strong> 10 de dezembro de 2018<br \/>\n<strong>Hora:<\/strong> 13:30<br \/>\n<strong>Local:<\/strong> Sala 318<\/p>\n<hr>\n<h3>Victor Hugo Barros<\/h3>\n<p><strong>Curso:<\/strong> Engenharia de Computa\u00e7\u00e3o<br \/>\n<strong>T\u00edtulo:<\/strong> Otimiza\u00e7\u00e3o de Manobras Orbitais Usando Algoritmos Gen\u00e9ticos<br \/>\n<strong>Banca:<\/strong><br \/>\nProf. Marilton Sanchotene de Aguiar (orientador(a))<br \/>\nProf. Ant\u00f4nio Fernando Bertachini de Almeida Prado (coorientador(a))<br \/>\nProf. Paulo Roberto Ferreira J\u00fanior<br \/>\nProf. Bruno Zatt<br \/>\n<strong>Data:<\/strong> 26 de novembro de 2018<br \/>\n<strong>Hora:<\/strong> 13:30<br \/>\n<strong>Local:<\/strong> Lab2<\/p>\n<hr>\n<h3>Yan Ballinhas Soares<\/h3>\n<p><strong>Curso:<\/strong> Ci\u00eancia da Computa\u00e7\u00e3o<br \/>\n<strong>T\u00edtulo:<\/strong> Redu\u00e7\u00e3o da Complexidade de Transcodifica\u00e7\u00e3o H.264\/AVC para HEVC Utilizando Aprendizado de M\u00e1quina<br \/>\n<strong>Banca:<\/strong><br \/>\nProf. Guilherme Ribeiro Corr\u00eaa (orientador(a))<br \/>\nProf. Luciano Volcan Agostini<br \/>\nProf. Ruhan \u00c1vila da Concei\u00e7\u00e3o<br \/>\n<strong>Data:<\/strong> 04 de dezembro de 2018<br \/>\n<strong>Hora:<\/strong> 15:15<br \/>\n<strong>Local:<\/strong> Lab1<\/p>\n<hr>\n<h3>\u00c2ndrea V\u00f6lz Garcez<\/h3>\n<p><strong>Curso:<\/strong> Ci\u00eancia da Computa\u00e7\u00e3o<br \/>\n<strong>T\u00edtulo:<\/strong> Classifica\u00e7\u00e3o de imagens microsc\u00f3picas de motilidade esperm\u00e1tica utilizando aprendizado de m\u00e1quina<br \/>\n<strong>Banca:<\/strong><br \/>\nProf. Marilton Sanchotene de Aguiar (orientador(a))<br \/>\nProf. Tiago Veiras Collares (coorientador(a))<br \/>\nProf. Anderson Priebe Ferrugem<br \/>\nProf. Tiago Thompsen Primo<br \/>\n<strong>Data:<\/strong> 27 de novembro de 2018<br \/>\n<strong>Hora:<\/strong> 13:30<br \/>\n<strong>Local:<\/strong> Lab3<\/p>\n<hr>\n","protected":false},"excerpt":{"rendered":"<p>Adson Ileon Ripinski Duarte Curso: Ci\u00eancia da Computa\u00e7\u00e3o T\u00edtulo: Identifica\u00e7\u00e3o de Relatos de Viol\u00eancia em M\u00eddias Sociais: um Estudo de Caso Aplicado ao Facebook Banca: Prof. Ricardo Matsumura Araujo (orientador(a)) Profa. Larissa Astrogildo de Freitas Prof. Ulisses Brisolara Corr\u00eaa Data: 07 de dezembro de 2018 Hora: 13:30 Local: Sala a definir Andrei Ali Odes Bubolz [&hellip;]<\/p>\n","protected":false},"author":800,"featured_media":0,"parent":84,"menu_order":0,"comment_status":"closed","ping_status":"closed","template":"","meta":{"footnotes":""},"class_list":["post-913","page","type-page","status-publish","hentry"],"_links":{"self":[{"href":"https:\/\/wp.ufpel.edu.br\/notcc\/wp-json\/wp\/v2\/pages\/913","targetHints":{"allow":["GET"]}}],"collection":[{"href":"https:\/\/wp.ufpel.edu.br\/notcc\/wp-json\/wp\/v2\/pages"}],"about":[{"href":"https:\/\/wp.ufpel.edu.br\/notcc\/wp-json\/wp\/v2\/types\/page"}],"author":[{"embeddable":true,"href":"https:\/\/wp.ufpel.edu.br\/notcc\/wp-json\/wp\/v2\/users\/800"}],"replies":[{"embeddable":true,"href":"https:\/\/wp.ufpel.edu.br\/notcc\/wp-json\/wp\/v2\/comments?post=913"}],"version-history":[{"count":3,"href":"https:\/\/wp.ufpel.edu.br\/notcc\/wp-json\/wp\/v2\/pages\/913\/revisions"}],"predecessor-version":[{"id":967,"href":"https:\/\/wp.ufpel.edu.br\/notcc\/wp-json\/wp\/v2\/pages\/913\/revisions\/967"}],"up":[{"embeddable":true,"href":"https:\/\/wp.ufpel.edu.br\/notcc\/wp-json\/wp\/v2\/pages\/84"}],"wp:attachment":[{"href":"https:\/\/wp.ufpel.edu.br\/notcc\/wp-json\/wp\/v2\/media?parent=913"}],"curies":[{"name":"wp","href":"https:\/\/api.w.org\/{rel}","templated":true}]}}