{"id":64,"date":"2016-12-02T11:40:55","date_gmt":"2016-12-02T13:40:55","guid":{"rendered":"https:\/\/wp.ufpel.edu.br\/notcc\/?page_id=64"},"modified":"2016-12-02T11:40:55","modified_gmt":"2016-12-02T13:40:55","slug":"2014_1","status":"publish","type":"page","link":"https:\/\/wp.ufpel.edu.br\/notcc\/propostas\/avaliacoes\/2014_1\/","title":{"rendered":"Propostas 2014\/1"},"content":{"rendered":"<p>&nbsp;<\/p>\n<table style=\"width: 100%\" border=\"1\" cellspacing=\"2\" cellpadding=\"2\">\n<thead>\n<tr>\n<th style=\"width: 10%;text-align: center\">#<\/th>\n<th style=\"width: 70%\">Proposta<\/th>\n<th style=\"width: 20%\">Avaliadores<\/th>\n<\/tr>\n<\/thead>\n<tbody>\n<tr id=\"row11\" class=\"evenblue\">\n<td class=\"right\" style=\"text-align: center\">1<\/td>\n<td>Muriel Franco and Anderson Ferrugem. Arquitetura<br \/>\nComputacional para controle bio-clim\u00e1tico: Uma abordagem baseada em<br \/>\nsistemas inteligentes<\/td>\n<td>Bruno Zatt<br \/>\nGerson Cavalheiro<br \/>\nLeomar Rosa Jr<\/td>\n<\/tr>\n<tr id=\"row20\" class=\"oddblue\">\n<td class=\"right\" style=\"text-align: center\">2<\/td>\n<td>Alan Lucas Romagnoli Becerra, Marilton Sanchotene de Aguiar<br \/>\nand Frederico Schmitt Kremer. Estudo de Caso: Desenvolvimento de uma<br \/>\nnova ferramenta para melhorar processos de pesquisas na \u00e1rea da<br \/>\nbiotecnologia.<\/td>\n<td>Adenauer Yamin<br \/>\nAline Loreto<br \/>\nAnderson Ferrugem<\/td>\n<\/tr>\n<tr id=\"row38\" class=\"oddblue\">\n<td class=\"right\" style=\"text-align: center\">4<\/td>\n<td>Jos\u00e9 Cl\u00e1udio de Souza J\u00fanior, Marcelo Schiavon Porto and<br \/>\nLuciano Volcan Agostini. Desenvolvimento de Arquiteturas de Hardware<br \/>\nEficientes para o M\u00f3dulo das Transformadas Discretas dos Cossenos do<br \/>\nPadr\u00e3o HEVC<\/td>\n<td>Gustavo Sanchez<br \/>\nRafael Soares<br \/>\nLeomar Rosa Jr<\/td>\n<\/tr>\n<tr id=\"row47\" class=\"evenblue\">\n<td class=\"right\" style=\"text-align: center\">5<\/td>\n<td>Felipe Corr\u00eaa and Anderson Ferrugem. Rastreamento de pessoas<br \/>\ncom m\u00faltiplas c\u00e2meras utilizando Viola-Jones e Algoritmo H\u00fangaro<\/td>\n<td>Ricardo Araujo<br \/>\nMarcelo Porto<br \/>\nMarcel Correa<\/td>\n<\/tr>\n<tr id=\"row56\" class=\"oddblue\">\n<td class=\"right\" style=\"text-align: center\">6<\/td>\n<td>Lucas Bonine, Anderson Ferrugem and Marcelo Dias. O<br \/>\nprocesso da descoberta de conhecimento \u00e0 partir de minera\u00e7\u00e3o de dados<br \/>\naplicada ao contexto da Agroind\u00fastria Familiar da regi\u00e3o do Corede-Sul<\/td>\n<td>Lisane Brisolara<br \/>\nAna Pernas<br \/>\nPaulo Ferreira Jr.<\/td>\n<\/tr>\n<tr id=\"row65\" class=\"evenblue\">\n<td class=\"right\" style=\"text-align: center\">7<\/td>\n<td>Felipe Borges and Anderson Ferrugem. Graph: Um sistema de<br \/>\nbusca de metadados para um Desktop Sem\u00e2ntico<\/td>\n<td>Mauricio Pilla<br \/>\nLuciana Foss<br \/>\nRenata Reiser<\/td>\n<\/tr>\n<tr id=\"row74\" class=\"oddblue\">\n<td class=\"right\" style=\"text-align: center\">8<\/td>\n<td>Fernando Angelin and Gerson Geraldo H. Cavalheiro. Avalia\u00e7\u00e3o<br \/>\nda Execu\u00e7\u00e3o de Aplica\u00e7\u00f5es do Tipo Bag of Tasks Sobre M\u00e1quinas Virtuais<br \/>\nem um Cluster<\/td>\n<td>Mauricio Pilla<br \/>\nAdenauer Yamin<br \/>\nAndre Du Bois<\/td>\n<\/tr>\n<tr id=\"row83\" class=\"evenblue\">\n<td class=\"right\" style=\"text-align: center\">9<\/td>\n<td>Leonardo De Lima Corr\u00eaa, Marilton Sanchotene Aguiar and<br \/>\nSamuel Beskow. Implementa\u00e7\u00e3o e An\u00e1lise de T\u00e9cnicas de Intelig\u00eancia<br \/>\nArtificial Aplicados \u00e0 Clusteriza\u00e7\u00e3o em Recursos H\u00eddricos<\/td>\n<td>Ricardo Araujo<br \/>\nPaulo Ferreira Jr.<br \/>\nAnderson Ferrugem<\/td>\n<\/tr>\n<tr id=\"row92\" class=\"oddblue\">\n<td class=\"right\" style=\"text-align: center\">10<\/td>\n<td>Roger Ferreira Da Cruz and Marilton Sanchotene de Aguiar.<br \/>\nAn\u00e1lise<br \/>\ndo uso dos pad\u00f5es de acessibilidade em p\u00e1ginas HTML e o impacto<br \/>\nproporcionado por um padr\u00e3o modificado na comunidade deficiente visual.<\/td>\n<td>Lisane Brisolara<br \/>\nSimone Costa<br \/>\nMilena Sena Marques<\/td>\n<\/tr>\n<tr id=\"row101\" class=\"evenblue\">\n<td class=\"right\" style=\"text-align: center\">11<\/td>\n<td>Aline R. Tonini, Lisane Brisolara and Milena Marques.<br \/>\nAvalia\u00e7\u00e3o da Sustentabilidade de Produtos de Software<\/td>\n<td>Ana Pernas<br \/>\nGustavo Sanchez<br \/>\nJulio Mattos<\/td>\n<\/tr>\n<tr id=\"row110\" class=\"oddblue\">\n<td class=\"right\" style=\"text-align: center\">12<\/td>\n<td>Vitor Lima and Simone Cavalheiro. Inclus\u00e3o do Pensamento<br \/>\nComputacional no Ensino Fundamental baseada no Ensino de Algoritmos e<br \/>\nPrograma\u00e7\u00e3o<\/td>\n<td>Luciana Foss<br \/>\nLeomar Rosa Jr<br \/>\nJulio Mattos<\/td>\n<\/tr>\n<tr id=\"row119\" class=\"evenblue\">\n<td class=\"right\" style=\"text-align: center\">13<\/td>\n<td>Ruhan Concei\u00e7\u00e3o, Luciano Agostini, Bruno Zatt and Marcelo<br \/>\nPorto. Avalia\u00e7\u00e3o algor\u00edtmica e desenvolvimento de arquiteturas de<br \/>\nhardware dedicadas para o filtro ALF do padr\u00e3o HEVC<\/td>\n<td>Vinicius Possani<br \/>\nJulio Sara\u00e7ol Junior<br \/>\nMarcel Correa<\/td>\n<\/tr>\n<tr id=\"row128\" class=\"oddblue\">\n<td class=\"right\" style=\"text-align: center\">14<\/td>\n<td>Valesca Nunes, Milena Marques and Lisane Brisolara. Modelagem<br \/>\nde sistemas Web baseada em extens\u00f5es da UML<\/td>\n<td>Simone Costa<br \/>\nFelipe Marques<br \/>\nLuciana Foss<\/td>\n<\/tr>\n<tr id=\"row137\" class=\"evenblue\">\n<td class=\"right\" style=\"text-align: center\">15<\/td>\n<td>Douglas Vanny Bento and Aline Loreto. Problemas na Simula\u00e7\u00e3o<br \/>\nF\u00edsica 3D de Tecidos em Tempo Real<\/td>\n<td>Bruno Zatt<br \/>\nMarcelo Porto<br \/>\nGerson Cavalheiro<\/td>\n<\/tr>\n<tr id=\"row146\" class=\"oddblue\">\n<td class=\"right\" style=\"text-align: center\">16<\/td>\n<td>Rafael Haertel Peres, Marilton Aguiar and Rafael Torchelsen.<br \/>\nSimula\u00e7\u00e3o do comportamento de tinta volum\u00e9trica utilizando part\u00edculas<\/td>\n<td>Renata Reiser<br \/>\nAline Loreto<br \/>\nAndre Du Bois<\/td>\n<\/tr>\n<tr id=\"row155\" class=\"evenblue\">\n<td class=\"right\" style=\"text-align: center\">17<\/td>\n<td>Italo Menna Silveira and Andr\u00e9 Rauber Du Bois.<br \/>\nDesenvolvimento de benchmark concorrente para a linguagem CMTJava<\/td>\n<td>Julio Sara\u00e7ol Junior<br \/>\nGerson Cavalheiro<br \/>\nJulio Mattos<\/td>\n<\/tr>\n<tr id=\"row164\" class=\"oddblue\">\n<td class=\"right\" style=\"text-align: center\">19<\/td>\n<td>Lisandro Silva, Julio C. B. Mattos, Lisane Brisolara and<br \/>\nLizandro Oliveira. Estudo do Acesso \u00e0 Mem\u00f3ria em Processadores Embarcado<\/td>\n<td>Felipe Marques<br \/>\nJulio Sara\u00e7ol Junior<br \/>\nAndr\u00e9 Du Bois<\/td>\n<\/tr>\n<tr id=\"row173\" class=\"evenblue\">\n<td class=\"right\" style=\"text-align: center\">20<\/td>\n<td>Gustavo Magalh\u00e3es, Marilton Aguiar and Paulo Ferreira.<br \/>\nSimulador de Multid\u00f5es Multi-Plataforma<\/td>\n<td>Adenauer Yamin<br \/>\nLeomar Rosa Jr<br \/>\nMilena Sena Marques<\/td>\n<\/tr>\n<tr id=\"row182\" class=\"oddblue\">\n<td class=\"right\" style=\"text-align: center\">21<\/td>\n<td>Eduardo Xavier, Luciana Foss and Simone Cavalheiro. An\u00e1lise<br \/>\nde ferramentas para o ensino do pensamento computacional no ensino<br \/>\nfundamental.<\/td>\n<td>Julio Sara\u00e7ol Junior<br \/>\nRenara Reiser<br \/>\nAna Pernas<\/td>\n<\/tr>\n<tr id=\"row191\" class=\"evenblue\">\n<td class=\"right\" style=\"text-align: center\">22<\/td>\n<td>Marcelo Fay and Rafael Soares. Investiga\u00e7\u00e3o<br \/>\ne Avalia\u00e7\u00e3o de Algoritmos de Detec\u00e7\u00e3o de Padr\u00f5es para Identificar e<br \/>\nExtrair Assinaturas de Consumo de Pot\u00eancia de Circuitos Criptogr\u00e1ficos<\/td>\n<td>Lisane Brisolara<br \/>\nAline Loreto<br \/>\nMarcel Correa<\/td>\n<\/tr>\n<tr id=\"row209\" class=\"evenblue\">\n<td class=\"right\" style=\"text-align: center\">24<\/td>\n<td>J\u00falia Kr\u00fcger Vieira, Renata Hax Sander Reiser and Mauricio<br \/>\nLima Pilla. An\u00e1lise e codifica\u00e7\u00e3o da correla\u00e7\u00e3o entre l\u00f3gica fuzzy e<br \/>\ncomputa\u00e7\u00e3o qu\u00e2ntica.<\/td>\n<td>Simone Costa<br \/>\nVinicius Possani<br \/>\nAdenauer Yamin<\/td>\n<\/tr>\n<tr id=\"row218\" class=\"oddblue\">\n<td class=\"right\" style=\"text-align: center\">25<\/td>\n<td>Matheus Pinto, Julio Carlos Balzzano de Mattos and Lisane<br \/>\nBrisolara. Estudo e Desenvolvimento de uma Metodologia para Medi\u00e7\u00e3o de<br \/>\nConsumo Energ\u00e9tico em Processadores Embarcados<\/td>\n<td>Felipe Marques<br \/>\nRafael Soares<br \/>\nMilena Sena Marques<\/td>\n<\/tr>\n<tr id=\"row227\" class=\"evenblue\">\n<td class=\"right\" style=\"text-align: center\">26<\/td>\n<td>Gustavo Wrege, Bruno Zatt and Marcelo Porto. Explora\u00e7\u00e3o do<br \/>\nespa\u00e7o de projeto arquitetural para o m\u00f3dulo da Quantiza\u00e7\u00e3o do padr\u00e3o<br \/>\nde codifica\u00e7\u00e3o de v\u00eddeo HEVC<\/td>\n<td>Gustavo Sanchez<br \/>\nVinicius Possani<br \/>\nFelipe Marques<\/td>\n<\/tr>\n<tr id=\"row236\" class=\"oddblue\">\n<td class=\"right\" style=\"text-align: center\">27<\/td>\n<td>Jhonathan de Carvalho Juncal, Luciana Foss and Simone Andr\u00e9<br \/>\nDa Costa Cavalheiro. Prova de Teoremas para Sistemas de Transforma\u00e7\u00e3o<br \/>\nde Grafos Transacionais.<\/td>\n<td>Renata Reiser<br \/>\nAndre Du Bois<br \/>\nAline Loreto<\/td>\n<\/tr>\n<tr id=\"row245\" class=\"evenblue\">\n<td class=\"right\" style=\"text-align: center\">28<\/td>\n<td>Edmundo Silveira and Anderson Ferrugem. Roteriza\u00e7\u00e3o de<br \/>\nVe\u00edculos utilizando Algoritmos Imunol\u00f3gicos<\/td>\n<td>Ricardo Araujo<br \/>\nGerson Cavalheiro<br \/>\nPaulo Ferreira Jr.<\/td>\n<\/tr>\n<tr id=\"row254\" class=\"oddblue\">\n<td class=\"right\" style=\"text-align: center\">29<\/td>\n<td>Charles Porto and Anderson Priebe Ferrugem. Minera\u00e7\u00e3o de<br \/>\nDados utilizando Algoritmos Bio-inspirados<\/td>\n<td>Mauricio Pilla<br \/>\nRicardo Araujo<br \/>\nPaulo Ferreira Jr.<\/td>\n<\/tr>\n<\/tbody>\n<\/table>\n<p>&nbsp;<\/p>\n","protected":false},"excerpt":{"rendered":"<p>&nbsp; # Proposta Avaliadores 1 Muriel Franco and Anderson Ferrugem. Arquitetura Computacional para controle bio-clim\u00e1tico: Uma abordagem baseada em sistemas inteligentes Bruno Zatt Gerson Cavalheiro Leomar Rosa Jr 2 Alan Lucas Romagnoli Becerra, Marilton Sanchotene de Aguiar and Frederico Schmitt Kremer. Estudo de Caso: Desenvolvimento de uma nova ferramenta para melhorar processos de pesquisas na [&hellip;]<\/p>\n","protected":false},"author":657,"featured_media":0,"parent":31,"menu_order":0,"comment_status":"closed","ping_status":"closed","template":"","meta":{"footnotes":""},"class_list":["post-64","page","type-page","status-publish","hentry"],"_links":{"self":[{"href":"https:\/\/wp.ufpel.edu.br\/notcc\/wp-json\/wp\/v2\/pages\/64","targetHints":{"allow":["GET"]}}],"collection":[{"href":"https:\/\/wp.ufpel.edu.br\/notcc\/wp-json\/wp\/v2\/pages"}],"about":[{"href":"https:\/\/wp.ufpel.edu.br\/notcc\/wp-json\/wp\/v2\/types\/page"}],"author":[{"embeddable":true,"href":"https:\/\/wp.ufpel.edu.br\/notcc\/wp-json\/wp\/v2\/users\/657"}],"replies":[{"embeddable":true,"href":"https:\/\/wp.ufpel.edu.br\/notcc\/wp-json\/wp\/v2\/comments?post=64"}],"version-history":[{"count":1,"href":"https:\/\/wp.ufpel.edu.br\/notcc\/wp-json\/wp\/v2\/pages\/64\/revisions"}],"predecessor-version":[{"id":65,"href":"https:\/\/wp.ufpel.edu.br\/notcc\/wp-json\/wp\/v2\/pages\/64\/revisions\/65"}],"up":[{"embeddable":true,"href":"https:\/\/wp.ufpel.edu.br\/notcc\/wp-json\/wp\/v2\/pages\/31"}],"wp:attachment":[{"href":"https:\/\/wp.ufpel.edu.br\/notcc\/wp-json\/wp\/v2\/media?parent=64"}],"curies":[{"name":"wp","href":"https:\/\/api.w.org\/{rel}","templated":true}]}}