{"id":424,"date":"2017-07-18T18:56:28","date_gmt":"2017-07-18T21:56:28","guid":{"rendered":"https:\/\/wp.ufpel.edu.br\/notcc\/?page_id=424"},"modified":"2017-08-17T19:47:25","modified_gmt":"2017-08-17T22:47:25","slug":"2017_1","status":"publish","type":"page","link":"https:\/\/wp.ufpel.edu.br\/notcc\/bancas\/historico\/2017_1\/","title":{"rendered":"Bancas 2017\/1"},"content":{"rendered":"<h3>Andr\u00e9 Daniel Hemb Alba<\/h3>\n<p><strong>Curso:<\/strong> Ci\u00eancia da Computa\u00e7\u00e3o<br \/>\n<strong>T\u00edtulo:<\/strong> Recomenda\u00e7\u00e3o e Agrupamento de Pesquisadores em Grupos de Pesquisa<br \/>\n<strong>Banca:<\/strong><br \/>\nProf. Ricardo Matsumura Ara\u00fajo (orientador)<br \/>\nProfa. Daniela Francisco Brauner<br \/>\nProfa. Tatiana Aires Tavares<br \/>\n<strong>Data:<\/strong> 09\/Ago\/2017<br \/>\n<strong>Hora:<\/strong> 17:00h<br \/>\n<strong>Local:<\/strong> Lab 4<\/p>\n<hr>\n<h3>Daiane Focking Andrade<\/h3>\n<p><strong>Curso:<\/strong> Ci\u00eancia da Computa\u00e7\u00e3o<br \/>\n<strong>T\u00edtulo:<\/strong> An\u00e1lise de Campanhas em M\u00eddias Sociais Utilizando Aprendizado de M\u00e1quina<br \/>\n<strong>Banca:<\/strong><br \/>\nProf. Marilton Sanchotene de Aguiar (orientador)<br \/>\nMarcelo Bacchieri<br \/>\nProf. Paulo Roberto Ferreira J\u00fanior<br \/>\n<strong>Data:<\/strong> 11\/Ago\/2017<br \/>\n<strong>Hora:<\/strong> 14:00h<br \/>\n<strong>Local:<\/strong> Sala 319B, Anglo<\/p>\n<hr>\n<h3>Giovani de Quadros Rodrigues<\/h3>\n<p><strong>Curso:<\/strong> Ci\u00eancia da Computa\u00e7\u00e3o<br \/>\n<strong>T\u00edtulo:<\/strong> Sistema de Planejamento de Rotas para Futebol de Rob\u00f4s da liga Very Small Size usando Deep Learning<br \/>\n<strong>Banca:<\/strong><br \/>\nProf. Paulo Roberto Ferreira Jr. (orientador)<br \/>\nProf. Anderson Priebe Ferrugem<br \/>\nProf. Ricardo Matsumura Ara\u00fajo<br \/>\n<strong>Data:<\/strong> 03\/Ago\/2017<br \/>\n<strong>Hora:<\/strong> 13:30h<br \/>\n<strong>Local:<\/strong> Sala 210B, Anglo<\/p>\n<hr>\n<h3>Henrique Lemos dos Santos<\/h3>\n<p><strong>Curso:<\/strong> Engenharia de Computa\u00e7\u00e3o<br \/>\n<strong>T\u00edtulo:<\/strong> Utiliza\u00e7\u00e3o de m\u00e9tricas de an\u00e1lise de redes sociais em f\u00f3runs para a identifica\u00e7\u00e3o de alunos em risco em cursos a dist\u00e2ncia<br \/>\n<strong>Banca:<\/strong><br \/>\nProf. Cristian Cechinel (orientador)<br \/>\nProf. Ricardo Matsumura de Araujo (co-orientador)<br \/>\nProf. Paulo Roberto Ferreira Jr.<br \/>\nProf. Sandro da Silva Camargo<br \/>\n<strong>Data:<\/strong> 28\/Jul\/2017<br \/>\n<strong>Hora:<\/strong> 09:30h<br \/>\n<strong>Local:<\/strong> Sala 318, Anglo<\/p>\n<hr>\n<h3>Henrique Pereira Borges<\/h3>\n<p><strong>Curso:<\/strong> Ci\u00eancia da Computa\u00e7\u00e3o<br \/>\n<strong>T\u00edtulo:<\/strong> Classifica\u00e7\u00e3o de Minerais usando Imagens Digitais de L\u00e2minas Delgadas de Rocha e Aprendizado de M\u00e1quina<br \/>\n<strong>Banca:<\/strong><br \/>\nProf. Marilton Sanchotene de Aguiar (orientador)<br \/>\nProf. Anderson Priebe Ferrugem<br \/>\nProf. Viter Magalh\u00e3es Pinto<br \/>\n<strong>Data:<\/strong> 03\/Ago\/2017<br \/>\n<strong>Hora:<\/strong> 10:00h<br \/>\n<strong>Local:<\/strong> Sala 311, Anglo<\/p>\n<hr>\n<h3>Inessa Diniz Luerce<\/h3>\n<p><strong>Curso:<\/strong> Ci\u00eancia da Computa\u00e7\u00e3o<br \/>\n<strong>T\u00edtulo:<\/strong> Descoberta do perfil dos estudantes evadidos dos cursos de Computa\u00e7\u00e3o da UFPel utilizando aprendizado n\u00e3o supervisionado<br \/>\n<strong>Banca:<\/strong><br \/>\nProf. Marilton Sanchotene de Aguiar (orientador)<br \/>\nProf. J\u00falio Carlos Balzano de Mattos<br \/>\nMSc. Paulo de Almeida Afonso<br \/>\nProf. Paulo Roberto Ferreira Jr.<br \/>\n<strong>Data:<\/strong> 11\/Ago\/2017<br \/>\n<strong>Hora:<\/strong> 08:00h<br \/>\n<strong>Local:<\/strong> Audit\u00f3rio Acad\u00eamico<\/p>\n<hr>\n<h3>Julio Machado da Silveira Neto<\/h3>\n<p><strong>Curso:<\/strong> Ci\u00eancia da Computa\u00e7\u00e3o<br \/>\n<strong>T\u00edtulo:<\/strong> ExMOD-GM: Extension for Measurement Operations on the D-GM Enviromment<br \/>\n<strong>Banca:<\/strong><br \/>\nProfa. Renata Hax Sander Reiser (orientador)<br \/>\nProf. Maur\u00edcio Lima Pilla (co-orientador)<br \/>\nMSc. Anderson Braga de Avila (co-orientador)<br \/>\nProf. Adenauer Corr\u00eaa Yamin<br \/>\nMSc. Vitor Alano de Ataides<br \/>\n<strong>Data:<\/strong> 09\/Ago\/2017<br \/>\n<strong>Hora:<\/strong> 13:30h<br \/>\n<strong>Local:<\/strong> Audit\u00f3rio Acad\u00eamico<\/p>\n<hr>\n<h3>Leandro Bresciani das Neves<\/h3>\n<p><strong>Curso:<\/strong> Engenharia de Computa\u00e7\u00e3o<br \/>\n<strong>T\u00edtulo:<\/strong> Observat\u00f3rio Cuidativo Virtual: Uma ferramenta no aux\u00edlio ao desenvolvimento do bem-estar e da resili\u00eancia entre cuidadores familiares<br \/>\n<strong>Banca:<\/strong><br \/>\nProfa. Fl\u00e1via Braga de Azambuja (orientador)<br \/>\nProfa. Tatiana Aires Tavares (co-orientador)<br \/>\nProfa. Stefanie Griebeler Oliveira<br \/>\nProf. Vinicius Kruger da Costa<br \/>\n<strong>Data:<\/strong> 11\/Ago\/2017<br \/>\n<strong>Hora:<\/strong> 08:00h<br \/>\n<strong>Local:<\/strong> Sala 202<\/p>\n<hr>\n<h3>Leonardo da Rosa Silveira Jo\u00e3o<\/h3>\n<p><strong>Curso:<\/strong> Engenharia de Computa\u00e7\u00e3o<br \/>\n<strong>T\u00edtulo:<\/strong> SB-FOG: Uma Proposta para o Servidor de Borda do Middleware EXEHDA Direcionada ao Fog Computing<br \/>\n<strong>Banca:<\/strong><br \/>\nProfa. Ana Marilza Pernas Fleischmann (orientador)<br \/>\nProf. Adenauer Corr\u00eaa Yamin (co-orientador)<br \/>\nProf. Rafael Iankowski Soares<br \/>\nProf. Jo\u00e3o Ladislau Barbar\u00e1 Lopes<br \/>\n<strong>Data:<\/strong> 11\/Ago\/2017<br \/>\n<strong>Hora:<\/strong> 14:30h<br \/>\n<strong>Local:<\/strong> Audit\u00f3rio da reitoria<\/p>\n<hr>\n<h3>Luan Pizzamiglio Audibert<\/h3>\n<p><strong>Curso:<\/strong> Ci\u00eancia da Computa\u00e7\u00e3o<br \/>\n<strong>T\u00edtulo:<\/strong> Arquitetura multi-modo para a predi\u00e7\u00e3o Intraquadro de mapas de profundidade segundo a extens\u00e3o 3D-HEVC<br \/>\n<strong>Banca:<\/strong><br \/>\nProf. Marcelo Schiavon Porto (orientador)<br \/>\nProf. Vladimir Afonso (co-orientador)<br \/>\nMSc. Ruhan Avila da Concei\u00e7\u00e3o<br \/>\nProf. Daniel Munari Palomino<br \/>\n<strong>Data:<\/strong> 09\/Ago\/2017<br \/>\n<strong>Hora:<\/strong> 10:00h<br \/>\n<strong>Local:<\/strong> Sala 316<\/p>\n<hr>\n<h3>Matheus Jos\u00e9 Krumenauer Weber<\/h3>\n<p><strong>Curso:<\/strong> Ci\u00eancia da Computa\u00e7\u00e3o<br \/>\n<strong>T\u00edtulo:<\/strong> Uma abordagem baseada em heur\u00edsticas para a redu\u00e7\u00e3o do custo total em esta\u00e7\u00f5es de bombeamento em lavouras de arroz<br \/>\n<strong>Banca:<\/strong><br \/>\nProf. Marilton Sanchotene de Aguiar (orientador)<br \/>\nProfa. Luciana Marini K\u00f6pp (co-orientador)<br \/>\nProf. Anderson Priebe Ferrugem<br \/>\nProf. Lessandro Coll Faria<br \/>\n<strong>Data:<\/strong> 10\/Ago\/2017<br \/>\n<strong>Hora:<\/strong> 10:00h<br \/>\n<strong>Local:<\/strong> Audit\u00f3rio Acad\u00eamico<\/p>\n<hr>\n<h3>Maur\u00edcio Estivalet Peske<\/h3>\n<p><strong>Curso:<\/strong> Ci\u00eancia da Computa\u00e7\u00e3o<br \/>\n<strong>T\u00edtulo:<\/strong> Usando Redes Neurais Artificiais para identificar o tipo de vestimenta utilizada por uma pessoa e estimar sua resist\u00eancia t\u00e9rmica<br \/>\n<strong>Banca:<\/strong><br \/>\nProf. Anderson Priebe Ferrugem (orientador)<br \/>\nProf. Marilton Sanchotene de Aguiar<br \/>\nProf. Paulo Roberto Ferreira Jr.<br \/>\nProf. Guilherme Ribeiro Corr\u00eaa<br \/>\n<strong>Data:<\/strong> 14\/Ago\/2017<br \/>\n<strong>Hora:<\/strong> 10:00h<br \/>\n<strong>Local:<\/strong> Sala 220, Anglo<\/p>\n<hr>\n<h3>Pedro Henrique Giovanella Marchi<\/h3>\n<p><strong>Curso:<\/strong> Engenharia de Computa\u00e7\u00e3o<br \/>\n<strong>T\u00edtulo:<\/strong> Compara\u00e7\u00e3o de Diferentes Abordagens de Processamento e Transmiss\u00e3o de Dados em uma Rede de Sensores Sem Fio<br \/>\n<strong>Banca:<\/strong><br \/>\nProf. J\u00falio Carlos Balzano de Mattos (orientador)<br \/>\nProf. Paulo Roberto Ferreira Jr.<br \/>\nProf. Rafael Iankowski Soares<br \/>\n<strong>Data:<\/strong> 18\/Ago\/2017<br \/>\n<strong>Hora:<\/strong> 14:00h<br \/>\n<strong>Local:<\/strong> Sala dos Professores<\/p>\n<hr>\n<h3>Simone Drawanz Rutz<\/h3>\n<p><strong>Curso:<\/strong> Ci\u00eancia da Computa\u00e7\u00e3o<br \/>\n<strong>T\u00edtulo:<\/strong> Um Jogo S\u00e9rio utilizando Interface Natural como Tecnologia Assistiva para Portadores de Mal de Parkinson<br \/>\n<strong>Banca:<\/strong><br \/>\nProf. Marilton Sanchotene de Aguiar (orientador)<br \/>\nProfa. Tatiana Aires Tavares (co-orientador)<br \/>\nProfa. Camilla Oleiro da Costa<br \/>\nProf. Vinicius Kruger da Costa<br \/>\n<strong>Data:<\/strong> 08\/Ago\/2017<br \/>\n<strong>Hora:<\/strong> 08:00h<br \/>\n<strong>Local:<\/strong> Audit\u00f3rio Acad\u00eamico<\/p>\n<hr>\n<h3>Vinicius Signori Furlan<\/h3>\n<p><strong>Curso:<\/strong> Ci\u00eancia da Computa\u00e7\u00e3o<br \/>\n<strong>T\u00edtulo:<\/strong> Controle de estabilidade de UAV utilizando o algoritmo Semi-Direct Visual Odometr<br \/>\n<strong>Banca:<\/strong><br \/>\nProf. Paulo Roberto Ferreira Jr. (orientador)<br \/>\nProf. Ulisses Brisolara Corr\u00eaa (co-orientador)<br \/>\nProf. Jo\u00e3o Luis Marins<br \/>\nProf. Felipe de Souza Marques<br \/>\n<strong>Data:<\/strong> 19\/Jul\/2017<br \/>\n<strong>Hora:<\/strong> 10:00h<br \/>\n<strong>Local:<\/strong> Lab 3<\/p>\n<hr>\n<h3>Wine dos Santos Silva<\/h3>\n<p><strong>Curso:<\/strong> Ci\u00eancia da Computa\u00e7\u00e3o<br \/>\n<strong>T\u00edtulo:<\/strong> LogiCs: ensino de L\u00f3gica para crian\u00e7as<br \/>\n<strong>Banca:<\/strong><br \/>\nProfa. Simone Andr\u00e9 da Costa Cavalheiro (orientador)<br \/>\nProfa. Ana Marilza Pernas Fleischmann<br \/>\nProfa. Renata Hax Sander Reiser<br \/>\n<strong>Data:<\/strong> 09\/Ago\/2017<br \/>\n<strong>Hora:<\/strong> 17:15h<br \/>\n<strong>Local:<\/strong> Audit\u00f3rio Acad\u00eamico<\/p>\n<hr>\n","protected":false},"excerpt":{"rendered":"<p>Andr\u00e9 Daniel Hemb Alba Curso: Ci\u00eancia da Computa\u00e7\u00e3o T\u00edtulo: Recomenda\u00e7\u00e3o e Agrupamento de Pesquisadores em Grupos de Pesquisa Banca: Prof. Ricardo Matsumura Ara\u00fajo (orientador) Profa. Daniela Francisco Brauner Profa. Tatiana Aires Tavares Data: 09\/Ago\/2017 Hora: 17:00h Local: Lab 4 Daiane Focking Andrade Curso: Ci\u00eancia da Computa\u00e7\u00e3o T\u00edtulo: An\u00e1lise de Campanhas em M\u00eddias Sociais Utilizando Aprendizado [&hellip;]<\/p>\n","protected":false},"author":657,"featured_media":0,"parent":84,"menu_order":0,"comment_status":"closed","ping_status":"closed","template":"","meta":{"footnotes":""},"class_list":["post-424","page","type-page","status-publish","hentry"],"_links":{"self":[{"href":"https:\/\/wp.ufpel.edu.br\/notcc\/wp-json\/wp\/v2\/pages\/424","targetHints":{"allow":["GET"]}}],"collection":[{"href":"https:\/\/wp.ufpel.edu.br\/notcc\/wp-json\/wp\/v2\/pages"}],"about":[{"href":"https:\/\/wp.ufpel.edu.br\/notcc\/wp-json\/wp\/v2\/types\/page"}],"author":[{"embeddable":true,"href":"https:\/\/wp.ufpel.edu.br\/notcc\/wp-json\/wp\/v2\/users\/657"}],"replies":[{"embeddable":true,"href":"https:\/\/wp.ufpel.edu.br\/notcc\/wp-json\/wp\/v2\/comments?post=424"}],"version-history":[{"count":11,"href":"https:\/\/wp.ufpel.edu.br\/notcc\/wp-json\/wp\/v2\/pages\/424\/revisions"}],"predecessor-version":[{"id":482,"href":"https:\/\/wp.ufpel.edu.br\/notcc\/wp-json\/wp\/v2\/pages\/424\/revisions\/482"}],"up":[{"embeddable":true,"href":"https:\/\/wp.ufpel.edu.br\/notcc\/wp-json\/wp\/v2\/pages\/84"}],"wp:attachment":[{"href":"https:\/\/wp.ufpel.edu.br\/notcc\/wp-json\/wp\/v2\/media?parent=424"}],"curies":[{"name":"wp","href":"https:\/\/api.w.org\/{rel}","templated":true}]}}