{"id":1568,"date":"2026-03-18T15:25:47","date_gmt":"2026-03-18T18:25:47","guid":{"rendered":"https:\/\/wp.ufpel.edu.br\/notcc\/?page_id=1568"},"modified":"2026-03-18T15:25:47","modified_gmt":"2026-03-18T18:25:47","slug":"bancas-2024-2","status":"publish","type":"page","link":"https:\/\/wp.ufpel.edu.br\/notcc\/bancas-2024-2\/","title":{"rendered":"Bancas 2024-2"},"content":{"rendered":"<div class=\"defesa\">\n  <strong>An\u00e1lise Comparativa entre Redes Neurais Convolucionais e Abordagem Baseada em Perguntas na Determina\u00e7\u00e3o de Orienta\u00e7\u00e3o de Sentimento<\/strong><br \/>\n  por Arthur Vargas Teles<br \/>\n  Curso: Engenharia de Computa\u00e7\u00e3o<\/p>\n<p>  <strong>Banca:<\/strong><br \/>\n  Prof. Dr. Ulisses Brisolara Corr\u00eaa (orientador(a))<br \/>\n  Msc. Alexandre Bender Thurow (coorientador(a))<br \/>\n  Msc. Gabriel Almeida Gomes<br \/>\n  Prof. Dr. Tiago Thompsen Primo<\/p>\n<p>  <strong>Data:<\/strong> 21\/03\/2025<br \/>\n  <strong>Hora:<\/strong> 10:30<br \/>\n  <strong>Local:<\/strong> https:\/\/meet.google.com\/bqf-iqgf-hui\n<\/div>\n<div class=\"defesa\">\n  <strong>Expandindo um Framework de An\u00e1lise de Sentimento em Portugu\u00eas para o N\u00edvel de Aspecto<\/strong><br \/>\n  por Alejandro Tomas Reyes Alberoni<br \/>\n  Curso: Ci\u00eancia da Computa\u00e7\u00e3o<\/p>\n<p>  <strong>Banca:<\/strong><br \/>\n  Prof. Dr. Ulisses Brisolara Corr\u00eaa (orientador(a))<br \/>\n  Profa. Dra. Larissa Astrogildo de Freitas (coorientador(a))<br \/>\n  Msc. Marilia Rosa Silva<br \/>\n  Bsc. Guilherme Dallmann Lima<br \/>\n  Prof. Dr. Tiago Thompsen Primo<\/p>\n<p>  <strong>Data:<\/strong> 24\/03\/2025<br \/>\n  <strong>Hora:<\/strong> 16:00<br \/>\n  <strong>Local:<\/strong> https:\/\/meet.google.com\/uzf-pnre-viz\n<\/div>\n<div class=\"defesa\">\n  <strong>Tramas Virtuais: Um Simulador para o Aprendizado de Croch\u00ea<\/strong><br \/>\n  por Anna Gabriele Marques de Oliveira<br \/>\n  Curso: Ci\u00eancia da Computa\u00e7\u00e3o<\/p>\n<p>  <strong>Banca:<\/strong><br \/>\n  Prof. Dr. Rafael Piccin Torchelsen (orientador(a))<br \/>\n  Profa. Dra. Aline Menin<br \/>\n  Profa. Dra. Tatiana Aires Tavares<\/p>\n<p>  <strong>Data:<\/strong> 21\/03\/2025<br \/>\n  <strong>Hora:<\/strong> 09:00<br \/>\n  <strong>Local:<\/strong> Sala 328\n<\/div>\n<div class=\"defesa\">\n  <strong>Extens\u00e3o da biblioteca Qiskit: Integra\u00e7\u00e3o da L\u00f3gica Fuzzy na Computa\u00e7\u00e3o Qu\u00e2ntica<\/strong><br \/>\n  por Cecilia Silva da Costa Botelho<br \/>\n  Curso: Ci\u00eancia da Computa\u00e7\u00e3o<\/p>\n<p>  <strong>Banca:<\/strong><br \/>\n  Profa. Dra. Renata Hax Sander Reiser (orientador(a))<br \/>\n  Profa. Dra. Helida Salles (coorientador(a))<br \/>\n  Prof. Dr. Adenauer Correa Yamin<br \/>\n  Prof. Dr. Giancarlo Lucca<\/p>\n<p>  <strong>Data:<\/strong> 19\/03\/2025<br \/>\n  <strong>Hora:<\/strong> 13:30<br \/>\n  <strong>Local:<\/strong> Sala 328 (sala de reuni\u00f5es)\n<\/div>\n<div class=\"defesa\">\n  <strong>An\u00e1lise e Detec\u00e7\u00e3o de Sentimentos Depressivos em Textos do Reddit<\/strong><br \/>\n  por Diulia Justin Deon<br \/>\n  Curso: Ci\u00eancia da Computa\u00e7\u00e3o<\/p>\n<p>  <strong>Banca:<\/strong><br \/>\n  Profa. Dra. Brenda Salenave Santana (orientador(a))<br \/>\n  Profa. Dra. Larissa Astrogildo de Freitas (coorientador(a))<br \/>\n  Prof. Dr. Leandro Krug Wives<br \/>\n  Prof. Dr. Marilton Sanchotene de Aguiar<\/p>\n<p>  <strong>Data:<\/strong> 17\/03\/2025<br \/>\n  <strong>Hora:<\/strong> 15:00<br \/>\n  <strong>Local:<\/strong> Sala 328\n<\/div>\n<div class=\"defesa\">\n  <strong>Testes de Usabilidade e Desempenho em Softwares Web e Jogos Digitais: Uma An\u00e1lise Comparativa<\/strong><br \/>\n  por Gabriele da Silva Lucas<br \/>\n  Curso: Ci\u00eancia da Computa\u00e7\u00e3o<\/p>\n<p>  <strong>Banca:<\/strong><br \/>\n  Prof. Dr. Rafael Piccin Torchelsen (orientador(a))<br \/>\n  Profa. Dra. Lisane Brisolara de Brisolara<br \/>\n  Profa. Dra. Tatiana Aires Tavares<\/p>\n<p>  <strong>Data:<\/strong> 20\/03\/2025<br \/>\n  <strong>Hora:<\/strong> 10:00<br \/>\n  <strong>Local:<\/strong> Sala 328\n<\/div>\n<div class=\"defesa\">\n  <strong>Implementa\u00e7\u00e3o de um algoritmo eficiente de cifragem baseado em um mapa ca\u00f3tico discreto para microcontroladores<\/strong><br \/>\n  por Gustavo da Silva Machado<br \/>\n  Curso: Engenharia de Computa\u00e7\u00e3o<\/p>\n<p>  <strong>Banca:<\/strong><br \/>\n  Prof. Dr. Rafael Iankowski Soares (orientador(a))<br \/>\n  Msc. Jo\u00e3o In\u00e1cio Moreira Bezerra (coorientador(a))<br \/>\n  Prof. Dr. Vinicius Valduga (coorientador(a))<br \/>\n  Prof. Dr. Julio Carlos Balzano de Mattos<br \/>\n  Msc. Yuri Silva Vaz<\/p>\n<p>  <strong>Data:<\/strong> 27\/03\/2025<br \/>\n  <strong>Hora:<\/strong> 09:02<br \/>\n  <strong>Local:<\/strong>\n<\/div>\n<div class=\"defesa\">\n  <strong>Desenvolvimento de um ambiente para processamento paralelo e distribu\u00eddo em cont\u00eaineres<\/strong><br \/>\n  por Hector Hudson Diniz Fernandes<br \/>\n  Curso: Ci\u00eancia da Computa\u00e7\u00e3o<\/p>\n<p>  <strong>Banca:<\/strong><br \/>\n  Prof. Dr. Rafael Burlamaqui Amaral (orientador(a))<br \/>\n  Prof. Dr. Gerson Geraldo Homrich Cavalheiro<br \/>\n  Prof. Dr. Guilherme Ribeiro Corr\u00eaa<\/p>\n<p>  <strong>Data:<\/strong> 25\/03\/2025<br \/>\n  <strong>Hora:<\/strong> 10:00<br \/>\n  <strong>Local:<\/strong> Lab2\n<\/div>\n<div class=\"defesa\">\n  <strong>VideoLearnAI: LLM Powered Web Application para aprendizagem ativa com v\u00eddeos do Youtube<\/strong><br \/>\n  por Kevin Castro Weitgenant<br \/>\n  Curso: Engenharia de Computa\u00e7\u00e3o<\/p>\n<p>  <strong>Banca:<\/strong><br \/>\n  Prof. Dr. Tiago Thompsen Primo (orientador(a))<br \/>\n  Prof. Dr. Marilton Sanchotene de Aguiar (coorientador(a))<br \/>\n  Prof. Dr. Felipe de Souza Marques<br \/>\n  Prof. Dr. Emanuel Marques Queiroga<\/p>\n<p>  <strong>Data:<\/strong> 19\/03\/2025<br \/>\n  <strong>Hora:<\/strong> 14:00<br \/>\n  <strong>Local:<\/strong> https:\/\/meet.google.com\/wmh-egfw-ywd?hs=224\n<\/div>\n<div class=\"defesa\">\n  <strong>Rust, Go e OpenMP: Um Estudo Comparativo em Programa\u00e7\u00e3o Concorrente e Paralela<\/strong><br \/>\n  por Lucas Braatz Araujo<br \/>\n  Curso: Ci\u00eancia da Computa\u00e7\u00e3o<\/p>\n<p>  <strong>Banca:<\/strong><br \/>\n  Prof. Dr. Gerson Geraldo Homrich Cavalheiro (orientador(a))<br \/>\n  Prof. Dr. Andr\u00e9 Rauber Du Bois<br \/>\n  Prof. Dr. Daniel Di Domenico<br \/>\n  Prof. Msc. Fernando Puntel<\/p>\n<p>  <strong>Data:<\/strong> 21\/03\/2025<br \/>\n  <strong>Hora:<\/strong> 10:00<br \/>\n  <strong>Local:<\/strong> https:\/\/meet.google.com\/azx-dhxk-wsp\n<\/div>\n<div class=\"defesa\">\n  <strong>Desenvolvimento de Jogos Digitais em Mesas Tang\u00edveis: Uma An\u00e1lise das Ferramentas Utilizadas em &#8220;Uma Aventura no Espa\u00e7o&#8221;<\/strong><br \/>\n  por Luize Vargas Abreu<br \/>\n  Curso: Ci\u00eancia da Computa\u00e7\u00e3o<\/p>\n<p>  <strong>Banca:<\/strong><br \/>\n  Profa. Dra. Tatiana Aires Tavares (orientador(a))<br \/>\n  Profa. Dra. Luciana Foss (coorientador(a))<br \/>\n  Prof. Dr. Leomar Soares da Rosa J\u00fanior<br \/>\n  Profa. Dra. Adriane Borda Almeida da Silva<br \/>\n  Prof. Dr. Vinicius Kruger da Costa<\/p>\n<p>  <strong>Data:<\/strong> 24\/03\/2025<br \/>\n  <strong>Hora:<\/strong> 08:00<br \/>\n  <strong>Local:<\/strong> https:\/\/meet.google.com\/mvw-iove-wtz\n<\/div>\n<div class=\"defesa\">\n  <strong>Implementa\u00e7\u00e3o de um Plano de Testes Focado em Funcionalidades para o Portal ReaCloud<\/strong><br \/>\n  por Maria Eduarda Nebel Carmona<br \/>\n  Curso: Engenharia de Computa\u00e7\u00e3o<\/p>\n<p>  <strong>Banca:<\/strong><br \/>\n  Prof. Dr. Tiago Thompsen Primo (orientador(a))<br \/>\n  Profa. Dra. Tatiana Aires Tavares (coorientador(a))<br \/>\n  Profa. Dra. Ana Marilza Pernas Fleischmann<br \/>\n  Dr. Dirceu Maraschin Junior<\/p>\n<p>  <strong>Data:<\/strong> 19\/03\/2025<br \/>\n  <strong>Hora:<\/strong> 09:00<br \/>\n  <strong>Local:<\/strong> https:\/\/meet.google.com\/khu-mcgn-smu\n<\/div>\n<div class=\"defesa\">\n  <strong>Autentica\u00e7\u00e3o e Registro de V\u00eddeos em blockchain: Uma Abordagem Baseada em hashing e Impress\u00f5es Digitais<\/strong><br \/>\n  por Mateus Cordova da Silva Santos<br \/>\n  Curso: Ci\u00eancia da Computa\u00e7\u00e3o<\/p>\n<p>  <strong>Banca:<\/strong><br \/>\n  Prof. Dr. Marilton Sanchotene de Aguiar (orientador(a))<br \/>\n  Prof. Dr. Guilherme Ribeiro Corr\u00eaa<br \/>\n  Prof. Dr. Rafael Burlamaqui Amaral<br \/>\n  Prof. Dr. Bruno Zatt<\/p>\n<p>  <strong>Data:<\/strong> 25\/03\/2025<br \/>\n  <strong>Hora:<\/strong> 13:30<br \/>\n  <strong>Local:<\/strong> https:\/\/meet.google.com\/fvr-azws-svt\n<\/div>\n<div class=\"defesa\">\n  <strong>Pixelat3D: Um Shader 3D para Cenas Estilizadas com Est\u00e9tica de Pixel Art<\/strong><br \/>\n  por Naomi Celestino Ribes<br \/>\n  Curso: Ci\u00eancia da Computa\u00e7\u00e3o<\/p>\n<p>  <strong>Banca:<\/strong><br \/>\n  Prof. Dr. Rafael Piccin Torchelsen (orientador(a))<br \/>\n  Prof. Dr. Anderson Maciel<br \/>\n  Prof. Dr. Marilton Sanchotene de Aguiar<\/p>\n<p>  <strong>Data:<\/strong> 20\/03\/2025<br \/>\n  <strong>Hora:<\/strong> 08:00<br \/>\n  <strong>Local:<\/strong> Sala 328 (sala de reuni\u00f5es)\n<\/div>\n<div class=\"defesa\">\n  <strong>Cataloga\u00e7\u00e3o e An\u00e1lise dos Recursos de Sarcasmo e Ironia Dispon\u00edveis na Literatura<\/strong><br \/>\n  por Ricardo Coutinho Cordeiro<br \/>\n  Curso: Ci\u00eancia da Computa\u00e7\u00e3o<\/p>\n<p>  <strong>Banca:<\/strong><br \/>\n  Profa. Dra. Brenda Salenave Santana (orientador(a))<br \/>\n  Profa. Dra. Larissa Astrogildo de Freitas (coorientador(a))<br \/>\n  Prof. Dr. Ulisses Brisolara Corr\u00eaa<br \/>\n  Bsc. Guilherme Dallmann Lima<\/p>\n<p>  <strong>Data:<\/strong> 19\/03\/2025<br \/>\n  <strong>Hora:<\/strong> 10:00<br \/>\n  <strong>Local:<\/strong> https:\/\/meet.google.com\/eum-amwh-bvh\n<\/div>\n<div class=\"defesa\">\n  <strong>Rotas UFPel: Solu\u00e7\u00e3o Web App para o monitoramento em tempo real da geolocaliza\u00e7\u00e3o dos \u00f4nibus de apoio da UFPel<\/strong><br \/>\n  por Willian do Espirito Santo Rodrigues<br \/>\n  Curso: Engenharia de Computa\u00e7\u00e3o<\/p>\n<p>  <strong>Banca:<\/strong><br \/>\n  Prof. Dr. Leomar Soares da Rosa J\u00fanior (orientador(a))<br \/>\n  Me. Laura Quevedo Jurgina (coorientador(a))<br \/>\n  Profa. Dra. Tatiana Aires Tavares<br \/>\n  Me. Milena Rota Sena Marques<\/p>\n<p>  <strong>Data:<\/strong> 20\/03\/2025<br \/>\n  <strong>Hora:<\/strong> 13:30<br \/>\n  <strong>Local:<\/strong> Sala 328\n<\/div>\n<p><\/p>\n","protected":false},"excerpt":{"rendered":"<p>An\u00e1lise Comparativa entre Redes Neurais Convolucionais e Abordagem Baseada em Perguntas na Determina\u00e7\u00e3o de Orienta\u00e7\u00e3o de Sentimento por Arthur Vargas Teles Curso: Engenharia de Computa\u00e7\u00e3o Banca: Prof. Dr. Ulisses Brisolara Corr\u00eaa (orientador(a)) Msc. Alexandre Bender Thurow (coorientador(a)) Msc. Gabriel Almeida Gomes Prof. Dr. Tiago Thompsen Primo Data: 21\/03\/2025 Hora: 10:30 Local: https:\/\/meet.google.com\/bqf-iqgf-hui Expandindo um Framework [&hellip;]<\/p>\n","protected":false},"author":800,"featured_media":0,"parent":0,"menu_order":0,"comment_status":"closed","ping_status":"closed","template":"","meta":{"footnotes":""},"class_list":["post-1568","page","type-page","status-publish","hentry"],"_links":{"self":[{"href":"https:\/\/wp.ufpel.edu.br\/notcc\/wp-json\/wp\/v2\/pages\/1568","targetHints":{"allow":["GET"]}}],"collection":[{"href":"https:\/\/wp.ufpel.edu.br\/notcc\/wp-json\/wp\/v2\/pages"}],"about":[{"href":"https:\/\/wp.ufpel.edu.br\/notcc\/wp-json\/wp\/v2\/types\/page"}],"author":[{"embeddable":true,"href":"https:\/\/wp.ufpel.edu.br\/notcc\/wp-json\/wp\/v2\/users\/800"}],"replies":[{"embeddable":true,"href":"https:\/\/wp.ufpel.edu.br\/notcc\/wp-json\/wp\/v2\/comments?post=1568"}],"version-history":[{"count":1,"href":"https:\/\/wp.ufpel.edu.br\/notcc\/wp-json\/wp\/v2\/pages\/1568\/revisions"}],"predecessor-version":[{"id":1570,"href":"https:\/\/wp.ufpel.edu.br\/notcc\/wp-json\/wp\/v2\/pages\/1568\/revisions\/1570"}],"wp:attachment":[{"href":"https:\/\/wp.ufpel.edu.br\/notcc\/wp-json\/wp\/v2\/media?parent=1568"}],"curies":[{"name":"wp","href":"https:\/\/api.w.org\/{rel}","templated":true}]}}