{"id":1532,"date":"2025-10-22T17:24:35","date_gmt":"2025-10-22T20:24:35","guid":{"rendered":"https:\/\/wp.ufpel.edu.br\/notcc\/?page_id=1532"},"modified":"2025-11-27T11:04:02","modified_gmt":"2025-11-27T14:04:02","slug":"propostas-2025-2","status":"publish","type":"page","link":"https:\/\/wp.ufpel.edu.br\/notcc\/propostas\/avaliacoes\/propostas-2025-2\/","title":{"rendered":"Propostas 2025\/2"},"content":{"rendered":"<h2>Avaliadores<\/h2>\n<ul>\n<li>Ana Pernas \u2013 marilza@inf.ufpel.edu.br<\/li>\n<li>Anderson Ferrugem \u2013 ferrugem@inf.ufpel.edu.br<\/li>\n<li>Bernardo Schwedersky \u2013 bernardo.schwedersky@inf.ufpel.edu.br<\/li>\n<li>Brenda Santana &#8211; bssalenave@inf.ufpel.edu.br<\/li>\n<li>Felipe Marques \u2013 felipem@inf.ufpel.edu.br<\/li>\n<li>Gerson Cavalheiro \u2013 gerson.cavalheiro@inf.ufpel.edu.br<\/li>\n<li>Guilherme Correa \u2013 gcorrea@inf.ufpel.edu.br<\/li>\n<li>Leomar Rosa Jr. \u2013 leomarjr@inf.ufpel.edu.br<\/li>\n<li>Lisane Brisolara -lisane@inf.ufpel.edu.br<\/li>\n<li>Luciana Foss -lfoss@inf.ufpel.edu.br<\/li>\n<li>Marilton Sanchotene de Aguiar \u2013 marilton@inf.ufpel.edu.br<\/li>\n<li>M\u00edriam Born \u2013\u00a0 mbborn@inf.ufpel.edu.br<\/li>\n<li>Paulo R. Ferreira jr. &#8211; paulo.ferreira@inf.ufpel.edu.br<\/li>\n<li>Rafael Iankowski Soares \u2013 rafael.soares@inf.ufpel.edu.br<\/li>\n<li>Rafael Piccin Torchelsen \u2013 rafael.torchelsen@inf.ufpel.edu.br<\/li>\n<li>Renata Hax Sander Reiser \u2013 reiser@inf.ufpel.edu.br<\/li>\n<li>Simone Costa \u2013 simone.costa@inf.ufpel.edu.br<\/li>\n<\/ul>\n<h2><strong>Propostas \u2013 Calend\u00e1rio\u00a0<\/strong><strong>Acad\u00eamico\u00a0<\/strong><strong>2025<\/strong><\/h2>\n<table style=\"width: 978px; height: 3961px;\" width=\"1891\">\n<tbody>\n<tr style=\"height: 24px;\">\n<td style=\"width: 263px; height: 24px;\"><strong>Proposta<\/strong><\/td>\n<td style=\"width: 197px; height: 24px;\"><strong>Revisores<\/strong><\/td>\n<\/tr>\n<tr style=\"height: 96px;\">\n<td style=\"width: 263px; height: 96px;\">Mem\u00f3ria afetiva e cognitiva na humaniza\u00e7\u00e3o de NPCs (Non-Player Character): um modelo de compreens\u00e3o emocional em intera\u00e7\u00f5es jogador\u2013personagem. Marcos Alves<\/td>\n<td style=\"width: 197px; height: 96px;\">\n<p>Marilton de Aguiar<\/p>\n<p>Rafael Torchelsen<\/td>\n<\/tr>\n<tr style=\"height: 92px;\">\n<td style=\"width: 263px; height: 92px;\">Get Slow: O uso de jogos digitais como estrat\u00e9gia de suporte para manejo de crises ansiosas e depressivas. Jo\u00e3o Carrett<\/td>\n<td style=\"width: 197px; height: 92px;\">\n<p>Marilton de Aguiar<\/p>\n<p>Rafael Torchelsen<\/td>\n<\/tr>\n<tr style=\"height: 92px;\">\n<td style=\"width: 263px; height: 92px;\">Detec\u00e7\u00e3o de Imagens Sint\u00e9ticas Geradas por GANs: Uma Abordagem Baseada em Artefatos. Manoela de Moura<\/td>\n<td style=\"width: 197px; height: 92px;\">\n<p>Marilton de Aguiar<\/p>\n<p>Rafael Torchelsen<\/td>\n<\/tr>\n<tr style=\"height: 92px;\">\n<td style=\"width: 263px; height: 92px;\">Mural Digital: Uma Plataforma Institucional para Sinaliza\u00e7\u00e3o Digital e Gerenciamento de M\u00eddias. Thiago Piccoli<\/td>\n<td style=\"width: 197px; height: 92px;\">\n<p>Luciano Agostini<\/p>\n<p>Rafael Soares<\/td>\n<\/tr>\n<tr style=\"height: 92px;\">\n<td style=\"width: 263px; height: 92px;\">An\u00e1lise Comparativa de Grandes Modelos de Linguagem de prop\u00f3sito geral e baseados em RAG na gera\u00e7\u00e3o de c\u00f3digo. Bernardo Beling<\/td>\n<td style=\"width: 197px; height: 92px;\">\n<p>Luciano Agostini<\/p>\n<p>Simone Cavalheiro<\/td>\n<\/tr>\n<tr style=\"height: 92px;\">\n<td style=\"width: 263px; height: 92px;\">A Intelig\u00eancia Artificial na Ciberseguran\u00e7a: Mapeamento de Ferramentas e o Impacto na Atua\u00e7\u00e3o Profissional em SOCs. Valtair Souza<\/td>\n<td style=\"width: 197px; height: 92px;\">\n<p>Luciano Agostini<\/p>\n<p>Marcelo Porto<\/td>\n<\/tr>\n<tr style=\"height: 92px;\">\n<td style=\"width: 263px; height: 92px;\">Avalia\u00e7\u00e3o de Efici\u00eancia e Escalabilidade de Programas Paralelos em CUDA, PolyHok e Numba. Daniel Pereira<\/td>\n<td style=\"width: 197px; height: 92px;\">\n<p>Marcelo Porto<\/p>\n<p>Rafael Soares<\/td>\n<\/tr>\n<tr style=\"height: 92px;\">\n<td style=\"width: 263px; height: 92px;\">Redu\u00e7\u00e3o do Custo Computacional da Predi\u00e7\u00e3o Intra-Quadro do Codificador AV1 Utilizando Aprendizado de M\u00e1quina. Leonardo Braga<\/td>\n<td style=\"width: 197px; height: 92px;\">\n<p>Guilherme Correa<\/p>\n<p>Rafael Soares<\/td>\n<\/tr>\n<tr style=\"height: 92px;\">\n<td style=\"width: 263px; height: 92px;\">Projeto e Otimiza\u00e7\u00e3o de Hardware para M\u00f3dulos-Chave em Codecs de V\u00eddeo Neurais. Vanessa Aldrighi<\/td>\n<td style=\"width: 197px; height: 92px;\">\n<p>Anderson Ferrugem<\/p>\n<p>Guilherme Correa<\/td>\n<\/tr>\n<tr style=\"height: 92px;\">\n<td style=\"width: 263px; height: 92px;\">Desenvolvimento de um Honeypot para Coleta e An\u00e1lise de Amea\u00e7as em Dispositivos IoT. Jo\u00e3o Vitor Laimer<\/td>\n<td style=\"width: 197px; height: 92px;\">\n<p>Anderson Ferrugem<\/p>\n<p>Guilherme Correa<\/td>\n<\/tr>\n<tr style=\"height: 92px;\">\n<td style=\"width: 263px; height: 92px;\">Uso de Agentes Generativos como Ferramenta de Suporte \u00e0 Decis\u00e3o no Varejo. Bernardo Ferr\u00e3o<\/td>\n<td style=\"width: 197px; height: 92px;\">\n<p>Anderson Ferrugem<\/p>\n<p>Lisane Brisolara<\/td>\n<\/tr>\n<tr style=\"height: 92px;\">\n<td style=\"width: 263px; height: 92px;\">Uso de aprendizado por refor\u00e7o em controle de pr\u00e9dios inteligentes. Gustavo Nygaard<\/td>\n<td style=\"width: 197px; height: 92px;\">\n<p>Gerson Cavalheiro<\/p>\n<p>Lisane Brisolara<\/td>\n<\/tr>\n<tr style=\"height: 92px;\">\n<td style=\"width: 263px; height: 92px;\">Efeitos de Variabilidade em Dispositivos e Circuitos CMOS: uma Revis\u00e3o Bibliogr\u00e1fica. Ana Am\u00e9lia Traversi<\/td>\n<td style=\"width: 197px; height: 92px;\">\n<p>Gerson Cavalheiro<\/p>\n<p>Lisane Brisolara<\/td>\n<\/tr>\n<tr style=\"height: 92px;\">\n<td style=\"width: 263px; height: 92px;\">Uma Abordagem Baseada em Sistemas Multiagente para a Simula\u00e7\u00e3o de Produ\u00e7\u00f5es Cinematogr\u00e1ficas. Rafael Boeira<\/td>\n<td style=\"width: 197px; height: 92px;\">\n<p>Gerson Cavalheiro<\/p>\n<p>Renata Reiser<\/td>\n<\/tr>\n<tr style=\"height: 96px;\">\n<td style=\"width: 263px; height: 96px;\">Camada de defesa contra alucina\u00e7\u00f5es em sistemas RAG (Retrieval-Augmented Generation) utilizando verifica\u00e7\u00e3o cruzada entre m\u00faltiplos modelos de linguagem (LLMs). Daniel Barretos<\/td>\n<td style=\"width: 197px; height: 96px;\">\n<p>Luciana Foss<\/p>\n<p>Renata Reiser<\/td>\n<\/tr>\n<tr style=\"height: 92px;\">\n<td style=\"width: 263px; height: 92px;\">Reconhecimento de Libras Aplicado \u00e0 Cria\u00e7\u00e3o Assistida de Livros H\u00edbridos Acess\u00edveis. Lucas da Silva<\/td>\n<td style=\"width: 197px; height: 92px;\">\n<p>Luciana Foss<\/p>\n<p>Renata Reiser<\/td>\n<\/tr>\n<tr style=\"height: 92px;\">\n<td style=\"width: 263px; height: 92px;\">Sistema para Monitoramento de Lota\u00e7\u00e3o e Rastreamento da Frota de \u00d4nibus Universit\u00e1rios. Arthur Oliveira<\/td>\n<td style=\"width: 197px; height: 92px;\">\n<p>J\u00falio Mattos<\/p>\n<p>Luciana Foss<\/td>\n<\/tr>\n<tr style=\"height: 92px;\">\n<td style=\"width: 263px; height: 92px;\">Modelagem e Simula\u00e7\u00e3o de Elei\u00e7\u00f5es Pol\u00edticas Utilizando um Sistema Multiagente. Pedro Silva da Rosa<\/td>\n<td style=\"width: 197px; height: 92px;\">\n<p>Bernardo Schwedersky<\/p>\n<p>Larissa Freitas<\/td>\n<\/tr>\n<tr style=\"height: 92px;\">\n<td style=\"width: 263px; height: 92px;\">Mapeamento 2D de Ambientes Internos e Otimiza\u00e7\u00e3o de Navega\u00e7\u00e3o:\u00a0 Implementa\u00e7\u00e3o de SLAM com sensores TOF. Victor Rafael Santos<\/td>\n<td style=\"width: 197px; height: 92px;\">\n<p>Felipe Marques<\/p>\n<p>Paulo R Ferreira Jr<\/td>\n<\/tr>\n<tr style=\"height: 92px;\">\n<td style=\"width: 263px; height: 92px;\">Modelos de Aprendizado Profundo Aplicados \u00e0 Identifica\u00e7\u00e3o de Deepfakes em V\u00eddeo. Samuel Starke<\/td>\n<td style=\"width: 197px; height: 92px;\">\n<p>Bernardo Schwedersky<\/p>\n<p>Larissa Freitas<\/td>\n<\/tr>\n<tr style=\"height: 92px;\">\n<td style=\"width: 263px; height: 92px;\">Desenvolvimento de um Sistema Distribu\u00eddo (Web e Local) para Monitoramento e Gest\u00e3o de Laborat\u00f3rios de Pesquisa. Gabriel Weiand<\/td>\n<td style=\"width: 197px; height: 92px;\">\n<p>Ana Marilza Pernas Fleischmann<\/p>\n<p>Felipe Marques<\/td>\n<\/tr>\n<tr style=\"height: 96px;\">\n<td style=\"width: 263px; height: 96px;\">Aplica\u00e7\u00e3o de Redes Adversariais Generativas na Gera\u00e7\u00e3o Procedural de Ambientes Tridimensionais Coerentes e Funcionais em Jogos Digitais. Luis Rasch<\/td>\n<td style=\"width: 197px; height: 96px;\">\n<p>Ana Marilza Pernas Fleischmann<\/p>\n<p>Felipe Marques<\/td>\n<\/tr>\n<tr style=\"height: 92px;\">\n<td style=\"width: 263px; height: 92px;\">Explora\u00e7\u00e3o da Trasformada Wavelet Daubechies 2 Aproximada para Detec\u00e7\u00e3o de Picos em Eletrocardiogramas. Rodrigo Lopes<\/td>\n<td style=\"width: 197px; height: 92px;\">\n<p>Ana Marilza Pernas Fleischmann<\/p>\n<p>Leomar da Rosa Jr<\/td>\n<\/tr>\n<tr style=\"height: 24px;\">\n<td style=\"width: 263px; height: 24px;\">Ferramenta de gera\u00e7\u00e3o procedural de pistas de corrida utilizando Sketching. Lucas Aniceto<\/td>\n<td style=\"width: 197px; height: 24px;\">Leomar da Rosa Jr<\/td>\n<\/tr>\n<tr style=\"height: 72px;\">\n<td style=\"width: 263px; height: 72px;\">Plataforma H\u00edbrida de Instrumenta\u00e7\u00e3o para Biosinais: Redu\u00e7\u00e3o de Ru\u00eddo com Hardware de Precis\u00e3o e Intelig\u00eancia Artificial. Gerson Menezes<\/td>\n<td style=\"width: 197px; height: 72px;\">Leomar da Rosa Jr<\/td>\n<\/tr>\n<tr style=\"height: 96px;\">\n<td style=\"width: 263px; height: 96px;\">Desenvolvimento de Tra\u00e7ador de Curva I-V Utilizando o M\u00e9todo da Carga Eletr\u00f4nica Para a Leitura e Caracteriza\u00e7\u00e3o de Pain\u00e9is Fotovoltaicos. Wellington Machado<\/td>\n<td style=\"width: 197px; height: 96px;\">M\u00edriam\u00a0 Born<\/td>\n<\/tr>\n<tr style=\"height: 92px;\">\n<td style=\"width: 263px; height: 92px;\">Intelig\u00eancia Artificial para o monitoramento ambiental utilizando imagens de drone. Gustavo Reginatto<\/td>\n<td style=\"width: 197px; height: 92px;\">\n<p>J\u00falio Mattos<\/p>\n<p>M\u00edriam\u00a0 Born<\/td>\n<\/tr>\n<tr style=\"height: 96px;\">\n<td style=\"width: 263px; height: 96px;\">Ferramenta de P\u00f3s-Processamento para Automa\u00e7\u00e3o de Etapas no Fluxo de\u00a0 Projeto de Circuitos Integrados Utilizando o Switchcraft. Josu\u00e9 Paiva<\/td>\n<td style=\"width: 197px; height: 96px;\">\n<p>J\u00falio Mattos<\/p>\n<p>M\u00edriam\u00a0 Born<\/td>\n<\/tr>\n<tr style=\"height: 96px;\">\n<td style=\"width: 263px; height: 96px;\">Aplica\u00e7\u00e3o de um classificador de tumores do sistema nervoso central baseado em metila\u00e7\u00e3o do DNA utilizando o microarranjo Infinium Methylation Screening Array. Renan Pinho<\/td>\n<td style=\"width: 197px; height: 96px;\">\n<p>Brenda Santana<\/p>\n<p>J\u00falio Mattos<\/td>\n<\/tr>\n<tr style=\"height: 92px;\">\n<td style=\"width: 263px; height: 92px;\">Avalia\u00e7\u00e3o de modelos obtidos por aprendizado de m\u00e1quina para acelera\u00e7\u00e3o da transcodifica\u00e7\u00e3o de v\u00eddeo H.264\/AVC para AV1. Eduardo Rosa<\/td>\n<td style=\"width: 197px; height: 92px;\">\n<p>Brenda Santana<\/p>\n<p>Paulo R Ferreira Jr<\/td>\n<\/tr>\n<tr style=\"height: 92px;\">\n<td style=\"width: 263px; height: 92px;\">LLMs como assistentes na escolha e ado\u00e7\u00e3o de padr\u00f5es de projeto de software. Vitor Colombo<\/td>\n<td style=\"width: 197px; height: 92px;\">\n<p>Brenda Santana<\/p>\n<p>Paulo R Ferreira Jr<\/td>\n<\/tr>\n<tr style=\"height: 72px;\">\n<td style=\"width: 263px; height: 72px;\">Banco de Horas: Uma Aplica\u00e7\u00e3o Completa para Gerenciamento de Horas Complementares no Contexto Acad\u00eamico. Leandro De Togni<\/td>\n<td style=\"width: 197px; height: 72px;\">Paulo R Ferreira Jr<\/td>\n<\/tr>\n<tr style=\"height: 72px;\">\n<td style=\"width: 263px; height: 72px;\">Otimiza\u00e7\u00e3o de Sistemas RAG com Chunking Estrutural para Suporte a Inspe\u00e7\u00f5es Energ\u00e9ticas em Edifica\u00e7\u00f5es. P\u00e2mela dos Santos<\/td>\n<td style=\"width: 197px; height: 72px;\">Simone Cavalheiro<\/td>\n<\/tr>\n<tr style=\"height: 96px;\">\n<td style=\"width: 263px; height: 96px;\">Execu\u00e7\u00e3o eficiente de redes neurais convolucionais para detec\u00e7\u00e3o e segmenta\u00e7\u00e3o de les\u00f5es retinianas relativas a retinopatia diab\u00e9tica em HW. Isadora Dias<\/td>\n<td style=\"width: 197px; height: 96px;\">Simone Cavalheiro<\/td>\n<\/tr>\n<tr style=\"height: 96px;\">\n<td style=\"width: 263px; height: 96px;\">Uma Abordagem End-to-End para Predi\u00e7\u00e3o de Qu\u00e1druplas de An\u00e1lise de Sentimento Baseada em Aspectos em Portugu\u00eas com Aumento de Dados. Gustavo Estivalet<\/td>\n<td style=\"width: 197px; height: 96px;\">\n<p>Marilton de Aguiar<\/p>\n<p>Simone Cavalheiro<\/td>\n<\/tr>\n<tr style=\"height: 96px;\">\n<td style=\"width: 263px; height: 96px;\">Gabriel Moura de Sousa Guilherme Estudo comparativo entre os modelos de atores das linguagens de programa\u00e7\u00e3o Elixir e Scala. Gabriel de Sousa Guilherme<\/td>\n<td style=\"width: 197px; height: 96px;\">\n<p>Marcelo Porto<\/p>\n<p>Rafael Torchelsen<\/td>\n<\/tr>\n<tr style=\"height: 96px;\">\n<td style=\"width: 263px; height: 96px;\">Inova\u00e7\u00e3o Tecnol\u00f3gica na Transi\u00e7\u00e3o do Cuidado: Um Modelo Preditivo para a Identifica\u00e7\u00e3o de Risco de Readmiss\u00e3o Hospitalar. Felipe Leonardo Santana<\/td>\n<td style=\"width: 197px; height: 96px;\">\n<p>Luciano Agostini<\/p>\n<p>Rafael Soares<\/td>\n<\/tr>\n<tr style=\"height: 96px;\">\n<td style=\"width: 263px; height: 96px;\">Implementa\u00e7\u00e3o de uma Unidade L\u00f3gica e Aritm\u00e9tica (ULA) em tecnologia CMOS de 45 nan\u00f4metros como estudo do fluxo de concep\u00e7\u00e3o de circuitos integrados. Mathias Ezequiel Milbrath<\/td>\n<td style=\"width: 197px; height: 96px;\">\n<p>Anderson Ferrugem<\/p>\n<p>Guilherme Correa<\/td>\n<\/tr>\n<tr style=\"height: 96px;\">\n<td style=\"width: 263px; height: 96px;\">Tecnologia como Guardi\u00e3 da Mem\u00f3ria: Uma Ferramenta de Aux\u00edlio \u00e0 Preserva\u00e7\u00e3o Digital de Documentos do Arquivo Geral da Prefeitura de Pelotas. Thomas Viatroski<\/td>\n<td style=\"width: 197px; height: 96px;\">\n<p>Gerson Cavalheiro<\/p>\n<p>Lisane Brisolara<\/td>\n<\/tr>\n<tr style=\"height: 92px;\">\n<td style=\"width: 263px; height: 92px;\">Avalia\u00e7\u00e3o de Seguran\u00e7a em CAPTCHAs: Uma Abordagem Experimental com\u00a0 T\u00e9cnicas de Web Scraping e IA. Edmilson Batista<\/td>\n<td style=\"width: 197px; height: 92px;\">\n<p>Luciana Foss<\/p>\n<p>Renata Reiser<\/td>\n<\/tr>\n<tr style=\"height: 92px;\">\n<td style=\"width: 263px; height: 92px;\">Sistema Web para Registro de Presen\u00e7a Acad\u00eamica com Autentica\u00e7\u00e3o via QR Code. Yago\u00a0 Pintos<\/td>\n<td style=\"width: 197px; height: 92px;\">\n<p>Bernardo Schwedersky<\/p>\n<p>Larissa Freitas<\/td>\n<\/tr>\n<tr style=\"height: 92px;\">\n<td style=\"width: 263px; height: 92px;\">Middleware de Infer\u00eancia para Servidores Locais de LLMs: Estrat\u00e9gias de Batching e Otimiza\u00e7\u00e3o de Concorr\u00eancia. Luciano Heling<\/td>\n<td style=\"width: 197px; height: 92px;\">\n<p>Ana Marilza Pernas Fleischmann<\/p>\n<p>Felipe Marques<\/td>\n<\/tr>\n<\/tbody>\n<\/table>\n<p>&nbsp;<\/p>\n","protected":false},"excerpt":{"rendered":"<p>Avaliadores Ana Pernas \u2013 marilza@inf.ufpel.edu.br Anderson Ferrugem \u2013 ferrugem@inf.ufpel.edu.br Bernardo Schwedersky \u2013 bernardo.schwedersky@inf.ufpel.edu.br Brenda Santana &#8211; bssalenave@inf.ufpel.edu.br Felipe Marques \u2013 felipem@inf.ufpel.edu.br Gerson Cavalheiro \u2013 gerson.cavalheiro@inf.ufpel.edu.br Guilherme Correa \u2013 gcorrea@inf.ufpel.edu.br Leomar Rosa Jr. \u2013 leomarjr@inf.ufpel.edu.br Lisane Brisolara -lisane@inf.ufpel.edu.br Luciana Foss -lfoss@inf.ufpel.edu.br Marilton Sanchotene de Aguiar \u2013 marilton@inf.ufpel.edu.br M\u00edriam Born \u2013\u00a0 mbborn@inf.ufpel.edu.br Paulo R. Ferreira jr. &#8211; [&hellip;]<\/p>\n","protected":false},"author":800,"featured_media":0,"parent":31,"menu_order":0,"comment_status":"closed","ping_status":"closed","template":"","meta":{"footnotes":""},"class_list":["post-1532","page","type-page","status-publish","hentry"],"_links":{"self":[{"href":"https:\/\/wp.ufpel.edu.br\/notcc\/wp-json\/wp\/v2\/pages\/1532","targetHints":{"allow":["GET"]}}],"collection":[{"href":"https:\/\/wp.ufpel.edu.br\/notcc\/wp-json\/wp\/v2\/pages"}],"about":[{"href":"https:\/\/wp.ufpel.edu.br\/notcc\/wp-json\/wp\/v2\/types\/page"}],"author":[{"embeddable":true,"href":"https:\/\/wp.ufpel.edu.br\/notcc\/wp-json\/wp\/v2\/users\/800"}],"replies":[{"embeddable":true,"href":"https:\/\/wp.ufpel.edu.br\/notcc\/wp-json\/wp\/v2\/comments?post=1532"}],"version-history":[{"count":3,"href":"https:\/\/wp.ufpel.edu.br\/notcc\/wp-json\/wp\/v2\/pages\/1532\/revisions"}],"predecessor-version":[{"id":1556,"href":"https:\/\/wp.ufpel.edu.br\/notcc\/wp-json\/wp\/v2\/pages\/1532\/revisions\/1556"}],"up":[{"embeddable":true,"href":"https:\/\/wp.ufpel.edu.br\/notcc\/wp-json\/wp\/v2\/pages\/31"}],"wp:attachment":[{"href":"https:\/\/wp.ufpel.edu.br\/notcc\/wp-json\/wp\/v2\/media?parent=1532"}],"curies":[{"name":"wp","href":"https:\/\/api.w.org\/{rel}","templated":true}]}}